000
CXAK56 PAFG 010957
CF6OTZ
PRELIMINARY LOCAL CLIMATOLOGICAL DATA (WS FORM: F-6)
STATION: KOTZEBUE AK
MONTH: MARCH
YEAR: 2023
LATITUDE: 66 52 N
LONGITUDE: 162 38 W
TEMPERATURE IN F: :PCPN: SNOW: WIND :SUNSHINE: SKY :PK WND
================================================================================
1 2 3 4 5 6A 6B 7 8 9 10 11 12 13 14 15 16 17 18
12Z AVG MX 2MIN
DY MAX MIN AVG DEP HDD CDD WTR SNW DPTH SPD SPD DIR MIN PSBL S-S WX SPD DR
================================================================================
1 10 -5 3 0 62 0 0.04 M M 14.0 32 80 M M 10 19 38 80
2 -5 -17 -11 -14 76 0 0.01 M M 21.9 29 300 M M 7 19 34 300
3 -16 -26 -21 -24 86 0 0.00 M M 10.2 21 280 M M 1 1 24 280
4 2 -26 -12 -14 77 0 0.50 M M 35.3 46 110 M M 9 1289 52 110
5 20 2 11 9 54 0 0.28 M M 38.6 41 120 M M 0 2 63 110
6 33 20 27 25 38 0 0.49 M M 26.2 36 110 M M 6 1269 72 100
7 34 26 30 28 35 0 0.06 M M 23.3 40 150 M M 8 16 48 140
8 30 -3 14 12 51 0 T M M 16.8 24 280 M M 9 19 28 290
9 2 -10 -4 -6 69 0 0.00 M M 6.9 18 280 M M 2 1 M M
10 4 -13 -4 -6 69 0 0.01 M M 9.7 18 120 M M 5 1 20 120
11 10 -6 2 0 63 0 0.09 M M 13.5 26 300 M M 8 19 32 310
12 -3 -16 -9 -11 74 0 0.00 M M 13.0 22 310 M M 0 19 25 300
13 -2 -19 -10 -12 75 0 0.00 M M 11.0 22 110 M M 3 1 26 120
14 6 -16 -5 -7 70 0 0.00 M M 12.2 24 10 M M 0 29 10
15 2 -12 -5 -7 70 0 0.00 M M 7.9 21 10 M M 0 8 23 20
16 -4 -17 -10 -12 75 0 0.00 M M 3.5 10 50 M M 0 11 360
17 -4 -19 -11 -13 76 0 T M M 1.7 7 70 M M 0 1 7 70
18 2 -19 -8 -10 73 0 0.00 M M 6.3 18 120 M M 1 22 120
19 10 -10 0 -2 65 0 0.00 M M 10.5 26 120 M M 1 1 30 120
20 26 10 18 16 47 0 0.02 M M 31.3 40 110 M M 3 129 49 110
21 25 19 22 20 43 0 0.00 M M 21.5 30 130 M M 2 1 34 130
22 21 15 18 15 47 0 0.01 M M 10.9 23 120 M M 7 1 M M
23 16 -1 8 5 57 0 0.07 M M 7.9 15 210 M M 9 1 17 220
24 7 -16 -4 -7 69 0 0.04 M M 9.1 21 270 M M 5 18 24 270
25 24 -15 5 1 60 0 M M M 30.9 49 110 M M 5 12 75 130
26 30 20 25 21 40 0 M M M 19.0 43 150 M M 5 12 49 150
27 22 -1 11 7 54 0 0.01 M M 12.9 25 240 M M 7 1 32 250
28 11 -2 5 0 60 0 0.04 M M 19.6 29 130 M M 9 129 32 130
29 20 8 14 9 51 0 0.01 M M 24.7 31 110 M M 8 19 36 100
30 24 16 20 14 45 0 0.12 M M 17.3 29 90 M M 10 1 33 90
31 16 2 9 3 56 0 T M M 6.6 17 300 M M 6 1 21 290
================================================================================
SM 373 -131 1887 0 1.80 M 494.2 M 146
================================================================================
AV 12.0 -4.2 15.9 FASTST M M 5 MAX(MPH)
MISC ----> 49 110 75 130
================================================================================
NOTES:
# LAST OF SEVERAL OCCURRENCES
COLUMN 17 PEAK WIND IN M.P.H.
PRELIMINARY LOCAL CLIMATOLOGICAL DATA (WS FORM: F-6) , PAGE 2
STATION: KOTZEBUE AK
MONTH: MARCH
YEAR: 2023
LATITUDE: 66 52 N
LONGITUDE: 162 38 W
[TEMPERATURE DATA] [PRECIPITATION DATA] SYMBOLS USED IN COLUMN 16
AVERAGE MONTHLY: 3.9 TOTAL FOR MONTH: 1.80 1 = FOG OR MIST
DPTR FM NORMAL: 1.1 DPTR FM NORMAL: 1.28 2 = FOG REDUCING VISIBILITY
HIGHEST: 34 ON 7 GRTST 24HR 1.55 ON 25-26 TO 1/4 MILE OR LESS
LOWEST: -26 ON 4, 3 3 = THUNDER
SNOW, ICE PELLETS, HAIL 4 = ICE PELLETS
TOTAL MONTH: M 5 = HAIL
GRTST 24HR M ON M 6 = FREEZING RAIN OR DRIZZLE
GRTST DEPTH: M ON M 7 = DUSTSTORM OR SANDSTORM:
VSBY 1/2 MILE OR LESS
8 = SMOKE OR HAZE
[NO. OF DAYS WITH] [WEATHER - DAYS WITH] 9 = BLOWING SNOW
X = TORNADO
MAX 32 OR BELOW: 29 0.01 INCH OR MORE: 16
MAX 90 OR ABOVE: 0 0.10 INCH OR MORE: 4
MIN 32 OR BELOW: 31 0.50 INCH OR MORE: 1
MIN 0 OR BELOW: 21 1.00 INCH OR MORE: 0
[HDD (BASE 65) ]
TOTAL THIS MO. 1887 CLEAR (SCALE 0-3) 12
DPTR FM NORMAL -41 PTCLDY (SCALE 4-7) 10
TOTAL FM JUL 1 11719 CLOUDY (SCALE 8-10) 9
DPTR FM NORMAL 129
[CDD (BASE 65) ]
TOTAL THIS MO. 0
DPTR FM NORMAL 0 [PRESSURE DATA]
TOTAL FM JAN 1 0 HIGHEST SLP M ON M
DPTR FM NORMAL 0 LOWEST SLP 28.84 ON 1
[REMARKS]
#FINAL-03-23#