000
CXAK56 PAFG 011006
CF6OTZ
PRELIMINARY LOCAL CLIMATOLOGICAL DATA (WS FORM: F-6)
STATION: KOTZEBUE AK
MONTH: MAY
YEAR: 2022
LATITUDE: 66 52 N
LONGITUDE: 162 38 W
TEMPERATURE IN F: :PCPN: SNOW: WIND :SUNSHINE: SKY :PK WND
================================================================================
1 2 3 4 5 6A 6B 7 8 9 10 11 12 13 14 15 16 17 18
12Z AVG MX 2MIN
DY MAX MIN AVG DEP HDD CDD WTR SNW DPTH SPD SPD DIR MIN PSBL S-S WX SPD DR
================================================================================
1 36 25 31 3 34 0 0.00 M M 11.2 21 340 M M 2 27 340
2 30 15 23 -6 42 0 0.00 M M 13.0 25 300 M M 3 29 300
3 27 15 21 -8 44 0 0.06 M M 13.7 22 300 M M 8 12 26 300
4 30 16 23 -7 42 0 0.00 M M 4.9 14 270 M M 0 1 17 270
5 29 14 22 -8 43 0 0.00 M M 7.0 13 270 M M 5 1 14 270
6 23 12 18 -13 47 0 0.00 M M 6.6 10 240 M M 8 1 12 260
7 32 20 26 -5 39 0 0.03 M M 12.9 24 170 M M 10 16 29 170
8 33 30 32 0 33 0 0.16 M M 13.1 26 150 M M 10 12 31 160
9 31 22 27 -5 38 0 0.02 M M 21.8 30 300 M M 9 1 36 300
10 32 13 23 -9 42 0 0.09 M M 12.4 21 140 M M 7 1 25 150
11 36 30 33 0 32 0 0.00 M M 4.9 9 220 M M 10 1 11 120
12 34 23 29 -4 36 0 0.26 M M 18.0 33 320 M M 7 1 40 320
13 30 19 25 -8 40 0 0.00 M M 17.9 30 330 M M 0 34 310
14 36 18 27 -7 38 0 0.00 M M 11.2 24 150 M M 0 1 27 130
15 42 25 34 0 31 0 0.00 M M 9.3 18 130 M M 0 8 21 130
16 37 27 32 -2 33 0 0.00 M M 11.9 17 340 M M 5 21 340
17 31 21 26 -9 39 0 0.00 M M 4.9 10 360 M M 0 12 360
18 42 20 31 -4 34 0 0.00 M M 4.9 12 210 M M 2 12 13 200
19 38 26 32 -4 33 0 0.00 M M 4.8 13 150 M M 0 18 14 160
20 50 26 38 2 27 0 0.00 M M 4.7 14 20 M M 0 17 20
21 55 35 45 9 20 0 0.00 M M 7.4 13 40 M M 0 17 20
22 50 32 41 4 24 0 0.00 M M 4.4 13 310 M M 0 8 14 310
23 45 32 39 2 26 0 0.00 M M 6.4 14 300 M M 0 18 300
24 49 27 38 1 27 0 0.00 M M 4.3 10 210 M M 0 18 11 210
25 47 30 39 1 26 0 0.00 M M 5.8 12 250 M M 0 18 14 230
26 37 29 33 -5 32 0 0.00 M M 8.3 14 290 M M 8 12 M M
27 42 26 34 -5 31 0 0.00 M M 4.0 13 270 M M 6 12 15 280
28 34 29 32 -7 33 0 0.00 M M 8.4 17 280 M M 9 12 21 280
29 34 28 31 -9 34 0 0.00 M M 14.3 20 280 M M 3 12 23 290
30 51 27 39 -1 26 0 0.00 M M 3.9 9 300 M M 0 1 13 290
31 56 36 46 6 19 0 T M M 6.5 18 130 M M 4 8 19 130
================================================================================
SM 1179 748 1045 0 0.62 M 282.8 M 116
================================================================================
AV 38.0 24.1 9.1 FASTST M M 4 MAX(MPH)
MISC ----> 33 320 40 320
================================================================================
NOTES:
# LAST OF SEVERAL OCCURRENCES
COLUMN 17 PEAK WIND IN M.P.H.
PRELIMINARY LOCAL CLIMATOLOGICAL DATA (WS FORM: F-6) , PAGE 2
STATION: KOTZEBUE AK
MONTH: MAY
YEAR: 2022
LATITUDE: 66 52 N
LONGITUDE: 162 38 W
[TEMPERATURE DATA] [PRECIPITATION DATA] SYMBOLS USED IN COLUMN 16
AVERAGE MONTHLY: 31.1 TOTAL FOR MONTH: 0.62 1 = FOG OR MIST
DPTR FM NORMAL: -3.3 DPTR FM NORMAL: 0.18 2 = FOG REDUCING VISIBILITY
HIGHEST: 56 ON 31 GRTST 24HR 0.26 ON 12-12 TO 1/4 MILE OR LESS
LOWEST: 12 ON 6 3 = THUNDER
SNOW, ICE PELLETS, HAIL 4 = ICE PELLETS
TOTAL MONTH: M 5 = HAIL
GRTST 24HR M ON M 6 = FREEZING RAIN OR DRIZZLE
GRTST DEPTH: M ON M 7 = DUSTSTORM OR SANDSTORM:
VSBY 1/2 MILE OR LESS
8 = SMOKE OR HAZE
[NO. OF DAYS WITH] [WEATHER - DAYS WITH] 9 = BLOWING SNOW
X = TORNADO
MAX 32 OR BELOW: 10 0.01 INCH OR MORE: 6
MAX 90 OR ABOVE: 0 0.10 INCH OR MORE: 2
MIN 32 OR BELOW: 29 0.50 INCH OR MORE: 0
MIN 0 OR BELOW: 0 1.00 INCH OR MORE: 0
[HDD (BASE 65) ]
TOTAL THIS MO. 1045 CLEAR (SCALE 0-3) 17
DPTR FM NORMAL 96 PTCLDY (SCALE 4-7) 9
TOTAL FM JUL 1 15408 CLOUDY (SCALE 8-10) 5
DPTR FM NORMAL 1442
[CDD (BASE 65) ]
TOTAL THIS MO. 0
DPTR FM NORMAL 0 [PRESSURE DATA]
TOTAL FM JAN 1 0 HIGHEST SLP M ON M
DPTR FM NORMAL 0 LOWEST SLP 29.38 ON 2
[REMARKS]
#FINAL-05-22#