000
CXUS56 KLKN 161835
CF6P68
PRELIMINARY LOCAL CLIMATOLOGICAL DATA (WS FORM: F-6)
STATION: EUREKA AIRPORT NV
MONTH: OCTOBER
YEAR: 2020
LATITUDE: 39 30 N
LONGITUDE: 115 58 W
TEMPERATURE IN F: :PCPN: SNOW: WIND :SUNSHINE: SKY :PK WND
================================================================================
1 2 3 4 5 6A 6B 7 8 9 10 11 12 13 14 15 16 17 18
12Z AVG MX 2MIN
DY MAX MIN AVG DEP HDD CDD WTR SNW DPTH SPD SPD DIR MIN PSBL S-S WX SPD DR
================================================================================
1 84 33 59 6 6 0 0.00 M M 5.6 10 10 M M M 15 20
2 83 35 59 7 6 0 0.00 M M 6.5 14 40 M M M 18 40
3 80 36 58 6 7 0 0.00 M M 5.4 14 200 M M M 21 90
4 83 32 58 7 7 0 0.00 M M 5.6 15 250 M M M 22 260
5 82 36 59 8 6 0 0.00 M M 6.1 13 200 M M M 15 10
6 84 34 59 9 6 0 0.00 M M 5.7 14 150 M M M 18 10
7 82 36 59 9 6 0 0.00 M M 8.3 20 140 M M M 27 190
8 79 37 58 8 7 0 0.00 M M 6.1 14 140 M M M 17 200
9 78 36 57 8 8 0 0.00 M M 5.8 12 200 M M M 14 340
10 74 34 54 5 11 0 0.00 M M 8.9 18 290 M M M 25 290
11 65 35 50 2 15 0 0.00 M M 7.6 24 330 M M M 29 330
12 75 32 54 6 11 0 0.00 M M 9.5 20 260 M M M 30 260
13 79 34 57 9 8 0 0.00 M M 7.9 22 250 M M M 26 300
14 74 34 54 7 11 0 0.00 M M 8.2 23 310 M M M 31 320
15 66 25 46 -1 19 0 0.00 M M 5.8 17 20 M M M 23 20
16 70 24 47 0 18 0 0.00 M M 5.8 13 20 M M M 17 30
17 77 32 55 9 10 0 0.00 M M 7.0 18 310 M M M 24 310
18 76 35 56 10 9 0 0.00 M M 8.0 20 310 M M M 28 310
19 75 30 53 7 12 0 0.00 M M 7.9 17 270 M M M 23 260
20 73 28 51 6 14 0 0.00 M M 6.4 12 210 M M M 15 10
21 75 35 55 10 10 0 0.00 M M 7.3 16 320 M M M 23 210
22 55 18 37 -8 28 0 0.00 M M 6.0 16 350 M M M 21 340
23 61 15 38 -6 27 0 0.00 M M 2.8 10 180 M M M 12 180
24 68 24 46 2 19 0 0.00 M M 9.7 23 230 M M M 32 280
25 46 13 30 -14 35 0 0.00 M M 13.6 28 360 M M M 32 10
26 43 -1 21 -22 44 0 0.00 M M 6.0 20 350 M M M 25 360
27 53 10 32 -11 33 0 0.00 M M 4.5 14 10 M M M 18 350
28 64 16 40 -2 25 0 0.00 M M 6.8 14 20 M M M 19 30
29 67 19 43 1 22 0 0.00 M M 6.1 12 200 M M M 13 220
30 70 23 47 5 18 0 0.00 M M 7.4 15 200 M M M 20 260
31 69 22 46 5 19 0 0.00 M M 5.1 12 230 M M M 13 210
================================================================================
SM 2210 852 477 0 0.00 M 213.4 M M
================================================================================
AV 71.3 27.5 6.9 FASTST M M M MAX(MPH)
MISC ----> 28 360 # 32 280
================================================================================
NOTES:
# LAST OF SEVERAL OCCURRENCES
COLUMN 17 PEAK WIND IN M.P.H.
PRELIMINARY LOCAL CLIMATOLOGICAL DATA (WS FORM: F-6) , PAGE 2
STATION: EUREKA AIRPORT NV
MONTH: OCTOBER
YEAR: 2020
LATITUDE: 39 30 N
LONGITUDE: 115 58 W
[TEMPERATURE DATA] [PRECIPITATION DATA] SYMBOLS USED IN COLUMN 16
AVERAGE MONTHLY: 49.4 TOTAL FOR MONTH: 0.00 1 = FOG OR MIST
DPTR FM NORMAL: 2.6 DPTR FM NORMAL: -0.61 2 = FOG REDUCING VISIBILITY
HIGHEST: 84 ON 6, 1 GRTST 24HR 0.00 ON 1- 1 TO 1/4 MILE OR LESS
LOWEST: -1 ON 26 3 = THUNDER
SNOW, ICE PELLETS, HAIL 4 = ICE PELLETS
TOTAL MONTH: M 5 = HAIL
GRTST 24HR M ON M 6 = FREEZING RAIN OR DRIZZLE
GRTST DEPTH: M ON M 7 = DUSTSTORM OR SANDSTORM:
VSBY 1/2 MILE OR LESS
8 = SMOKE OR HAZE
[NO. OF DAYS WITH] [WEATHER - DAYS WITH] 9 = BLOWING SNOW
X = TORNADO
MAX 32 OR BELOW: 0 0.01 INCH OR MORE: 0
MAX 90 OR ABOVE: 0 0.10 INCH OR MORE: 0
MIN 32 OR BELOW: 17 0.50 INCH OR MORE: 0
MIN 0 OR BELOW: 1 1.00 INCH OR MORE: 0
[HDD (BASE 65) ]
TOTAL THIS MO. 477 CLEAR (SCALE 0-3) 0
DPTR FM NORMAL -87 PTCLDY (SCALE 4-7) 0
TOTAL FM JUL 1 617 CLOUDY (SCALE 8-10) 31
DPTR FM NORMAL -175
[CDD (BASE 65) ]
TOTAL THIS MO. 0
DPTR FM NORMAL 0 [PRESSURE DATA]
TOTAL FM JAN 1 508 HIGHEST SLP M ON M
DPTR FM NORMAL 152 LOWEST SLP 29.66 ON 25
[REMARKS]
#FINAL-10-20#