000
CXUS53 KPAH 010700
CF6PAH
PRELIMINARY LOCAL CLIMATOLOGICAL DATA (WS FORM: F-6)
STATION: PADUCAH KY
MONTH: SEPTEMBER
YEAR: 2022
LATITUDE: 37 4 N
LONGITUDE: 88 46 W
TEMPERATURE IN F: :PCPN: SNOW: WIND :SUNSHINE: SKY :PK WND
================================================================================
1 2 3 4 5 6A 6B 7 8 9 10 11 12 13 14 15 16 17 18
12Z AVG MX 2MIN
DY MAX MIN AVG DEP HDD CDD WTR SNW DPTH SPD SPD DIR MIN PSBL S-S WX SPD DR
================================================================================
1 89 58 74 -2 0 9 0.00 0.0 0 1.7 9 120 M M 0 15 90
2 90 64 77 2 0 12 0.00 0.0 0 1.1 10 180 M M 0 1 14 240
3 86 69 78 3 0 13 0.02 0.0 0 3.6 14 110 M M 6 1 19 110
4 85 71 78 3 0 13 0.62 0.0 0 3.2 9 90 M M 8 13 14 80
5 86 69 78 3 0 13 0.00 0.0 0 1.1 6 240 M M 6 1 10 140
6 83 68 76 2 0 11 0.00 0.0 0 1.6 6 30 M M 6 128 9 30
7 87 64 76 2 0 11 0.00 0.0 0 4.7 15 30 M M 2 1 23 50
8 85 60 73 -1 0 8 0.00 0.0 0 2.8 12 60 M M 1 1 19 20
9 88 56 72 -1 0 7 0.00 0.0 0 2.3 12 130 M M 0 1 17 110
10 84 65 75 2 0 10 T 0.0 0 2.4 10 160 M M 6 1 15 190
11 83 54 69 -4 0 4 0.02 0.0 0 4.3 18 330 M M 7 1 27 330
12 81 51 66 -6 0 1 0.00 0.0 0 2.5 16 290 M M 2 12 19 220
13 85 52 69 -3 0 4 0.00 0.0 0 1.2 6 330 M M 1 7 270
14 86 52 69 -3 0 4 0.00 0.0 0 0.9 10 110 M M 1 14 80
15 87 54 71 0 0 6 0.00 0.0 0 3.3 16 110 M M 1 12 25 80
16 89 57 73 2 0 8 0.00 0.0 0 1.1 12 180 M M 2 18 170
17 89 61 75 4 0 10 0.00 0.0 0 3.3 12 180 M M 2 18 180
18 90 61 76 6 0 11 0.00 0.0 0 4.0 12 210 M M 2 8 19 200
19 97 68 83 13 0 18 0.00 0.0 0 2.2 10 40 M M 0 18 210
20 100 68 84 14 0 19 0.00 0.0 0 1.3 9 310 M M 0 1 15 310
21 101 68 85 16 0 20 0.00 0.0 0 4.2 14 350 M M 1 23 260
22 79 57 68 -1 0 3 T 0.0 0 8.9 18 360 M M 1 27 350
23 78 49 64 -4 1 0 0.00 0.0 0 5.6 13 110 M M 1 18 120
24 92 63 78 10 0 13 T 0.0 0 3.0 13 270 M M 2 22 220
25 84 54 69 1 0 4 0.00 0.0 0 5.3 17 310 M M 0 27 330
26 79 45 62 -5 3 0 0.00 0.0 0 5.2 17 340 M M 0 29 320
27 80 41 61 -6 4 0 0.00 0.0 0 4.0 17 340 M M 0 33 320
28 72 40 56 -11 9 0 0.00 0.0 0 5.9 15 60 M M 0 26 40
29 74 44 59 -7 6 0 0.00 0.0 0 6.0 15 50 M M 0 22 60
30 77 42 60 -6 5 0 0.00 0.0 0 4.2 14 10 M M 0 20 30
================================================================================
SM 2566 1725 28 232 0.66 0.0 100.9 M 58
================================================================================
AV 85.5 57.5 3.4 FASTST M M 2 MAX(MPH)
MISC ----> # 18 330 33 320
================================================================================
NOTES:
# LAST OF SEVERAL OCCURRENCES
COLUMN 17 PEAK WIND IN M.P.H.
PRELIMINARY LOCAL CLIMATOLOGICAL DATA (WS FORM: F-6) , PAGE 2
STATION: PADUCAH KY
MONTH: SEPTEMBER
YEAR: 2022
LATITUDE: 37 4 N
LONGITUDE: 88 46 W
[TEMPERATURE DATA] [PRECIPITATION DATA] SYMBOLS USED IN COLUMN 16
AVERAGE MONTHLY: 71.5 TOTAL FOR MONTH: 0.66 1 = FOG OR MIST
DPTR FM NORMAL: 0.5 DPTR FM NORMAL: -2.89 2 = FOG REDUCING VISIBILITY
HIGHEST: 101 ON 21 GRTST 24HR 0.62 ON 4- 4 TO 1/4 MILE OR LESS
LOWEST: 40 ON 28 3 = THUNDER
SNOW, ICE PELLETS, HAIL 4 = ICE PELLETS
TOTAL MONTH: 0.0 INCH 5 = HAIL
GRTST 24HR 0.0 6 = FREEZING RAIN OR DRIZZLE
GRTST DEPTH: 0 7 = DUSTSTORM OR SANDSTORM:
VSBY 1/2 MILE OR LESS
8 = SMOKE OR HAZE
[NO. OF DAYS WITH] [WEATHER - DAYS WITH] 9 = BLOWING SNOW
X = TORNADO
MAX 32 OR BELOW: 0 0.01 INCH OR MORE: 3
MAX 90 OR ABOVE: 6 0.10 INCH OR MORE: 1
MIN 32 OR BELOW: 0 0.50 INCH OR MORE: 1
MIN 0 OR BELOW: 0 1.00 INCH OR MORE: 0
[HDD (BASE 65) ]
TOTAL THIS MO. 28 CLEAR (SCALE 0-3) 24
DPTR FM NORMAL 0 PTCLDY (SCALE 4-7) 5
TOTAL FM JUL 1 28 CLOUDY (SCALE 8-10) 1
DPTR FM NORMAL 2
[CDD (BASE 65) ]
TOTAL THIS MO. 232
DPTR FM NORMAL 23 [PRESSURE DATA]
TOTAL FM JAN 1 1798 HIGHEST SLP M ON M
DPTR FM NORMAL 169 LOWEST SLP 29.82 ON 8
[REMARKS]
#FINAL-09-22#