000
CXUS51 KBTV 010800
CF6PBG
PRELIMINARY LOCAL CLIMATOLOGICAL DATA (WS FORM: F-6)
STATION: PLATTSBURGH NY
MONTH: DECEMBER
YEAR: 2020
LATITUDE: 44 39 N
LONGITUDE: 73 28 W
TEMPERATURE IN F: :PCPN: SNOW: WIND :SUNSHINE: SKY :PK WND
================================================================================
1 2 3 4 5 6A 6B 7 8 9 10 11 12 13 14 15 16 17 18
12Z AVG MX 2MIN
DY MAX MIN AVG DEP HDD CDD WTR SNW DPTH SPD SPD DIR MIN PSBL S-S WX SPD DR
================================================================================
1 57 38 48 18 17 0 0.10 M M 3.2 17 210 M M 8 12 30 200
2 40 31 36 6 29 0 0.05 M M 6.2 15 280 M M 10 1 21 280
3 46 28 37 7 28 0 0.00 M M 5.8 15 210 M M 5 25 200
4 44 32 38 9 27 0 0.04 M M 2.3 10 160 M M 10 1 13 160
5 39 29 34 5 31 0 0.00 M M 13.9 28 350 M M 9 36 350
6 31 23 27 -1 38 0 0.00 M M 9.2 23 340 M M 7 34 320
7 27 25 26 -2 39 0 0.00 M M 6.6 14 340 M M 10 17 300
8 26 19 23 -5 42 0 T M M 8.1 15 350 M M 10 18 350
9 32 18 25 -2 40 0 0.03 M M 4.3 12 160 M M 8 1 14 160
10 37 29 33 6 32 0 T M M 3.4 15 310 M M 10 23 320
11 45 30 38 12 27 0 0.00 M M 3.8 13 160 M M 7 17 160
12 46 34 40 14 25 0 0.03 M M 6.0 14 160 M M 9 22 160
13 50 41 46 20 19 0 0.02 M M 4.4 13 180 M M 8 1 25 240
14 M M M M M M 0.00 M M M M M M M M M M
15 30 7 19 -6 46 0 0.00 M M 11.3 21 330 M M 0 32 310
16 12 2 7 -17 58 0 0.00 M M 8.4 14 350 M M 5 18 350
17 17 6 12 -12 53 0 T M M 9.7 17 350 M M 6 8 21 350
18 23 -2 11 -13 54 0 0.00 M M 3.1 10 10 M M 0 13 50
19 25 1 13 -10 52 0 T M M 2.1 8 150 M M 3 11 150
20 31 22 27 4 38 0 0.01 M M 5.4 14 160 M M 10 1 18 190
21 37 28 33 10 32 0 T M M 2.2 7 240 M M 10 18 20 210
22 39 26 33 11 32 0 0.01 M M 4.8 18 300 M M 9 1 27 310
23 38 15 27 5 38 0 T M M 7.1 22 150 M M 4 29 190
24 54 36 45 23 20 0 0.12 M M 14.3 28 160 M M 5 37 160
25 61 35 48 27 17 0 0.68 M M 9.7 24 170 M M 9 1 33 170
26 35 24 30 9 35 0 T M M 6.4 15 210 M M 8 25 210
27 33 22 28 7 37 0 0.00 M M 3.9 20 170 M M 9 25 160
28 42 31 37 17 28 0 T M M 12.9 25 160 M M 7 34 160
29 33 17 25 5 40 0 0.02 M M 6.5 21 330 M M 2 12 27 320
30 34 14 24 4 41 0 T M M 8.4 22 170 M M 5 30 160
31 39 22 31 11 34 0 T M M 5.2 15 160 M M 7 22 340
================================================================================
SM 1103 683 1049 0 1.11 M 198.6 M 210
================================================================================
AV 36.8 22.8 6.6 FASTST M M 7 MAX(MPH)
MISC ----> # 28 350 37 160
================================================================================
NOTES:
# LAST OF SEVERAL OCCURRENCES
COLUMN 17 PEAK WIND IN M.P.H.
PRELIMINARY LOCAL CLIMATOLOGICAL DATA (WS FORM: F-6) , PAGE 2
STATION: PLATTSBURGH NY
MONTH: DECEMBER
YEAR: 2020
LATITUDE: 44 39 N
LONGITUDE: 73 28 W
[TEMPERATURE DATA] [PRECIPITATION DATA] SYMBOLS USED IN COLUMN 16
AVERAGE MONTHLY: 29.8 TOTAL FOR MONTH: 1.11 1 = FOG OR MIST
DPTR FM NORMAL: 5.2 DPTR FM NORMAL: M 2 = FOG REDUCING VISIBILITY
HIGHEST: 61 ON 25 GRTST 24HR 0.75 ON 24-25 TO 1/4 MILE OR LESS
LOWEST: -2 ON 18 3 = THUNDER
SNOW, ICE PELLETS, HAIL 4 = ICE PELLETS
TOTAL MONTH: M 5 = HAIL
GRTST 24HR M ON M 6 = FREEZING RAIN OR DRIZZLE
GRTST DEPTH: M ON M 7 = DUSTSTORM OR SANDSTORM:
VSBY 1/2 MILE OR LESS
8 = SMOKE OR HAZE
[NO. OF DAYS WITH] [WEATHER - DAYS WITH] 9 = BLOWING SNOW
X = TORNADO
MAX 32 OR BELOW: 10 0.01 INCH OR MORE: 11
MAX 90 OR ABOVE: 0 0.10 INCH OR MORE: 3
MIN 32 OR BELOW: 25 0.50 INCH OR MORE: 1
MIN 0 OR BELOW: 1 1.00 INCH OR MORE: 0
[HDD (BASE 65) ]
TOTAL THIS MO. 1049 CLEAR (SCALE 0-3) 4
DPTR FM NORMAL -203 PTCLDY (SCALE 4-7) 12
TOTAL FM JUL 1 2310 CLOUDY (SCALE 8-10) 15
DPTR FM NORMAL -576
[CDD (BASE 65) ]
TOTAL THIS MO. 0
DPTR FM NORMAL 0 [PRESSURE DATA]
TOTAL FM JAN 1 531 HIGHEST SLP 30.60 ON 16
DPTR FM NORMAL 185 LOWEST SLP 29.32 ON 25
[REMARKS]
#FINAL-12-20#