000
CXUS56 KPDT 011640
CLMPDT
CLIMATE REPORT
NATIONAL WEATHER SERVICE PENDLETON, OR
840 AM PST FRI DEC 01 2023
...................................
...THE PENDLETON OR CLIMATE SUMMARY FOR THE MONTH OF NOVEMBER 2023...
CLIMATE NORMAL PERIOD 1991 TO 2020
CLIMATE RECORD PERIOD 1890 TO 2023
WEATHER OBSERVED NORMAL DEPART LAST YEAR`S
VALUE DATE(S) VALUE FROM VALUE DATE(S)
NORMAL
................................................................
TEMPERATURE (F)
RECORD
HIGH 80 11/12/1999
LOW -13 11/29/1896
HIGHEST 67 11/04 62 11/04
11/05
LOWEST 20 11/26 17 11/20
AVG. MAXIMUM 48.4 49.1 -0.7 42.9
AVG. MINIMUM 34.5 32.3 2.2 29.0
MEAN 41.5 40.7 0.8 35.9
DAYS MAX >= 90 0 0.0 0.0 0
DAYS MAX <= 32 3 1.8 1.2 6
DAYS MIN <= 32 11 14.0 -3.0 21
DAYS MIN <= 0 0 0.1 -0.1 0
PRECIPITATION (INCHES)
RECORD
MAXIMUM 4.24 1897
MINIMUM 0.04 1939
TOTALS 1.71 1.39 0.32 2.29
DAILY AVG. 0.06 0.05 0.01 0.08
DAYS >= .01 13 11.6 1.4 9
DAYS >= .10 5 4.2 0.8 6
DAYS >= .50 1 0.4 0.6 1
DAYS >= 1.00 0 0.1 -0.1 0
GREATEST
24 HR. TOTAL 0.70 11/04 TO 11/05 1.02 10/31 TO 11/01
DEGREE DAYS
HEATING TOTAL 700 729 -29 866
SINCE 7/1 1124 1278 -154
COOLING TOTAL 0 0 0 0
SINCE 1/1 941 637 304
................................................................
WIND (MPH)
AVERAGE WIND SPEED 6.0
RESULTANT WIND SPEED/DIRECTION 1/230
HIGHEST WIND SPEED/DIRECTION 36/270 DATE 11/07
36/240 11/11
36/270 11/19
HIGHEST GUST SPEED/DIRECTION 47/260 DATE 11/07
47/240 11/11
AVERAGE RH (PERCENT) 76
WEATHER CONDITIONS. NUMBER OF DAYS WITH
THUNDERSTORM 1 MIXED PRECIP 0
HEAVY RAIN 1 RAIN 6
LIGHT RAIN 13 FREEZING RAIN 0
LT FREEZING RAIN 0 HAIL 0
HEAVY SNOW 0 SNOW 0
LIGHT SNOW 3 SLEET 0
FOG 23 FOG W/VIS <= 1/4 MILE 9
HAZE 13
- INDICATES NEGATIVE NUMBERS.
R INDICATES RECORD WAS SET OR TIED.
MM INDICATES DATA IS MISSING.
T INDICATES TRACE AMOUNT.
$$