000
CXUS56 KFGZ 010910
CF6PGA
PRELIMINARY LOCAL CLIMATOLOGICAL DATA (WS FORM: F-6)
STATION: PAGE AZ AIRPORT
MONTH: AUGUST
YEAR: 2022
LATITUDE: 36 55 N
LONGITUDE: 111 27 W
TEMPERATURE IN F: :PCPN: SNOW: WIND :SUNSHINE: SKY :PK WND
================================================================================
1 2 3 4 5 6A 6B 7 8 9 10 11 12 13 14 15 16 17 18
12Z AVG MX 2MIN
DY MAX MIN AVG DEP HDD CDD WTR SNW DPTH SPD SPD DIR MIN PSBL S-S WX SPD DR
================================================================================
1 95 75 85 0 0 20 0.00 M M 4.9 13 280 M M 0 3 19 300
2 98 79 89 5 0 24 0.00 M M 6.0 15 290 M M 0 23 280
3 100 77 89 5 0 24 0.00 M M 4.5 14 320 M M 0 18 30
4 101 76 89 5 0 24 0.04 M M 3.6 28 80 M M 1 3 34 70
5 95 74 85 1 0 20 0.00 M M 5.5 13 350 M M 1 20 250
6 97 73 85 1 0 20 0.00 M M 5.1 14 310 M M 0 22 310
7 100 74 87 3 0 22 0.00 M M 6.0 25 180 M M 0 35 180
8 100 74 87 3 0 22 0.00 M M 5.2 15 180 M M 0 21 180
9 98 76 87 3 0 22 0.02 M M 7.4 29 140 M M 3 3 34 140
10 96 72 84 0 0 19 0.05 M M 5.6 26 110 M M 2 3 35 110
11 95 72 84 1 0 19 0.00 M M 4.9 18 70 M M 1 3 24 210
12 93 71 82 -1 0 17 T M M 4.6 23 150 M M 3 3 28 150
13 91 70 81 -2 0 16 0.00 M M 2.8 16 220 M M 2 24 210
14 92 76 84 1 0 19 T M M 3.9 15 340 M M 1 3 22 280
15 93 69 81 -2 0 16 T M M 4.3 25 340 M M 4 38 31 340
16 91 70 81 -2 0 16 0.00 M M 5.3 14 210 M M 4 27 210
17 93 71 82 0 0 17 0.00 M M 4.5 17 30 M M 1 22 50
18 86 73 80 -2 0 15 0.02 M M 4.9 17 190 M M 3 3 22 190
19 87 69 78 -4 0 13 0.06 M M 5.6 16 160 M M 6 3 23 160
20 90 68 79 -3 0 14 T M M 4.9 15 160 M M 2 3 22 280
21 94 68 81 -1 0 16 0.00 M M 3.5 13 240 M M 1 22 250
22 95 71 83 1 0 18 0.00 M M 3.0 12 340 M M 0 16 360
23 98 71 85 4 0 20 0.00 M M 3.7 14 50 M M 0 16 50
24 99 73 86 5 0 21 0.00 M M 7.0 31 150 M M 0 37 150
25 88 76 82 1 0 17 M M M 4.8 16 160 M M 4 20 160
26 88 72 80 -1 0 15 T M M 5.3 18 310 M M 4 3 27 320
27 91 67 79 -2 0 14 0.02 M M 4.7 18 140 M M 0 3 23 140
28 96 67 82 2 0 17 0.00 M M 4.0 14 310 M M 0 22 270
29 98 69 84 4 0 19 0.00 M M 3.3 9 350 M M 0 13 40
30 100 70 85 5 0 20 0.00 M M 3.2 12 70 M M 0 8 18 40
31 100 70 85 5 0 20 0.00 M M 3.7 12 40 M M 0 15 40
================================================================================
SM 2938 2233 0 576 0.21 M 145.7 M 43
================================================================================
AV 94.8 72.0 4.7 FASTST M M 1 MAX(MPH)
MISC ----> 31 150 37 150
================================================================================
NOTES:
# LAST OF SEVERAL OCCURRENCES
COLUMN 17 PEAK WIND IN M.P.H.
PRELIMINARY LOCAL CLIMATOLOGICAL DATA (WS FORM: F-6) , PAGE 2
STATION: PAGE AZ AIRPORT
MONTH: AUGUST
YEAR: 2022
LATITUDE: 36 55 N
LONGITUDE: 111 27 W
[TEMPERATURE DATA] [PRECIPITATION DATA] SYMBOLS USED IN COLUMN 16
AVERAGE MONTHLY: 83.4 TOTAL FOR MONTH: 0.21 1 = FOG OR MIST
DPTR FM NORMAL: 0.9 DPTR FM NORMAL: -0.54 2 = FOG REDUCING VISIBILITY
HIGHEST: 101 ON 4 GRTST 24HR 0.08 ON 18-19 TO 1/4 MILE OR LESS
LOWEST: 67 ON 28,27 3 = THUNDER
SNOW, ICE PELLETS, HAIL 4 = ICE PELLETS
TOTAL MONTH: M 5 = HAIL
GRTST 24HR M ON M 6 = FREEZING RAIN OR DRIZZLE
GRTST DEPTH: M ON M 7 = DUSTSTORM OR SANDSTORM:
VSBY 1/2 MILE OR LESS
8 = SMOKE OR HAZE
[NO. OF DAYS WITH] [WEATHER - DAYS WITH] 9 = BLOWING SNOW
X = TORNADO
MAX 32 OR BELOW: 0 0.01 INCH OR MORE: 6
MAX 90 OR ABOVE: 27 0.10 INCH OR MORE: 0
MIN 32 OR BELOW: 0 0.50 INCH OR MORE: 0
MIN 0 OR BELOW: 0 1.00 INCH OR MORE: 0
[HDD (BASE 65) ]
TOTAL THIS MO. 0 CLEAR (SCALE 0-3) 25
DPTR FM NORMAL 0 PTCLDY (SCALE 4-7) 6
TOTAL FM JUL 1 0 CLOUDY (SCALE 8-10) 0
DPTR FM NORMAL 0
[CDD (BASE 65) ]
TOTAL THIS MO. 576
DPTR FM NORMAL 35 [PRESSURE DATA]
TOTAL FM JAN 1 1981 HIGHEST SLP M ON M
DPTR FM NORMAL 154 LOWEST SLP 29.67 ON 28
[REMARKS]
#FINAL-08-22#