000
CXUS52 KTBW 012045
CF6PGD
PRELIMINARY LOCAL CLIMATOLOGICAL DATA (WS FORM: F-6)
STATION: PUNTA GORDA
MONTH: NOVEMBER
YEAR: 2023
LATITUDE: 26 55 N
LONGITUDE: 82 0 W
TEMPERATURE IN F: :PCPN: SNOW: WIND :SUNSHINE: SKY :PK WND
================================================================================
1 2 3 4 5 6A 6B 7 8 9 10 11 12 13 14 15 16 17 18
12Z AVG MX 2MIN
DY MAX MIN AVG DEP HDD CDD WTR SNW DPTH SPD SPD DIR MIN PSBL S-S WX SPD DR
================================================================================
1 82 60 71 -2 0 6 0.00 0.0 0 12.5 21 40 M M 1 28 30
2 83 58 71 -2 0 6 0.00 0.0 0 13.9 25 60 M M 1 32 70
3 87 61 74 1 0 9 0.00 0.0 0 11.3 23 80 M M 2 30 70
4 85 63 74 2 0 9 0.00 0.0 0 10.9 18 30 M M 1 24 40
5 85 59 72 0 0 7 0.00 0.0 0 9.3 17 360 M M 0 8 26 20
6 86 53 70 -2 0 5 0.00 0.0 0 5.9 14 50 M M 0 19 60
7 87 59 73 1 0 8 0.00 0.0 0 5.8 13 320 M M 2 19 20
8 88 63 76 5 0 11 0.00 0.0 0 6.6 15 70 M M 2 128 19 60
9 88 64 76 5 0 11 0.00 0.0 0 6.2 14 110 M M 6 1 19 120
10 88 67 78 7 0 13 0.00 0.0 0 4.9 12 250 M M 3 1 18 240
11 91 67 79 8 0 14 0.00 0.0 0 4.4 14 230 M M 3 1 18 140
12 92 71 82 11 0 17 T 0.0 0 6.4 18 70 M M 6 24 70
13 85 70 78 8 0 13 0.02 0.0 0 10.4 20 50 M M 8 1 24 70
14 85 70 78 8 0 13 0.15 0.0 0 13.3 23 90 M M 10 1 32 100
15 76 68 72 2 0 7 0.93 0.0 0 15.2 29 100 M M 6 1 43 100
16 82 69 76 6 0 11 T 0.0 0 10.7 23 100 M M 8 28 100
17 81 68 75 5 0 10 0.00 0.0 0 6.3 15 290 M M 5 128 19 280
18 82 68 75 5 0 10 T 0.0 0 9.8 16 330 M M 5 1 21 340
19 84 63 74 4 0 9 0.00 0.0 0 6.2 12 290 M M 0 1 16 290
20 86 62 74 5 0 9 0.00 0.0 0 5.8 14 100 M M 3 128 22 150
21 87 67 77 8 0 12 0.00 0.0 0 7.6 20 130 M M 1 24 130
22 85 65 75 6 0 10 0.05 0.0 0 8.6 20 220 M M 4 1 26 220
23 77 60 69 0 0 4 0.00 0.0 0 6.3 12 350 M M 4 16 340
24 73 58 66 -3 0 1 0.04 0.0 0 6.8 15 30 M M 4 19 20
25 80 62 71 2 0 6 0.00 0.0 0 9.2 15 70 M M 7 19 70
26 86 68 77 8 0 12 0.10 0.0 0 9.2 22 200 M M 7 1 26 190
27 76 56 66 -2 0 1 T 0.0 0 8.4 18 340 M M 4 27 320
28 63 51 57 -11 8 0 0.00 0.0 0 8.3 14 350 M M 0 20 330
29 75 50 63 -5 2 0 0.00 0.0 0 8.4 15 20 M M 0 22 10
30 80 50 65 -3 0 0 0.00 0.0 0 7.8 15 130 M M 1 21 120
================================================================================
SM 2485 1870 10 244 1.29 0.0 256.4 M 104
================================================================================
AV 82.8 62.3 8.5 FASTST M M 3 MAX(MPH)
MISC ----> 29 100 43 100
================================================================================
NOTES:
# LAST OF SEVERAL OCCURRENCES
COLUMN 17 PEAK WIND IN M.P.H.
PRELIMINARY LOCAL CLIMATOLOGICAL DATA (WS FORM: F-6) , PAGE 2
STATION: PUNTA GORDA
MONTH: NOVEMBER
YEAR: 2023
LATITUDE: 26 55 N
LONGITUDE: 82 0 W
[TEMPERATURE DATA] [PRECIPITATION DATA] SYMBOLS USED IN COLUMN 16
AVERAGE MONTHLY: 72.6 TOTAL FOR MONTH: 1.29 1 = FOG OR MIST
DPTR FM NORMAL: 2.4 DPTR FM NORMAL: -0.83 2 = FOG REDUCING VISIBILITY
HIGHEST: 92 ON 12 GRTST 24HR 1.00 ON 14-15 TO 1/4 MILE OR LESS
LOWEST: 50 ON 30,29 3 = THUNDER
SNOW, ICE PELLETS, HAIL 4 = ICE PELLETS
TOTAL MONTH: 0.0 INCH 5 = HAIL
GRTST 24HR 0.0 6 = FREEZING RAIN OR DRIZZLE
GRTST DEPTH: 0 7 = DUSTSTORM OR SANDSTORM:
VSBY 1/2 MILE OR LESS
8 = SMOKE OR HAZE
[NO. OF DAYS WITH] [WEATHER - DAYS WITH] 9 = BLOWING SNOW
X = TORNADO
MAX 32 OR BELOW: 0 0.01 INCH OR MORE: 6
MAX 90 OR ABOVE: 2 0.10 INCH OR MORE: 3
MIN 32 OR BELOW: 0 0.50 INCH OR MORE: 1
MIN 0 OR BELOW: 0 1.00 INCH OR MORE: 0
[HDD (BASE 65) ]
TOTAL THIS MO. 10 CLEAR (SCALE 0-3) 15
DPTR FM NORMAL -12 PTCLDY (SCALE 4-7) 14
TOTAL FM JUL 1 10 CLOUDY (SCALE 8-10) 1
DPTR FM NORMAL -10
[CDD (BASE 65) ]
TOTAL THIS MO. 244
DPTR FM NORMAL 64 [PRESSURE DATA]
TOTAL FM JAN 1 4386 HIGHEST SLP 30.24 ON 29
DPTR FM NORMAL 726 LOWEST SLP 29.75 ON 18
[REMARKS]
#FINAL-11-23#