000
CXUS53 KUNR 011526
CLMPHP
CLIMATE REPORT
NATIONAL WEATHER SERVICE RAPID CITY SD
926 AM MDT FRI SEP 01 2023
...................................
...THE PHILIP SD CLIMATE SUMMARY FOR THE MONTH OF AUGUST 2023...
CLIMATE NORMAL PERIOD 1991 TO 2020
CLIMATE RECORD PERIOD 9999 TO 9999
WEATHER OBSERVED NORMAL DEPART LAST YEAR`S
VALUE DATE(S) VALUE FROM VALUE DATE(S)
NORMAL
................................................................
TEMPERATURE (F)
HIGHEST 108 08/18 109 08/05
LOWEST 48 08/26 50 08/30
AVG. MAXIMUM 89.8 88.5 1.3 93.1
AVG. MINIMUM 58.2 58.0 0.2 59.4
MEAN 74.0 73.2 0.8 76.3
DAYS MAX >= 90 15 20
DAYS MAX <= 32 0 0
DAYS MIN <= 32 0 0
DAYS MIN <= 0 0 0
PRECIPITATION (INCHES)
TOTALS 0.88R 1.48 -0.60 2.81
DAILY AVG. 0.03 0.05 -0.02 0.09
DAYS >= .01 5 6
DAYS >= .10 3 4
DAYS >= .50 1 1
DAYS >= 1.00 0 1
GREATEST
24 HR. TOTAL 0.50 08/05 TO 08/05 2.48
DEGREE DAYS
HEATING TOTAL 1 15 -14 0
SINCE 7/1 10 18 -8 MM
COOLING TOTAL 286 271 15 359
SINCE 1/1 735 740 -5 MM
................................................................
WIND (MPH)
AVERAGE WIND SPEED 8.1
HIGHEST WIND SPEED/DIRECTION 31/330 DATE 08/13
31/320 08/16
HIGHEST GUST SPEED/DIRECTION 45/330 DATE 08/13
AVERAGE RH (PERCENT) 61
WEATHER CONDITIONS. NUMBER OF DAYS WITH
THUNDERSTORM 6 MIXED PRECIP 0
HEAVY RAIN 1 RAIN 2
LIGHT RAIN 6 FREEZING RAIN 0
LT FREEZING RAIN 0 HAIL 0
HEAVY SNOW 0 SNOW 0
LIGHT SNOW 0 SLEET 0
FOG 10 FOG W/VIS <= 1/4 MILE 1
HAZE 4
- INDICATES NEGATIVE NUMBERS.
R INDICATES RECORD WAS SET OR TIED.
MM INDICATES DATA IS MISSING.
T INDICATES TRACE AMOUNT.
$$