000
CXUS53 KABR 011100
CF6PIR
PRELIMINARY LOCAL CLIMATOLOGICAL DATA (WS FORM: F-6)
STATION: PIERRE SD
MONTH: MAY
YEAR: 2022
LATITUDE: 44 22 N
LONGITUDE: 100 17 W
TEMPERATURE IN F: :PCPN: SNOW: WIND :SUNSHINE: SKY :PK WND
================================================================================
1 2 3 4 5 6A 6B 7 8 9 10 11 12 13 14 15 16 17 18
12Z AVG MX 2MIN
DY MAX MIN AVG DEP HDD CDD WTR SNW DPTH SPD SPD DIR MIN PSBL S-S WX SPD DR
================================================================================
1 62 36 49 -3 16 0 0.00 0.0 0 17.4 28 340 M M 0 49 340
2 57 31 44 -8 21 0 0.00 0.0 0 7.2 16 50 M M 1 1 23 60
3 53 35 44 -8 21 0 0.00 0.0 0 9.5 18 120 M M 6 23 110
4 54 37 46 -7 19 0 0.00 0.0 0 8.8 20 140 M M 5 23 140
5 60 34 47 -6 18 0 0.00 0.0 0 8.9 16 120 M M 4 12 21 120
6 75 46 61 8 4 0 0.00 0.0 0 18.4 29 140 M M 4 1 41 130
7 80 51 66 12 0 1 T 0.0 0 16.2 40 340 M M 3 3 56 340
8 77 51 64 10 1 0 0.31 0.0 0 10.0 18 350 M M 2 31 250
9 67 48 58 3 7 0 0.22 0.0 0 15.1 33 300 M M 5 13 44 300
10 73 50 62 7 3 0 0.00 0.0 0 6.1 17 290 M M 4 22 290
11 79 50 65 10 0 0 0.00 0.0 0 10.2 22 110 M M 2 1 28 80
12 78 54 66 10 0 1 T 0.0 0 16.1 35 270 M M 6 13 49 270
13 74 45 60 4 5 0 0.00 0.0 0 17.6 35 250 M M 2 48 250
14 71 41 56 0 9 0 0.00 0.0 0 12.7 26 310 M M 0 35 300
15 75 45 60 3 5 0 0.00 0.0 0 9.5 22 320 M M 2 28 320
16 79 42 61 4 4 0 0.00 0.0 0 9.0 20 100 M M 0 29 90
17 75 50 63 5 2 0 T 0.0 0 11.7 29 110 M M 1 39 120
18 78 45 62 4 3 0 0.01 0.0 0 9.2 23 320 M M 2 12 33 300
19 73 49 61 3 4 0 0.00 0.0 0 12.9 39 340 M M 3 52 340
20 54 32 43 -16 22 0 T 0.0 0 17.6 35 290 M M 6 1 46 290
21 56 32 44 -15 21 0 0.00 0.0 0 10.7 21 310 M M 7 29 300
22 61 30 46 -14 19 0 0.00 0.0 0 6.1 12 190 M M 0 16 160
23 63 38 51 -9 14 0 0.00 0.0 0 15.0 29 190 M M 3 39 160
24 67 37 52 -8 13 0 0.00 0.0 0 7.5 18 160 M M 4 25 130
25 71 40 56 -5 9 0 0.00 0.0 0 5.8 15 60 M M 1 1 19 60
26 84 39 62 1 3 0 0.00 0.0 0 8.6 26 330 M M 0 39 310
27 87 45 66 5 0 1 0.01 0.0 0 12.2 25 120 M M 0 35 130
28 86 53 70 8 0 5 0.18 0.0 0 11.6 37 290 M M 1 3 50 290
29 79 54 67 5 0 2 0.00 0.0 0 10.9 21 330 M M 0 28 330
30 65 55 60 -2 5 0 0.37 0.0 0 15.8 32 10 M M 8 1 41 360
31 63 48 56 -7 9 0 0.03 0.0 0 17.1 28 330 M M 8 39 330
================================================================================
SM 2176 1343 257 10 1.13 0.0 365.4 M 90
================================================================================
AV 70.2 43.3 11.8 FASTST M M 3 MAX(MPH)
MISC ----> 40 340 56 340
================================================================================
NOTES:
# LAST OF SEVERAL OCCURRENCES
COLUMN 17 PEAK WIND IN M.P.H.
PRELIMINARY LOCAL CLIMATOLOGICAL DATA (WS FORM: F-6) , PAGE 2
STATION: PIERRE SD
MONTH: MAY
YEAR: 2022
LATITUDE: 44 22 N
LONGITUDE: 100 17 W
[TEMPERATURE DATA] [PRECIPITATION DATA] SYMBOLS USED IN COLUMN 16
AVERAGE MONTHLY: 56.8 TOTAL FOR MONTH: 1.13 1 = FOG OR MIST
DPTR FM NORMAL: -0.4 DPTR FM NORMAL: -2.12 2 = FOG REDUCING VISIBILITY
HIGHEST: 87 ON 27 GRTST 24HR 0.40 ON 30-31 TO 1/4 MILE OR LESS
LOWEST: 30 ON 22 3 = THUNDER
SNOW, ICE PELLETS, HAIL 4 = ICE PELLETS
TOTAL MONTH: 0.0 INCH 5 = HAIL
GRTST 24HR 0.0 6 = FREEZING RAIN OR DRIZZLE
GRTST DEPTH: 0 7 = DUSTSTORM OR SANDSTORM:
VSBY 1/2 MILE OR LESS
8 = SMOKE OR HAZE
[NO. OF DAYS WITH] [WEATHER - DAYS WITH] 9 = BLOWING SNOW
X = TORNADO
MAX 32 OR BELOW: 0 0.01 INCH OR MORE: 7
MAX 90 OR ABOVE: 0 0.10 INCH OR MORE: 4
MIN 32 OR BELOW: 4 0.50 INCH OR MORE: 0
MIN 0 OR BELOW: 0 1.00 INCH OR MORE: 0
[HDD (BASE 65) ]
TOTAL THIS MO. 257 CLEAR (SCALE 0-3) 18
DPTR FM NORMAL -12 PTCLDY (SCALE 4-7) 13
TOTAL FM JUL 1 6869 CLOUDY (SCALE 8-10) 0
DPTR FM NORMAL -431
[CDD (BASE 65) ]
TOTAL THIS MO. 10
DPTR FM NORMAL -17 [PRESSURE DATA]
TOTAL FM JAN 1 10 HIGHEST SLP 30.41 ON 22
DPTR FM NORMAL -19 LOWEST SLP 29.19 ON 9
[REMARKS]
#FINAL-05-22#