000
CXUS53 KAPX 010832
CF6PLN
PRELIMINARY LOCAL CLIMATOLOGICAL DATA (WS FORM: F-6)
STATION: PELLSTON
MONTH: DECEMBER
YEAR: 2020
LATITUDE: 45 34 N
LONGITUDE: 84 48 W
TEMPERATURE IN F: :PCPN: SNOW: WIND :SUNSHINE: SKY :PK WND
================================================================================
1 2 3 4 5 6A 6B 7 8 9 10 11 12 13 14 15 16 17 18
12Z AVG MX 2MIN
DY MAX MIN AVG DEP HDD CDD WTR SNW DPTH SPD SPD DIR MIN PSBL S-S WX SPD DR
================================================================================
1 36 24 30 1 35 0 0.00 M M 14.7 18 340 M M 4 30 330
2 41 26 34 6 31 0 0.00 M M 10.2 20 290 M M 1 28 250
3 41 34 38 10 27 0 T M M 8.9 21 310 M M 10 8 29 320
4 41 26 34 6 31 0 T M M 10.4 20 330 M M 10 25 330
5 30 23 27 0 38 0 0.00 M M 4.4 10 30 M M 10 15 20
6 32 21 27 0 38 0 T M M 1.8 8 190 M M 10 1 11 180
7 38 18 28 2 37 0 0.00 M M 2.3 15 320 M M 6 20 310
8 39 18 29 3 36 0 T M M 6.8 21 250 M M 10 1 36 250
9 41 26 34 8 31 0 0.00 M M 8.8 18 270 M M 10 1 27 260
10 49 22 36 11 29 0 0.00 M M 2.8 13 230 M M 6 1 18 220
11 40 31 36 11 29 0 0.00 M M 8.1 18 340 M M 8 1 24 340
12 36 25 31 7 34 0 0.12 M M 12.9 20 10 M M 10 12 30 70
13 30 22 26 2 39 0 T M M 7.9 18 330 M M 10 1 23 320
14 32 20 26 2 39 0 0.04 M M 14.3 26 300 M M 10 1 37 290
15 25 16 21 -3 44 0 T M M 5.5 15 310 M M 7 8 20 310
16 29 14 22 -1 43 0 0.00 M M 7.0 15 110 M M 9 21 110
17 27 19 23 0 42 0 0.00 M M 4.1 13 70 M M 9 18 70
18 33 24 29 7 36 0 0.00 M M 4.4 12 190 M M 8 19 180
19 34 31 33 11 32 0 0.07 M M 4.0 9 160 M M 10 1 13 160
20 37 33 35 13 30 0 T M M 7.2 16 230 M M 10 1 27 240
21 36 29 33 11 32 0 0.00 M M 4.9 15 250 M M 10 20 260
22 35 27 31 10 34 0 0.00 M M 9.8 22 310 M M 10 18 30 300
23 50 32 41 20 24 0 0.03 M M 11.3 20 180 M M 7 32 190
24 47 19 33 12 32 0 0.05 M M 11.6 29 220 M M 10 128 49 260
25 25 17 21 1 44 0 0.04 M M 10.4 21 330 M M 10 18 30 340
26 26 24 25 5 40 0 0.01 M M 11.6 23 320 M M 10 1 32 320
27 30 24 27 7 38 0 0.12 M M 5.1 12 350 M M 10 1 17 110
28 30 20 25 5 40 0 0.05 M M 15.3 26 330 M M 10 128 35 330
29 25 18 22 3 43 0 0.00 M M 6.9 16 310 M M 6 22 310
30 34 22 28 9 37 0 0.15 M M 10.4 20 290 M M 10 1 36 260
31 30 25 28 9 37 0 T M M 8.3 21 310 M M 10 8 32 290
================================================================================
SM 1079 730 1102 0 0.68 M 252.1 M 271
================================================================================
AV 34.8 23.5 8.1 FASTST M M 9 MAX(MPH)
MISC ----> 29 220 49 260
================================================================================
NOTES:
# LAST OF SEVERAL OCCURRENCES
COLUMN 17 PEAK WIND IN M.P.H.
PRELIMINARY LOCAL CLIMATOLOGICAL DATA (WS FORM: F-6) , PAGE 2
STATION: PELLSTON
MONTH: DECEMBER
YEAR: 2020
LATITUDE: 45 34 N
LONGITUDE: 84 48 W
[TEMPERATURE DATA] [PRECIPITATION DATA] SYMBOLS USED IN COLUMN 16
AVERAGE MONTHLY: 29.2 TOTAL FOR MONTH: 0.68 1 = FOG OR MIST
DPTR FM NORMAL: 5.8 DPTR FM NORMAL: -1.34 2 = FOG REDUCING VISIBILITY
HIGHEST: 50 ON 23 GRTST 24HR 0.16 ON 27-28 TO 1/4 MILE OR LESS
LOWEST: 14 ON 16 3 = THUNDER
SNOW, ICE PELLETS, HAIL 4 = ICE PELLETS
TOTAL MONTH: M 5 = HAIL
GRTST 24HR M ON M 6 = FREEZING RAIN OR DRIZZLE
GRTST DEPTH: M ON M 7 = DUSTSTORM OR SANDSTORM:
VSBY 1/2 MILE OR LESS
8 = SMOKE OR HAZE
[NO. OF DAYS WITH] [WEATHER - DAYS WITH] 9 = BLOWING SNOW
X = TORNADO
MAX 32 OR BELOW: 13 0.01 INCH OR MORE: 10
MAX 90 OR ABOVE: 0 0.10 INCH OR MORE: 3
MIN 32 OR BELOW: 29 0.50 INCH OR MORE: 0
MIN 0 OR BELOW: 0 1.00 INCH OR MORE: 0
[HDD (BASE 65) ]
TOTAL THIS MO. 1102 CLEAR (SCALE 0-3) 1
DPTR FM NORMAL -187 PTCLDY (SCALE 4-7) 7
TOTAL FM JUL 1 2824 CLOUDY (SCALE 8-10) 23
DPTR FM NORMAL -462
[CDD (BASE 65) ]
TOTAL THIS MO. 0
DPTR FM NORMAL 0 [PRESSURE DATA]
TOTAL FM JAN 1 360 HIGHEST SLP 30.53 ON 29
DPTR FM NORMAL 140 LOWEST SLP 29.25 ON 24
[REMARKS]
#FINAL-12-20#