000
CXUS54 KOUN 010810
CF6PNC
PRELIMINARY LOCAL CLIMATOLOGICAL DATA (WS FORM: F-6)
STATION: PONCA CITY
MONTH: OCTOBER
YEAR: 2023
LATITUDE: 36 44 N
LONGITUDE: 97 6 W
TEMPERATURE IN F: :PCPN: SNOW: WIND :SUNSHINE: SKY :PK WND
================================================================================
1 2 3 4 5 6A 6B 7 8 9 10 11 12 13 14 15 16 17 18
12Z AVG MX 2MIN
DY MAX MIN AVG DEP HDD CDD WTR SNW DPTH SPD SPD DIR MIN PSBL S-S WX SPD DR
================================================================================
1 93 68 81 14 0 16 0.00 M M 10.1 20 150 M M 0 27 170
2 91 65 78 12 0 13 0.00 M M 9.7 18 160 M M 1 26 160
3 87 70 79 13 0 14 0.00 M M 14.3 24 140 M M 1 31 160
4 79 64 72 7 0 7 0.01 M M 7.3 18 80 M M 4 13 25 80
5 83 56 70 5 0 5 0.61 M M 6.4 22 360 M M 1 13 30 10
6 65 40 53 -11 12 0 0.00 M M 6.0 26 20 M M 5 34 10
7 67 35 51 -13 14 0 0.00 0.0 M 2.5 10 360 M M 0 16 360
8 82 41 62 -2 3 0 0.00 0.0 M 4.0 14 210 M M 0 22 250
9 82 47 65 2 0 0 0.00 M M 4.5 14 70 M M 0 19 70
10 85 51 68 5 0 3 0.00 M M 11.3 23 150 M M 0 29 150
11 86 65 76 14 0 11 0.00 M M 16.7 28 160 M M 3 39 160
12 76 65 71 9 0 6 0.02 M M 18.5 35 160 M M 9 45 150
13 68 49 59 -3 6 0 0.00 M M 10.1 21 330 M M 3 35 300
14 62 44 53 -8 12 0 0.00 M M 10.6 22 350 M M 6 8 32 350
15 60 40 50 -11 15 0 0.00 M M 9.7 21 350 M M 7 28 340
16 65 38 52 -8 13 0 0.00 M M 3.8 15 330 M M 2 23 340
17 77 33 55 -5 10 0 T M M 7.2 20 160 M M 0 27 180
18 80 46 63 3 2 0 0.00 M M 7.2 18 360 M M 0 23 360
19 81 40 61 2 4 0 0.00 M M 2.5 10 320 M M 0 19 280
20 87 44 66 7 0 1 0.00 M M 2.2 10 250 M M 0 8 16 210
21 89 47 68 10 0 3 0.00 M M 4.5 16 350 M M 0 25 360
22 90 61 76 18 0 11 0.00 M M 15.8 24 160 M M 0 33 160
23 87 65 76 18 0 11 0.00 M M 15.3 23 160 M M 2 32 170
24 73 65 69 12 0 4 4.44 M M 13.2 26 150 M M 9 13 35 140
25 73 66 70 13 0 5 0.18 M M 10.2 22 160 M M 9 1 31 160
26 84 67 76 20 0 11 0.00 M M 12.2 21 160 M M 5 1 33 220
27 73 49 61 5 4 0 0.02 M M 12.0 23 350 M M 10 31 350
28 50 37 44 -12 21 0 0.64 M M 12.2 17 10 M M 10 138 26 20
29 39 34 37 -18 28 0 0.31 M M 17.1 30 20 M M 10 13 37 10
30 47 29 38 -17 27 0 0.00 M M 5.9 16 360 M M 0 23 10
31 45 24 35 -19 30 0 0.00 M M 7.3 24 10 M M 0 32 360
================================================================================
SM 2306 1545 201 121 6.23 0.0 290.3 M 97
================================================================================
AV 74.4 49.8 9.4 FASTST M M 3 MAX(MPH)
MISC ----> 35 160 45 150
================================================================================
NOTES:
# LAST OF SEVERAL OCCURRENCES
COLUMN 17 PEAK WIND IN M.P.H.
PRELIMINARY LOCAL CLIMATOLOGICAL DATA (WS FORM: F-6) , PAGE 2
STATION: PONCA CITY
MONTH: OCTOBER
YEAR: 2023
LATITUDE: 36 44 N
LONGITUDE: 97 6 W
[TEMPERATURE DATA] [PRECIPITATION DATA] SYMBOLS USED IN COLUMN 16
AVERAGE MONTHLY: 62.1 TOTAL FOR MONTH: 6.23 1 = FOG OR MIST
DPTR FM NORMAL: 1.6 DPTR FM NORMAL: 3.17 2 = FOG REDUCING VISIBILITY
HIGHEST: 93 ON 1 GRTST 24HR 4.44 ON 24-24 TO 1/4 MILE OR LESS
LOWEST: 24 ON 31 3 = THUNDER
SNOW, ICE PELLETS, HAIL 4 = ICE PELLETS
TOTAL MONTH: 0.0 INCH 5 = HAIL
GRTST 24HR 0.0 6 = FREEZING RAIN OR DRIZZLE
GRTST DEPTH: M ON M 7 = DUSTSTORM OR SANDSTORM:
VSBY 1/2 MILE OR LESS
8 = SMOKE OR HAZE
[NO. OF DAYS WITH] [WEATHER - DAYS WITH] 9 = BLOWING SNOW
X = TORNADO
MAX 32 OR BELOW: 0 0.01 INCH OR MORE: 8
MAX 90 OR ABOVE: 3 0.10 INCH OR MORE: 5
MIN 32 OR BELOW: 2 0.50 INCH OR MORE: 3
MIN 0 OR BELOW: 0 1.00 INCH OR MORE: 1
[HDD (BASE 65) ]
TOTAL THIS MO. 201 CLEAR (SCALE 0-3) 20
DPTR FM NORMAL 1 PTCLDY (SCALE 4-7) 5
TOTAL FM JUL 1 201 CLOUDY (SCALE 8-10) 6
DPTR FM NORMAL -25
[CDD (BASE 65) ]
TOTAL THIS MO. 121
DPTR FM NORMAL 62 [PRESSURE DATA]
TOTAL FM JAN 1 2229 HIGHEST SLP M ON M
DPTR FM NORMAL 295 LOWEST SLP 29.44 ON 12
[REMARKS]
#FINAL-10-23#