000
CXUS54 KMOB 010630
CF6PNS
PRELIMINARY LOCAL CLIMATOLOGICAL DATA (WS FORM: F-6)
STATION: PENSACOLA
MONTH: MARCH
YEAR: 2024
LATITUDE: 30 28 N
LONGITUDE: 87 12 W
TEMPERATURE IN F: :PCPN: SNOW: WIND :SUNSHINE: SKY :PK WND
================================================================================
1 2 3 4 5 6A 6B 7 8 9 10 11 12 13 14 15 16 17 18
12Z AVG MX 2MIN
DY MAX MIN AVG DEP HDD CDD WTR SNW DPTH SPD SPD DIR MIN PSBL S-S WX SPD DR
================================================================================
1 66 53 60 0 5 0 0.55 0.0 0 9.6 18 120 M M 10 1 24 130
2 73 62 68 8 0 3 T 0.0 0 3.2 8 150 M M 9 12 12 150
3 75 61 68 8 0 3 0.00 0.0 0 6.8 14 140 M M 7 12 20 150
4 73 63 68 8 0 3 0.29 0.0 0 11.4 18 130 M M 10 13 24 120
5 69 61 65 5 0 0 0.67 0.0 0 8.3 29 150 M M 7 1 43 150
6 80 59 70 9 0 5 0.00 0.0 0 6.9 18 340 M M 4 1 28 320
7 73 55 64 3 1 0 0.00 0.0 0 5.7 12 190 M M 0 16 140
8 73 58 66 5 0 1 1.38 0.0 0 13.3 24 190 M M 7 13 36 210
9 72 57 65 4 0 0 0.81 0.0 0 12.7 24 250 M M 6 13 33 220
10 68 49 59 -2 6 0 0.00 0.0 0 11.4 20 350 M M 2 27 360
11 68 46 57 -5 8 0 0.00 0.0 0 3.8 10 340 M M 0 8 15 20
12 70 42 56 -6 9 0 0.00 0.0 0 6.0 15 210 M M 0 20 210
13 73 50 62 0 3 0 0.00 0.0 0 5.3 14 190 M M 0 1 17 180
14 70 60 65 3 0 0 T 0.0 0 9.2 16 120 M M 8 12 19 120
15 77 64 71 9 0 6 0.26 0.0 0 6.7 21 330 M M 8 13 28 340
16 78 59 69 7 0 4 T 0.0 0 6.1 13 330 M M 3 18 350
17 68 60 64 2 1 0 0.85 0.0 0 6.2 15 120 M M 6 13 19 130
18 71 47 59 -4 6 0 0.00 0.0 0 12.9 25 330 M M 4 35 330
19 62 38 50 -13 15 0 0.00 0.0 0 7.9 16 360 M M 0 25 10
20 68 40 54 -9 11 0 0.00 0.0 0 7.2 18 220 M M 1 25 180
21 71 47 59 -4 6 0 T 0.0 0 4.5 12 180 M M 2 1 15 170
22 70 58 64 1 1 0 0.12 0.0 0 7.1 24 110 M M 6 1 32 80
23 74 53 64 0 1 0 0.01 0.0 0 12.2 26 340 M M 5 37 340
24 70 50 60 -4 5 0 0.00 0.0 0 10.3 22 130 M M 0 31 130
25 70 59 65 1 0 0 0.00 0.0 0 20.7 30 120 M M 10 44 130
26 71 56 64 0 1 0 0.31 0.0 0 9.6 26 330 M M 8 1 36 330
27 79 55 67 3 0 2 0.00 0.0 0 11.5 21 340 M M 0 29 330
28 76 49 63 -1 2 0 0.00 0.0 0 11.6 22 350 M M 0 32 340
29 71 49 60 -5 5 0 0.00 0.0 0 7.8 16 190 M M 0 24 180
30 74 52 63 -2 2 0 0.00 0.0 0 7.5 18 180 M M 1 25 170
31 80 62 71 6 0 6 0.00 0.0 0 9.1 17 190 M M 1 21 170
================================================================================
SM 2233 1674 88 33 5.25 0.0 272.5 M 125
================================================================================
AV 72.0 54.0 8.8 FASTST M M 4 MAX(MPH)
MISC ----> 30 120 44 130
================================================================================
NOTES:
# LAST OF SEVERAL OCCURRENCES
COLUMN 17 PEAK WIND IN M.P.H.
PRELIMINARY LOCAL CLIMATOLOGICAL DATA (WS FORM: F-6) , PAGE 2
STATION: PENSACOLA
MONTH: MARCH
YEAR: 2024
LATITUDE: 30 28 N
LONGITUDE: 87 12 W
[TEMPERATURE DATA] [PRECIPITATION DATA] SYMBOLS USED IN COLUMN 16
AVERAGE MONTHLY: 63.0 TOTAL FOR MONTH: 5.25 1 = FOG OR MIST
DPTR FM NORMAL: 0.7 DPTR FM NORMAL: 0.00 2 = FOG REDUCING VISIBILITY
HIGHEST: 80 ON 31, 6 GRTST 24HR 2.19 ON 8- 9 TO 1/4 MILE OR LESS
LOWEST: 38 ON 19 3 = THUNDER
SNOW, ICE PELLETS, HAIL 4 = ICE PELLETS
TOTAL MONTH: 0.0 INCH 5 = HAIL
GRTST 24HR 0.0 6 = FREEZING RAIN OR DRIZZLE
GRTST DEPTH: 0 7 = DUSTSTORM OR SANDSTORM:
VSBY 1/2 MILE OR LESS
8 = SMOKE OR HAZE
[NO. OF DAYS WITH] [WEATHER - DAYS WITH] 9 = BLOWING SNOW
X = TORNADO
MAX 32 OR BELOW: 0 0.01 INCH OR MORE: 10
MAX 90 OR ABOVE: 0 0.10 INCH OR MORE: 9
MIN 32 OR BELOW: 0 0.50 INCH OR MORE: 5
MIN 0 OR BELOW: 0 1.00 INCH OR MORE: 1
[HDD (BASE 65) ]
TOTAL THIS MO. 88 CLEAR (SCALE 0-3) 14
DPTR FM NORMAL -51 PTCLDY (SCALE 4-7) 12
TOTAL FM JUL 1 1168 CLOUDY (SCALE 8-10) 5
DPTR FM NORMAL -100
[CDD (BASE 65) ]
TOTAL THIS MO. 33
DPTR FM NORMAL -24 [PRESSURE DATA]
TOTAL FM JAN 1 51 HIGHEST SLP M ON M
DPTR FM NORMAL -35 LOWEST SLP 29.70 ON 8
[REMARKS]
#FINAL-03-24#