000
CXUS55 KALY 010710
CF6POU
PRELIMINARY LOCAL CLIMATOLOGICAL DATA (WS FORM: F-6)
STATION: POUGHKEEPSIE NY
MONTH: JULY
YEAR: 2021
LATITUDE: 41 37 N
LONGITUDE: 73 53 W
TEMPERATURE IN F: :PCPN: SNOW: WIND :SUNSHINE: SKY :PK WND
================================================================================
1 2 3 4 5 6A 6B 7 8 9 10 11 12 13 14 15 16 17 18
12Z AVG MX 2MIN
DY MAX MIN AVG DEP HDD CDD WTR SNW DPTH SPD SPD DIR MIN PSBL S-S WX SPD DR
================================================================================
1 78 70 74 2 0 9 0.04 M M 1.7 7 140 M M 7 9 150
2 79 58 69 -3 0 4 0.79 M M 5.7 15 90 M M 9 1 21 100
3 68 58 63 -10 2 0 0.10 M M 5.3 12 40 M M 10 18 15 90
4 77 59 68 -5 0 3 0.00 M M 3.3 10 20 M M 8 1 15 30
5 83 57 70 -3 0 5 0.00 M M 3.1 12 180 M M 4 1 17 190
6 93 66 80 7 0 15 0.24 M M 4.9 26 320 M M 1 35 310
7 92 67 80 7 0 15 0.54 M M 5.2 21 310 M M 1 18 30 310
8 76 68 72 -1 0 7 1.37 M M 3.1 14 90 M M 8 1 19 90
9 84 68 76 2 0 11 0.09 M M 5.2 15 350 M M 7 21 360
10 81 64 73 -1 0 8 0.00 M M 4.6 13 20 M M 6 16 30
11 77 61 69 -5 0 4 0.03 M M 3.1 10 340 M M 5 1 14 140
12 77 65 71 -3 0 6 0.26 M M 4.2 10 90 M M 10 1 15 100
13 75 68 72 -2 0 7 0.00 M M 3.8 10 120 M M 10 13 140
14 88 67 78 4 0 13 0.01 M M 3.9 15 240 M M 5 1 19 240
15 88 66 77 3 0 12 T M M 2.1 12 180 M M 2 16 180
16 92 69 81 7 0 16 T M M 3.9 15 290 M M 1 22 280
17 89 70 80 6 0 15 2.15 M M 2.8 18 210 M M 4 18 28 230
18 84 69 77 3 0 12 0.12 M M 4.2 14 260 M M 9 1 17 250
19 82 67 75 1 0 10 0.01 M M 3.9 14 360 M M 6 1 17 10
20 85 64 75 1 0 10 0.00 M M 2.3 13 10 M M 0 18 16 20
21 81 63 72 -2 0 7 0.05 M M 3.6 15 340 M M 4 19 320
22 81 57 69 -5 0 4 0.00 M M 1.8 12 300 M M 1 17 350
23 81 55 68 -6 0 3 0.00 M M 1.9 17 360 M M 2 23 10
24 83 56 70 -4 0 5 0.00 M M 2.8 13 160 M M 1 12 17 160
25 82 68 75 1 0 10 0.04 M M 4.9 12 170 M M 8 1 16 180
26 88 65 77 3 0 12 0.00 M M 1.4 9 250 M M 3 12 12 330
27 90 61 76 2 0 11 0.09 M M 3.7 24 300 M M 2 1 36 290
28 81 61 71 -3 0 6 0.00 M M 4.4 14 350 M M 3 1 19 360
29 76 58 67 -7 0 2 0.13 M M 3.2 12 200 M M 6 1 17 210
30 82 55 69 -5 0 4 0.00 M M 6.2 18 330 M M 3 12 24 320
31 75 50 63 -11 2 0 0.00 M M 3.2 12 300 M M 1 14 310
================================================================================
SM 2548 1950 4 246 6.06 M 113.4 M 147
================================================================================
AV 82.2 62.9 3.7 FASTST M M 5 MAX(MPH)
MISC ----> 26 320 36 290
================================================================================
NOTES:
# LAST OF SEVERAL OCCURRENCES
COLUMN 17 PEAK WIND IN M.P.H.
PRELIMINARY LOCAL CLIMATOLOGICAL DATA (WS FORM: F-6) , PAGE 2
STATION: POUGHKEEPSIE NY
MONTH: JULY
YEAR: 2021
LATITUDE: 41 37 N
LONGITUDE: 73 53 W
[TEMPERATURE DATA] [PRECIPITATION DATA] SYMBOLS USED IN COLUMN 16
AVERAGE MONTHLY: 72.5 TOTAL FOR MONTH: 6.06 1 = FOG OR MIST
DPTR FM NORMAL: -1.1 DPTR FM NORMAL: 2.28 2 = FOG REDUCING VISIBILITY
HIGHEST: 93 ON 6 GRTST 24HR 2.25 ON 17-18 TO 1/4 MILE OR LESS
LOWEST: 50 ON 31 3 = THUNDER
SNOW, ICE PELLETS, HAIL 4 = ICE PELLETS
TOTAL MONTH: M 5 = HAIL
GRTST 24HR M ON M 6 = FREEZING RAIN OR DRIZZLE
GRTST DEPTH: M ON M 7 = DUSTSTORM OR SANDSTORM:
VSBY 1/2 MILE OR LESS
8 = SMOKE OR HAZE
[NO. OF DAYS WITH] [WEATHER - DAYS WITH] 9 = BLOWING SNOW
X = TORNADO
MAX 32 OR BELOW: 0 0.01 INCH OR MORE: 17
MAX 90 OR ABOVE: 4 0.10 INCH OR MORE: 9
MIN 32 OR BELOW: 0 0.50 INCH OR MORE: 4
MIN 0 OR BELOW: 0 1.00 INCH OR MORE: 2
[HDD (BASE 65) ]
TOTAL THIS MO. 4 CLEAR (SCALE 0-3) 13
DPTR FM NORMAL 1 PTCLDY (SCALE 4-7) 13
TOTAL FM JUL 1 4 CLOUDY (SCALE 8-10) 5
DPTR FM NORMAL 4
[CDD (BASE 65) ]
TOTAL THIS MO. 246
DPTR FM NORMAL -22 [PRESSURE DATA]
TOTAL FM JAN 1 506 HIGHEST SLP M ON M
DPTR FM NORMAL 59 LOWEST SLP 29.66 ON 30
[REMARKS]
#FINAL-07-21#