000
CXUS56 KPDT 011910
CF6PSC
PRELIMINARY LOCAL CLIMATOLOGICAL DATA (WS FORM: F-6)
STATION: PASCO WA
MONTH: DECEMBER
YEAR: 2023
LATITUDE: 46 16 N
LONGITUDE: 119 7 W
TEMPERATURE IN F: :PCPN: SNOW: WIND :SUNSHINE: SKY :PK WND
================================================================================
1 2 3 4 5 6A 6B 7 8 9 10 11 12 13 14 15 16 17 18
12Z AVG MX 2MIN
DY MAX MIN AVG DEP HDD CDD WTR SNW DPTH SPD SPD DIR MIN PSBL S-S WX SPD DR
================================================================================
1 40 26 33 -3 32 0 0.02 M M 4.6 12 320 M M 8 1 14 320
2 52 35 44 8 21 0 0.05 M M 11.5 28 220 M M 5 37 240
3 47 34 41 5 24 0 0.29 M M 3.7 13 310 M M 6 1 15 300
4 43 33 38 2 27 0 0.06 M M 4.1 10 300 M M 9 12 12 340
5 51 41 46 10 19 0 0.03 M M 1.9 10 300 M M 9 1 13 310
6 53 47 50 15 15 0 0.24 M M 3.7 12 310 M M 9 1 16 310
7 52 42 47 12 18 0 T M M 13.8 23 230 M M 3 30 230
8 51 29 40 5 25 0 0.00 M M 7.0 21 240 M M 1 28 230
9 39 27 33 -2 32 0 0.06 M M 2.9 10 80 M M 5 14 80
10 41 37 39 4 26 0 0.23 M M 4.5 9 310 M M 10 1 11 310
11 43 39 41 7 24 0 T M M 2.6 10 340 M M 10 1 13 320
12 44 40 42 8 23 0 0.05 M M 4.1 10 340 M M 10 1 12 340
13 46 34 40 6 25 0 0.01 M M 2.8 7 320 M M 7 9 320
14 42 33 38 4 27 0 0.00 M M 1.2 7 310 M M 6 9 330
15 43 28 36 2 29 0 0.00 M M 3.1 7 110 M M 2 12 9 120
16 41 34 38 4 27 0 0.00 M M 3.4 10 130 M M 10 128 12 130
17 40 36 38 4 27 0 0.00 M M 3.0 8 360 M M 10 10 360
18 39 36 38 4 27 0 0.13 M M 2.3 7 20 M M 10 1 9 30
19 45 36 41 7 24 0 0.08 M M 2.9 7 130 M M 10 1 9 270
20 45 41 43 10 22 0 0.00 M M 2.5 9 130 M M 10 1 10 130
21 42 40 41 8 24 0 0.00 M M 1.2 6 50 M M 10 1 8 260
22 42 31 37 4 28 0 0.05 M M 4.3 14 270 M M 8 1 20 290
23 48 25 37 4 28 0 0.00 M M 3.2 12 220 M M 0 14 230
24 35 20 28 -5 37 0 0.00 M M 2.9 12 290 M M 3 1 13 300
25 37 23 30 -3 35 0 0.03 M M 1.5 9 90 M M 7 12 11 90
26 42 30 36 3 29 0 0.06 M M 4.5 10 320 M M 10 1 14 310
27 45 29 37 4 28 0 0.04 M M 2.7 13 110 M M 6 12 17 120
28 37 27 32 -1 33 0 0.00 M M 1.8 9 260 M M 7 12 12 260
29 42 30 36 3 29 0 0.00 M M 2.5 14 80 M M 8 12 17 90
30 37 30 34 1 31 0 T M M 0.8 6 270 M M 8 12 8 80
31 38 32 35 2 30 0 0.01 M M 2.6 8 300 M M 10 12 10 300
================================================================================
SM 1342 1025 826 0 1.44 M 113.6 M 227
================================================================================
AV 43.3 33.1 3.7 FASTST M M 7 MAX(MPH)
MISC ----> 28 220 37 240
================================================================================
NOTES:
# LAST OF SEVERAL OCCURRENCES
COLUMN 17 PEAK WIND IN M.P.H.
PRELIMINARY LOCAL CLIMATOLOGICAL DATA (WS FORM: F-6) , PAGE 2
STATION: PASCO WA
MONTH: DECEMBER
YEAR: 2023
LATITUDE: 46 16 N
LONGITUDE: 119 7 W
[TEMPERATURE DATA] [PRECIPITATION DATA] SYMBOLS USED IN COLUMN 16
AVERAGE MONTHLY: 38.2 TOTAL FOR MONTH: 1.44 1 = FOG OR MIST
DPTR FM NORMAL: 4.1 DPTR FM NORMAL: 0.41 2 = FOG REDUCING VISIBILITY
HIGHEST: 53 ON 6 GRTST 24HR 0.29 ON 3- 3 TO 1/4 MILE OR LESS
LOWEST: 20 ON 24 3 = THUNDER
SNOW, ICE PELLETS, HAIL 4 = ICE PELLETS
TOTAL MONTH: M 5 = HAIL
GRTST 24HR M ON M 6 = FREEZING RAIN OR DRIZZLE
GRTST DEPTH: M ON M 7 = DUSTSTORM OR SANDSTORM:
VSBY 1/2 MILE OR LESS
8 = SMOKE OR HAZE
[NO. OF DAYS WITH] [WEATHER - DAYS WITH] 9 = BLOWING SNOW
X = TORNADO
MAX 32 OR BELOW: 0 0.01 INCH OR MORE: 17
MAX 90 OR ABOVE: 0 0.10 INCH OR MORE: 4
MIN 32 OR BELOW: 14 0.50 INCH OR MORE: 0
MIN 0 OR BELOW: 0 1.00 INCH OR MORE: 0
[HDD (BASE 65) ]
TOTAL THIS MO. 826 CLEAR (SCALE 0-3) 4
DPTR FM NORMAL -130 PTCLDY (SCALE 4-7) 12
TOTAL FM JUL 1 1996 CLOUDY (SCALE 8-10) 15
DPTR FM NORMAL -184
[CDD (BASE 65) ]
TOTAL THIS MO. 0
DPTR FM NORMAL 0 [PRESSURE DATA]
TOTAL FM JAN 1 1162 HIGHEST SLP 30.51 ON 9
DPTR FM NORMAL 374 LOWEST SLP 29.58 ON 2
[REMARKS]
#FINAL-12-23#