000
CXUS54 KFWD 010830
CF6PSN
PRELIMINARY LOCAL CLIMATOLOGICAL DATA (WS FORM: F-6)
STATION: PALESTINE
MONTH: JANUARY
YEAR: 2022
LATITUDE: 31 46 N
LONGITUDE: 95 42 W
TEMPERATURE IN F: :PCPN: SNOW: WIND :SUNSHINE: SKY :PK WND
================================================================================
1 2 3 4 5 6A 6B 7 8 9 10 11 12 13 14 15 16 17 18
12Z AVG MX 2MIN
DY MAX MIN AVG DEP HDD CDD WTR SNW DPTH SPD SPD DIR MIN PSBL S-S WX SPD DR
================================================================================
1 79 36 58 12 7 0 0.00 M M 11.7 17 M M M 7 26 320
2 37 23 30 -16 35 0 0.00 M M 13.4 21 310 M M 6 1 29 340
3 52 21 37 -9 28 0 0.00 M M 1.5 5 99 M M 0 M M
4 63 30 47 1 18 0 0.00 M M 9.0 16 M M M 2 24 210
5 68 45 57 11 8 0 0.00 M M 4.0 9 40 M M 4 1 12 350
6 52 32 42 -4 23 0 0.00 M M 9.8 16 340 M M 2 1 22 340
7 50 25 38 -8 27 0 0.00 M M 6.2 9 100 M M 7 16 0
8 68 48 58 12 7 0 0.00 M M 6.9 9 150 M M 10 1 16 150
9 68 50 59 13 6 0 0.00 M M 11.5 16 250 M M 9 1 25 190
10 57 34 46 0 19 0 0.00 M M 10.1 16 10 M M 1 20 10
11 55 28 42 -4 23 0 0.00 M M 0.8 5 220 M M 3 M M
12 63 39 51 5 14 0 0.00 M M 5.8 12 240 M M 5 17 240
13 73 36 55 9 10 0 0.00 M M 4.6 9 270 M M 1 1 13 280
14 73 39 56 10 9 0 0.00 M M 8.1 16 180 M M 1 23 180
15 63 30 47 1 18 0 0.00 M M 16.4 23 300 M M 9 36 310
16 52 27 40 -6 25 0 0.00 M M 8.7 16 M M M 1 22 M
17 64 28 46 0 19 0 0.00 M M 2.0 7 210 M M 1 13 99
18 72 45 59 13 6 0 0.00 M M 14.1 24 210 M M 3 31 200
19 73 41 57 11 8 0 0.00 M M 9.6 20 M M M 8 28 0
20 39 28 34 -12 31 0 0.00 M M 14.8 21 360 M M 9 27 10
21 46 21 34 -12 31 0 0.00 M M 7.4 10 10 M M 2 18 10
22 52 25 39 -7 26 0 0.00 M M 4.7 8 100 M M 3 16 99
23 63 25 44 -2 21 0 0.00 M M 3.5 9 270 M M 1 15 280
24 50 37 44 -2 21 0 0.00 M M 3.4 7 210 M M 9 1 M M
25 54 41 48 2 17 0 M M M 6.9 12 30 M M 8 1 17 60
26 54 32 43 -3 22 0 0.00 M M 7.2 12 60 M M 3 20 50
27 57 37 47 1 18 0 M M M 5.3 10 350 M M 6 14 0
28 55 30 43 -4 22 0 0.00 M M 12.8 18 350 M M 3 22 30
29 64 25 45 -2 20 0 0.00 M M 8.5 14 220 M M 0 21 270
30 68 32 50 3 15 0 0.00 M M 6.9 16 230 M M 0 20 200
31 59 48 54 7 11 0 0.20 M M 5.2 9 140 M M 6 1 26 150
================================================================================
SM 1843 1038 565 0 0.20 M 240.6 M 130
================================================================================
AV 59.5 33.5 7.8 FASTST M M 4 MAX(MPH)
MISC ----> 24 210 36 310
================================================================================
NOTES:
# LAST OF SEVERAL OCCURRENCES
COLUMN 17 PEAK WIND IN M.P.H.
PRELIMINARY LOCAL CLIMATOLOGICAL DATA (WS FORM: F-6) , PAGE 2
STATION: PALESTINE
MONTH: JANUARY
YEAR: 2022
LATITUDE: 31 46 N
LONGITUDE: 95 42 W
[TEMPERATURE DATA] [PRECIPITATION DATA] SYMBOLS USED IN COLUMN 16
AVERAGE MONTHLY: 46.5 TOTAL FOR MONTH: 0.20 1 = FOG OR MIST
DPTR FM NORMAL: 0.5 DPTR FM NORMAL: -3.46 2 = FOG REDUCING VISIBILITY
HIGHEST: 79 ON 1 GRTST 24HR 0.20 ON 31-31 TO 1/4 MILE OR LESS
LOWEST: 21 ON 21, 3 3 = THUNDER
SNOW, ICE PELLETS, HAIL 4 = ICE PELLETS
TOTAL MONTH: M 5 = HAIL
GRTST 24HR M ON M 6 = FREEZING RAIN OR DRIZZLE
GRTST DEPTH: M ON M 7 = DUSTSTORM OR SANDSTORM:
VSBY 1/2 MILE OR LESS
8 = SMOKE OR HAZE
[NO. OF DAYS WITH] [WEATHER - DAYS WITH] 9 = BLOWING SNOW
X = TORNADO
MAX 32 OR BELOW: 0 0.01 INCH OR MORE: 1
MAX 90 OR ABOVE: 0 0.10 INCH OR MORE: 1
MIN 32 OR BELOW: 17 0.50 INCH OR MORE: 0
MIN 0 OR BELOW: 0 1.00 INCH OR MORE: 0
[HDD (BASE 65) ]
TOTAL THIS MO. 565 CLEAR (SCALE 0-3) 17
DPTR FM NORMAL -28 PTCLDY (SCALE 4-7) 9
TOTAL FM JUL 1 1000 CLOUDY (SCALE 8-10) 5
DPTR FM NORMAL -529
[CDD (BASE 65) ]
TOTAL THIS MO. 0
DPTR FM NORMAL -3 [PRESSURE DATA]
TOTAL FM JAN 1 0 HIGHEST SLP M ON M
DPTR FM NORMAL -3 LOWEST SLP M ON M
[REMARKS]
#FINAL-01-22#