000
CXUS56 KOTX 030131
CF6PUW
PRELIMINARY LOCAL CLIMATOLOGICAL DATA (WS FORM: F-6)
STATION: PULLMAN_MOSCOW AIRPORT
MONTH: JANUARY
YEAR: 2022
LATITUDE: 46 44 N
LONGITUDE: 117 7 W
TEMPERATURE IN F: :PCPN: SNOW: WIND :SUNSHINE: SKY :PK WND
================================================================================
1 2 3 4 5 6A 6B 7 8 9 10 11 12 13 14 15 16 17 18
12Z AVG MX 2MIN
DY MAX MIN AVG DEP HDD CDD WTR SNW DPTH SPD SPD DIR MIN PSBL S-S WX SPD DR
================================================================================
1 18 -6 6 -25 59 0 0.00 M M 10.7 21 90 M M 5 12 26 130
2 26 17 22 -9 43 0 0.00 M M 17.6 29 120 M M 2 8 34 120
3 37 25 31 0 34 0 0.06 M M 13.8 29 170 M M 10 18 35 170
4 31 16 24 -8 41 0 0.05 M M 7.3 16 250 M M 8 18 22 260
5 31 24 28 -4 37 0 0.17 M M 8.3 21 250 M M 10 126 26 250
6 39 25 32 0 33 0 0.83 M M 9.2 18 90 M M 10 126 23 100
7 40 30 35 3 30 0 0.45 M M 21.3 46 240 M M 7 1 58 240
8 34 21 28 -4 37 0 0.00 M M 9.0 24 240 M M 0 32 240
9 33 23 28 -4 37 0 0.00 M M 14.7 22 100 M M 0 28 100
10 33 25 29 -3 36 0 0.00 M M 10.0 20 100 M M 2 22 90
11 37 30 34 2 31 0 0.02 M M 14.7 22 100 M M 9 25 100
12 41 35 38 6 27 0 0.05 M M 15.9 21 120 M M 6 25 120
13 40 31 36 4 29 0 0.00 M M 5.9 22 90 M M 3 26 90
14 40 33 37 4 28 0 0.00 M M 5.5 17 100 M M 5 19 90
15 39 30 35 2 30 0 0.00 M M 7.4 18 130 M M 0 21 120
16 38 29 34 1 31 0 0.00 M M 7.9 15 130 M M 0 18 140
17 38 31 35 2 30 0 T M M 9.0 18 120 M M 2 23 120
18 39 30 35 2 30 0 T M M 3.4 10 150 M M 9 12 12 140
19 43 34 39 6 26 0 T M M 4.1 13 90 M M 10 1 14 100
20 46 34 40 7 25 0 0.67 M M 13.0 24 250 M M 9 1 33 250
21 41 31 36 3 29 0 0.00 M M 6.3 15 270 M M 1 19 260
22 40 28 34 1 31 0 0.00 M M 4.2 9 170 M M 0 M M
23 M M M M M M 0.00 M M M M M M M M M M
24 29 22 26 -8 39 0 T M M 4.1 10 320 M M 9 12 13 320
25 35 27 31 -3 34 0 0.00 M M 7.9 15 110 M M 5 18 110
26 29 24 27 -7 38 0 T M M 4.2 10 150 M M 6 1 12 140
27 31 24 28 -6 37 0 0.00 M M 7.1 14 100 M M 6 16 100
28 36 22 29 -5 36 0 T M M 8.7 20 90 M M 1 1 24 90
29 36 20 28 -6 37 0 0.00 M M 6.0 18 130 M M 2 12 22 130
30 38 20 29 -5 36 0 0.12 M M 8.0 18 130 M M 6 1 28 230
31 38 22 30 -4 35 0 0.03 M M 14.0 30 250 M M 5 1 41 260
================================================================================
SM 1076 757 1026 0 2.45 M 279.2 M 148
================================================================================
AV 35.9 25.2 9.3 FASTST M M 5 MAX(MPH)
MISC ----> 46 240 58 240
================================================================================
NOTES:
# LAST OF SEVERAL OCCURRENCES
COLUMN 17 PEAK WIND IN M.P.H.
PRELIMINARY LOCAL CLIMATOLOGICAL DATA (WS FORM: F-6) , PAGE 2
STATION: PULLMAN_MOSCOW AIRPORT
MONTH: JANUARY
YEAR: 2022
LATITUDE: 46 44 N
LONGITUDE: 117 7 W
[TEMPERATURE DATA] [PRECIPITATION DATA] SYMBOLS USED IN COLUMN 16
AVERAGE MONTHLY: 30.6 TOTAL FOR MONTH: 2.45 1 = FOG OR MIST
DPTR FM NORMAL: -2.2 DPTR FM NORMAL: 0.30 2 = FOG REDUCING VISIBILITY
HIGHEST: 46 ON 20 GRTST 24HR 0.83 ON 6- 6 TO 1/4 MILE OR LESS
LOWEST: -6 ON 1 3 = THUNDER
SNOW, ICE PELLETS, HAIL 4 = ICE PELLETS
TOTAL MONTH: M 5 = HAIL
GRTST 24HR M ON M 6 = FREEZING RAIN OR DRIZZLE
GRTST DEPTH: M ON M 7 = DUSTSTORM OR SANDSTORM:
VSBY 1/2 MILE OR LESS
8 = SMOKE OR HAZE
[NO. OF DAYS WITH] [WEATHER - DAYS WITH] 9 = BLOWING SNOW
X = TORNADO
MAX 32 OR BELOW: 7 0.01 INCH OR MORE: 10
MAX 90 OR ABOVE: 0 0.10 INCH OR MORE: 5
MIN 32 OR BELOW: 26 0.50 INCH OR MORE: 2
MIN 0 OR BELOW: 1 1.00 INCH OR MORE: 0
[HDD (BASE 65) ]
TOTAL THIS MO. 1026 CLEAR (SCALE 0-3) 12
DPTR FM NORMAL 25 PTCLDY (SCALE 4-7) 10
TOTAL FM JUL 1 3482 CLOUDY (SCALE 8-10) 9
DPTR FM NORMAL -145
[CDD (BASE 65) ]
TOTAL THIS MO. 0
DPTR FM NORMAL 0 [PRESSURE DATA]
TOTAL FM JAN 1 0 HIGHEST SLP 30.70 ON 27
DPTR FM NORMAL 0 LOWEST SLP 29.38 ON 7
[REMARKS]
#FINAL-01-22#