000
CXUS54 KFWD 010732
CF6PWG
PRELIMINARY LOCAL CLIMATOLOGICAL DATA (WS FORM: F-6)
STATION: WACO MCGREGOR
MONTH: MAY
YEAR: 2023
LATITUDE: 31 28 N
LONGITUDE: 97 19 W
TEMPERATURE IN F: :PCPN: SNOW: WIND :SUNSHINE: SKY :PK WND
================================================================================
1 2 3 4 5 6A 6B 7 8 9 10 11 12 13 14 15 16 17 18
12Z AVG MX 2MIN
DY MAX MIN AVG DEP HDD CDD WTR SNW DPTH SPD SPD DIR MIN PSBL S-S WX SPD DR
================================================================================
1 79 54 67 -1 0 2 0.00 M M 8.3 14 100 M M 0 22 80
2 83 56 70 1 0 5 0.00 M M 4.8 13 180 M M 4 M M
3 85 62 74 5 0 9 0.00 M M 4.8 15 130 M M 1 16 100
4 81 64 73 4 0 8 1.51 M M 11.1 25 300 M M 4 13 45 300
5 91 68 80 10 0 15 0.04 M M 12.2 29 150 M M 4 138 38 150
6 86 63 75 5 0 10 0.00 M M 11.3 23 160 M M 4 33 160
7 86 67 77 7 0 12 0.00 M M 10.4 18 160 M M 4 27 170
8 91 67 79 9 0 14 0.00 M M 11.5 22 170 M M 3 1 32 140
9 81 69 75 4 0 10 0.02 M M 8.9 15 130 M M 6 1 M M
10 74 66 70 -1 0 5 1.37 M M 4.1 10 80 M M 9 1 M M
11 88 69 79 8 0 14 0.00 M M 11.5 20 160 M M 5 24 180
12 87 74 81 9 0 16 0.00 M M 12.9 20 160 M M 7 18 26 160
13 78 65 72 0 0 7 0.52 M M 5.4 24 240 M M 4 1 30 240
14 81 69 75 3 0 10 0.12 M M 3.3 8 130 M M 5 1 M M
15 88 65 77 5 0 12 0.44 M M 4.3 21 110 M M 3 13 26 110
16 77 65 71 -2 0 6 0.00 M M 5.0 10 330 M M 4 1 M M
17 85 62 74 1 0 9 0.00 M M 3.0 7 99 M M 1 18 M M
18 90 63 77 4 0 12 0.00 M M 5.6 12 110 M M 0 M M
19 93 66 80 6 0 15 1.73 M M 9.2 24 310 M M 2 13 36 330
20 79 64 72 -2 0 7 0.07 M M 8.6 13 350 M M 5 M M
21 75 61 68 -6 0 3 0.00 M M 4.5 8 350 M M 2 M M
22 84 61 73 -1 0 8 0.00 M M 2.7 9 120 M M 2 1 M M
23 88 65 77 3 0 12 0.05 M M 5.9 16 120 M M 2 20 300
24 82 65 74 -1 0 9 0.54 M M 5.1 22 300 M M 3 13 35 300
25 83 67 75 0 0 10 0.00 M M 4.7 10 100 M M 2 M M
26 88 64 76 1 0 11 0.00 M M 4.7 10 120 M M 1 16 120
27 89 63 76 0 0 11 0.00 M M 4.6 9 190 M M 1 M M
28 89 69 79 3 0 14 0.00 M M 7.1 16 160 M M 3 21 160
29 89 66 78 2 0 13 0.00 M M 4.5 10 180 M M 0 M M
30 91 66 79 3 0 14 0.00 M M 5.6 15 90 M M 2 22 110
31 90 67 79 3 0 14 0.00 M M 6.1 12 150 M M 1 16 150
================================================================================
SM 2631 2012 0 317 6.41 M 211.8 M 94
================================================================================
AV 84.9 64.9 6.8 FASTST M M 3 MAX(MPH)
MISC ----> 29 150 45 300
================================================================================
NOTES:
# LAST OF SEVERAL OCCURRENCES
COLUMN 17 PEAK WIND IN M.P.H.
PRELIMINARY LOCAL CLIMATOLOGICAL DATA (WS FORM: F-6) , PAGE 2
STATION: WACO MCGREGOR
MONTH: MAY
YEAR: 2023
LATITUDE: 31 28 N
LONGITUDE: 97 19 W
[TEMPERATURE DATA] [PRECIPITATION DATA] SYMBOLS USED IN COLUMN 16
AVERAGE MONTHLY: 74.9 TOTAL FOR MONTH: 6.41 1 = FOG OR MIST
DPTR FM NORMAL: 2.3 DPTR FM NORMAL: 2.03 2 = FOG REDUCING VISIBILITY
HIGHEST: 93 ON 19 GRTST 24HR 1.80 ON 19-20 TO 1/4 MILE OR LESS
LOWEST: 54 ON 1 3 = THUNDER
SNOW, ICE PELLETS, HAIL 4 = ICE PELLETS
TOTAL MONTH: M 5 = HAIL
GRTST 24HR M ON M 6 = FREEZING RAIN OR DRIZZLE
GRTST DEPTH: M ON M 7 = DUSTSTORM OR SANDSTORM:
VSBY 1/2 MILE OR LESS
8 = SMOKE OR HAZE
[NO. OF DAYS WITH] [WEATHER - DAYS WITH] 9 = BLOWING SNOW
X = TORNADO
MAX 32 OR BELOW: 0 0.01 INCH OR MORE: 11
MAX 90 OR ABOVE: 6 0.10 INCH OR MORE: 7
MIN 32 OR BELOW: 0 0.50 INCH OR MORE: 5
MIN 0 OR BELOW: 0 1.00 INCH OR MORE: 3
[HDD (BASE 65) ]
TOTAL THIS MO. 0 CLEAR (SCALE 0-3) 16
DPTR FM NORMAL -10 PTCLDY (SCALE 4-7) 14
TOTAL FM JUL 1 1764 CLOUDY (SCALE 8-10) 1
DPTR FM NORMAL -577
[CDD (BASE 65) ]
TOTAL THIS MO. 317
DPTR FM NORMAL 71 [PRESSURE DATA]
TOTAL FM JAN 1 508 HIGHEST SLP 30.20 ON 20
DPTR FM NORMAL 151 LOWEST SLP 29.73 ON 11
[REMARKS]
#FINAL-05-23#