000
CXUS54 KFWD 010731
CF6PWG
PRELIMINARY LOCAL CLIMATOLOGICAL DATA (WS FORM: F-6)
STATION: WACO MCGREGOR
MONTH: MARCH
YEAR: 2023
LATITUDE: 31 28 N
LONGITUDE: 97 19 W
TEMPERATURE IN F: :PCPN: SNOW: WIND :SUNSHINE: SKY :PK WND
================================================================================
1 2 3 4 5 6A 6B 7 8 9 10 11 12 13 14 15 16 17 18
12Z AVG MX 2MIN
DY MAX MIN AVG DEP HDD CDD WTR SNW DPTH SPD SPD DIR MIN PSBL S-S WX SPD DR
================================================================================
1 82 64 73 21 0 8 T M M 9.6 17 180 M M 5 18 24 180
2 80 55 68 15 0 3 0.96 M M 17.9 35 150 M M 6 138 44 150
3 66 45 56 3 9 0 0.09 M M 13.2 31 260 M M 3 44 260
4 80 44 62 9 3 0 0.00 M M 8.2 14 140 M M 0 20 200
5 79 52 66 12 0 1 0.00 M M 11.5 18 160 M M 1 1 24 160
6 82 55 69 15 0 4 0.00 M M 10.4 16 210 M M 2 21 200
7 80 61 71 17 0 6 0.00 M M 8.3 15 140 M M 7 18 M M
8 72 55 64 10 1 0 0.00 M M 9.4 16 350 M M 6 1 M M
9 81 55 68 13 0 3 0.16 M M 8.0 21 340 M M 9 1238 32 350
10 67 52 60 5 5 0 T M M 8.2 17 350 M M 7 1 24 350
11 90 56 73 18 0 8 0.00 M M 13.4 18 180 M M 4 1 25 190
12 74 54 64 8 1 0 M M M 12.6 16 340 M M 4 22 200
13 64 44 54 -2 11 0 0.00 M M 10.8 17 40 M M 0 21 10
14 56 46 51 -5 14 0 T M M 6.4 10 10 M M 7 M M
15 72 45 59 3 6 0 0.00 M M 12.8 21 150 M M 6 30 150
16 77 45 61 4 4 0 0.20 M M 15.7 29 350 M M 7 1 43 340
17 57 41 49 -8 16 0 0.01 M M 14.9 22 350 M M 3 31 340
18 59 38 49 -8 16 0 0.00 M M 6.1 15 10 M M 3 M M
19 57 31 44 -13 21 0 0.00 M M 4.9 9 110 M M 0 M M
20 58 37 48 -10 17 0 0.00 M M 13.1 24 170 M M 7 32 170
21 69 49 59 1 6 0 0.01 M M 12.5 17 160 M M 10 1 28 160
22 82 68 75 17 0 10 0.00 M M 16.3 23 180 M M 7 33 170
23 86 69 78 20 0 13 0.00 M M 17.3 24 160 M M 7 36 180
24 83 56 70 11 0 5 0.04 M M 11.9 20 170 M M 5 30 180
25 80 49 65 6 0 0 0.00 M M 6.5 14 280 M M 0 22 310
26 84 44 64 5 1 0 0.00 M M 4.8 12 350 M M 1 17 130
27 75 51 63 3 2 0 0.00 M M 9.6 14 360 M M 2 M M
28 67 51 59 -1 6 0 T M M 12.4 23 10 M M 2 33 20
29 70 48 59 -1 6 0 0.12 M M 8.6 15 150 M M 7 M M
30 74 60 67 7 0 2 T M M 15.6 26 170 M M 9 1 36 170
31 90 57 74 14 0 9 0.00 M M 13.9 26 170 M M 4 37 170
================================================================================
SM 2293 1577 145 72 1.59 M 344.5 M 141
================================================================================
AV 74.0 50.9 11.1 FASTST M M 5 MAX(MPH)
MISC ----> 35 150 44 260
================================================================================
NOTES:
# LAST OF SEVERAL OCCURRENCES
COLUMN 17 PEAK WIND IN M.P.H.
PRELIMINARY LOCAL CLIMATOLOGICAL DATA (WS FORM: F-6) , PAGE 2
STATION: WACO MCGREGOR
MONTH: MARCH
YEAR: 2023
LATITUDE: 31 28 N
LONGITUDE: 97 19 W
[TEMPERATURE DATA] [PRECIPITATION DATA] SYMBOLS USED IN COLUMN 16
AVERAGE MONTHLY: 62.4 TOTAL FOR MONTH: 1.59 1 = FOG OR MIST
DPTR FM NORMAL: 5.9 DPTR FM NORMAL: -1.64 2 = FOG REDUCING VISIBILITY
HIGHEST: 90 ON 31,11 GRTST 24HR 1.05 ON 2- 3 TO 1/4 MILE OR LESS
LOWEST: 31 ON 19 3 = THUNDER
SNOW, ICE PELLETS, HAIL 4 = ICE PELLETS
TOTAL MONTH: M 5 = HAIL
GRTST 24HR M ON M 6 = FREEZING RAIN OR DRIZZLE
GRTST DEPTH: M ON M 7 = DUSTSTORM OR SANDSTORM:
VSBY 1/2 MILE OR LESS
8 = SMOKE OR HAZE
[NO. OF DAYS WITH] [WEATHER - DAYS WITH] 9 = BLOWING SNOW
X = TORNADO
MAX 32 OR BELOW: 0 0.01 INCH OR MORE: 8
MAX 90 OR ABOVE: 2 0.10 INCH OR MORE: 4
MIN 32 OR BELOW: 1 0.50 INCH OR MORE: 1
MIN 0 OR BELOW: 0 1.00 INCH OR MORE: 0
[HDD (BASE 65) ]
TOTAL THIS MO. 145 CLEAR (SCALE 0-3) 9
DPTR FM NORMAL -141 PTCLDY (SCALE 4-7) 19
TOTAL FM JUL 1 1691 CLOUDY (SCALE 8-10) 3
DPTR FM NORMAL -544
[CDD (BASE 65) ]
TOTAL THIS MO. 72
DPTR FM NORMAL 48 [PRESSURE DATA]
TOTAL FM JAN 1 106 HIGHEST SLP M ON M
DPTR FM NORMAL 76 LOWEST SLP M ON M
[REMARKS]
#FINAL-03-23#