000
CXUS54 KFWD 010732
CF6PWG
PRELIMINARY LOCAL CLIMATOLOGICAL DATA (WS FORM: F-6)
STATION: WACO MCGREGOR
MONTH: JULY
YEAR: 2021
LATITUDE: 31 28 N
LONGITUDE: 97 19 W
TEMPERATURE IN F: :PCPN: SNOW: WIND :SUNSHINE: SKY :PK WND
================================================================================
1 2 3 4 5 6A 6B 7 8 9 10 11 12 13 14 15 16 17 18
12Z AVG MX 2MIN
DY MAX MIN AVG DEP HDD CDD WTR SNW DPTH SPD SPD DIR MIN PSBL S-S WX SPD DR
================================================================================
1 95 72 84 2 0 19 0.00 M M 3.9 8 110 M M 1 M M
2 94 76 85 3 0 20 M M M 3.8 14 360 M M 3 13 23 360
3 80 72 76 -6 0 11 0.00 M M 2.9 12 10 M M 8 13 23 10
4 85 73 79 -3 0 14 0.04 M M 4.3 12 130 M M 8 1 M M
5 88 71 80 -2 0 15 M M M 3.8 22 130 M M 7 1 30 130
6 92 71 82 0 0 17 0.00 M M 5.3 12 120 M M 6 1 M M
7 92 70 81 -2 0 16 T M M 3.7 10 200 M M 2 1 M M
8 93 70 82 -1 0 17 T M M 6.2 17 150 M M 3 16 110
9 85 73 79 -4 0 14 T M M 8.8 18 140 M M 8 1 28 120
10 94 73 84 1 0 19 0.00 M M 7.6 13 180 M M 6 1 17 190
11 94 75 85 2 0 20 M M M 4.3 9 190 M M 1 22 200
12 84 70 77 -6 0 12 0.01 M M 4.4 12 160 M M 3 13 M M
13 92 67 80 -3 0 15 0.00 M M 5.9 13 190 M M 2 33 180
14 94 68 81 -2 0 16 T M M 6.1 12 220 M M 5 13 31 130
15 94 73 84 1 0 19 M M M 9.7 15 160 M M 5 21 180
16 94 74 84 1 0 19 0.01 M M 9.3 13 190 M M 2 21 200
17 96 75 86 2 0 21 M M M 9.3 15 170 M M 3 21 170
18 96 72 84 0 0 19 M M M 6.5 12 200 M M 2 17 190
19 88 73 81 -3 0 16 M M M 5.5 16 310 M M 4 13 28 310
20 90 71 81 -3 0 16 M M M 4.6 9 320 M M 5 12 M M
21 89 71 80 -4 0 15 M M M 5.3 10 70 M M 1 M M
22 95 71 83 -1 0 18 0.00 M M 5.8 14 170 M M 1 1 18 170
23 97 73 85 1 0 20 0.00 M M 9.4 16 180 M M 4 24 180
24 99 75 87 3 0 22 0.00 M M 8.8 13 160 M M 2 1 21 160
25 99 73 86 2 0 21 0.00 M M 6.6 12 160 M M 0 1 M M
26 100 70 85 1 0 20 0.00 M M 5.0 10 140 M M 0 M M
27 99 74 87 3 0 22 0.00 M M 5.3 13 140 M M 0 M M
28 98 79 89 5 0 24 0.00 M M 4.1 9 80 M M 2 M M
29 97 74 86 2 0 21 T M M 3.8 9 80 M M 1 3 M M
30 98 75 87 3 0 22 0.00 M M 3.4 7 120 M M 1 8 M M
31 98 75 87 3 0 22 0.00 M M 4.8 15 150 M M 1 20 150
================================================================================
SM 2889 2249 0 562 0.06 M 178.3 M 97
================================================================================
AV 93.2 72.5 5.8 FASTST M M 3 MAX(MPH)
MISC ----> 22 130 33 180
================================================================================
NOTES:
# LAST OF SEVERAL OCCURRENCES
COLUMN 17 PEAK WIND IN M.P.H.
PRELIMINARY LOCAL CLIMATOLOGICAL DATA (WS FORM: F-6) , PAGE 2
STATION: WACO MCGREGOR
MONTH: JULY
YEAR: 2021
LATITUDE: 31 28 N
LONGITUDE: 97 19 W
[TEMPERATURE DATA] [PRECIPITATION DATA] SYMBOLS USED IN COLUMN 16
AVERAGE MONTHLY: 82.9 TOTAL FOR MONTH: 0.06 1 = FOG OR MIST
DPTR FM NORMAL: -0.4 DPTR FM NORMAL: -1.93 2 = FOG REDUCING VISIBILITY
HIGHEST: 100 ON 26 GRTST 24HR 0.06 ON 4- 5 TO 1/4 MILE OR LESS
LOWEST: 67 ON 13 3 = THUNDER
SNOW, ICE PELLETS, HAIL 4 = ICE PELLETS
TOTAL MONTH: M 5 = HAIL
GRTST 24HR M ON M 6 = FREEZING RAIN OR DRIZZLE
GRTST DEPTH: M ON M 7 = DUSTSTORM OR SANDSTORM:
VSBY 1/2 MILE OR LESS
8 = SMOKE OR HAZE
[NO. OF DAYS WITH] [WEATHER - DAYS WITH] 9 = BLOWING SNOW
X = TORNADO
MAX 32 OR BELOW: 0 0.01 INCH OR MORE: 3
MAX 90 OR ABOVE: 24 0.10 INCH OR MORE: 0
MIN 32 OR BELOW: 0 0.50 INCH OR MORE: 0
MIN 0 OR BELOW: 0 1.00 INCH OR MORE: 0
[HDD (BASE 65) ]
TOTAL THIS MO. 0 CLEAR (SCALE 0-3) 19
DPTR FM NORMAL 0 PTCLDY (SCALE 4-7) 11
TOTAL FM JUL 1 0 CLOUDY (SCALE 8-10) 1
DPTR FM NORMAL 0
[CDD (BASE 65) ]
TOTAL THIS MO. 562
DPTR FM NORMAL -5 [PRESSURE DATA]
TOTAL FM JAN 1 1393 HIGHEST SLP 30.09 ON 30
DPTR FM NORMAL 34 LOWEST SLP 29.97 ON 29
[REMARKS]
#FINAL-07-21#