000
CXUS54 KFWD 010732
CF6PWG
PRELIMINARY LOCAL CLIMATOLOGICAL DATA (WS FORM: F-6)
STATION: WACO MCGREGOR
MONTH: AUGUST
YEAR: 2023
LATITUDE: 31 28 N
LONGITUDE: 97 19 W
TEMPERATURE IN F: :PCPN: SNOW: WIND :SUNSHINE: SKY :PK WND
================================================================================
1 2 3 4 5 6A 6B 7 8 9 10 11 12 13 14 15 16 17 18
12Z AVG MX 2MIN
DY MAX MIN AVG DEP HDD CDD WTR SNW DPTH SPD SPD DIR MIN PSBL S-S WX SPD DR
================================================================================
1 106 79 93 9 0 28 0.00 M M 5.7 13 170 M M 0 17 170
2 106 79 93 9 0 28 0.00 M M 9.5 17 170 M M 0 21 170
3 105 78 92 8 0 27 0.00 M M 9.4 14 160 M M 0 31 150
4 106 80 93 9 0 28 0.00 M M 9.4 14 160 M M 0 21 170
5 106 80 93 9 0 28 0.00 M M 10.1 14 110 M M 0 20 110
6 105 80 93 9 0 28 0.00 M M 10.2 15 160 M M 0 21 160
7 106 81 94 10 0 29 0.00 M M 10.6 15 160 M M 0 23 180
8 106 80 93 9 0 28 0.00 M M 11.6 16 170 M M 0 30 150
9 107 79 93 9 0 28 0.00 M M 15.0 21 180 M M 0 31 180
10 108 81 95 11 0 30 0.00 M M 12.1 18 180 M M 0 25 180
11 107 80 94 10 0 29 0.00 M M 12.6 18 160 M M 0 24 200
12 107 80 94 10 0 29 0.00 M M 13.1 18 180 M M 1 32 160
13 106 79 93 9 0 28 0.00 M M 12.0 17 190 M M 0 26 190
14 108 77 93 9 0 28 0.00 M M 9.5 16 30 M M 0 22 30
15 99 75 87 3 0 22 0.00 M M 9.1 16 20 M M 0 21 20
16 99 68 84 0 0 19 0.00 M M 4.9 12 80 M M 0 17 70
17 110 69 90 6 0 25 0.00 M M 6.5 14 110 M M 0 8 17 99
18 109 77 93 9 0 28 0.00 M M 7.5 17 140 M M 0 21 140
19 106 77 92 8 0 27 0.00 M M 7.9 14 120 M M 0 M M
20 109 79 94 10 0 29 0.00 M M 6.0 15 60 M M 0 21 10
21 106 78 92 8 0 27 0.00 M M 7.2 15 60 M M 0 23 100
22 103 78 91 8 0 26 0.00 M M 8.9 21 100 M M 0 24 110
23 104 77 91 8 0 26 0.00 M M 6.6 15 100 M M 0 18 120
24 107 78 93 10 0 28 0.00 M M 3.6 8 60 M M 0 M M
25 109 81 95 12 0 30 0.00 M M 7.0 17 110 M M 0 17 100
26 108 81 95 12 0 30 0.00 M M 6.7 10 200 M M 0 M M
27 105 74 90 7 0 25 0.33 M M 7.0 25 360 M M 0 13 45 200
28 97 73 85 3 0 20 0.00 M M 6.9 14 360 M M 1 21 360
29 97 71 84 2 0 19 0.00 M M 7.0 17 30 M M 1 22 30
30 100 69 85 3 0 20 0.00 M M 5.4 14 350 M M 1 22 350
31 100 69 85 3 0 20 0.00 M M 4.8 9 100 M M 0 8 M M
================================================================================
SM 3257 2387 0 817 0.33 M 264.0 M 4
================================================================================
AV105.1 77.0 8.5 FASTST M M 0 MAX(MPH)
MISC ----> 25 360 45 200
================================================================================
NOTES:
# LAST OF SEVERAL OCCURRENCES
COLUMN 17 PEAK WIND IN M.P.H.
PRELIMINARY LOCAL CLIMATOLOGICAL DATA (WS FORM: F-6) , PAGE 2
STATION: WACO MCGREGOR
MONTH: AUGUST
YEAR: 2023
LATITUDE: 31 28 N
LONGITUDE: 97 19 W
[TEMPERATURE DATA] [PRECIPITATION DATA] SYMBOLS USED IN COLUMN 16
AVERAGE MONTHLY: 91.0 TOTAL FOR MONTH: 0.33 1 = FOG OR MIST
DPTR FM NORMAL: 7.3 DPTR FM NORMAL: -2.01 2 = FOG REDUCING VISIBILITY
HIGHEST: 110 ON 17 GRTST 24HR 0.38 ON 27-27 TO 1/4 MILE OR LESS
LOWEST: 68 ON 16 3 = THUNDER
SNOW, ICE PELLETS, HAIL 4 = ICE PELLETS
TOTAL MONTH: M 5 = HAIL
GRTST 24HR M ON M 6 = FREEZING RAIN OR DRIZZLE
GRTST DEPTH: M ON M 7 = DUSTSTORM OR SANDSTORM:
VSBY 1/2 MILE OR LESS
8 = SMOKE OR HAZE
[NO. OF DAYS WITH] [WEATHER - DAYS WITH] 9 = BLOWING SNOW
X = TORNADO
MAX 32 OR BELOW: 0 0.01 INCH OR MORE: 1
MAX 90 OR ABOVE: 31 0.10 INCH OR MORE: 1
MIN 32 OR BELOW: 0 0.50 INCH OR MORE: 0
MIN 0 OR BELOW: 0 1.00 INCH OR MORE: 0
[HDD (BASE 65) ]
TOTAL THIS MO. 0 CLEAR (SCALE 0-3) 31
DPTR FM NORMAL 0 PTCLDY (SCALE 4-7) 0
TOTAL FM JUL 1 0 CLOUDY (SCALE 8-10) 0
DPTR FM NORMAL 0
[CDD (BASE 65) ]
TOTAL THIS MO. 817
DPTR FM NORMAL 238 [PRESSURE DATA]
TOTAL FM JAN 1 2670 HIGHEST SLP 30.16 ON 15
DPTR FM NORMAL 732 LOWEST SLP 29.68 ON 9
[REMARKS]
#FINAL-08-23#