000
CXUS53 KUNR 011030
CF6RAP
PRELIMINARY LOCAL CLIMATOLOGICAL DATA (WS FORM: F-6)
STATION: RAPID CITY AIRPORT SD
MONTH: JANUARY
YEAR: 2024
LATITUDE: 44 2 N
LONGITUDE: 103 4 W
TEMPERATURE IN F: :PCPN: SNOW: WIND :SUNSHINE: SKY :PK WND
================================================================================
1 2 3 4 5 6A 6B 7 8 9 10 11 12 13 14 15 16 17 18
12Z AVG MX 2MIN
DY MAX MIN AVG DEP HDD CDD WTR SNW DPTH SPD SPD DIR MIN PSBL S-S WX SPD DR
================================================================================
1 47 15 31 7 34 0 0.00 M M 8.7 22 350 M M 0 28 350
2 43 21 32 8 33 0 0.00 M M 4.6 14 350 M M 0 15 350
3 29 22 26 2 39 0 0.00 M M 10.4 18 170 M M 7 12 23 180
4 29 18 24 0 41 0 0.00 M M 5.3 20 170 M M 9 12 27 180
5 41 18 30 6 35 0 T M M 10.9 33 330 M M 8 128 44 320
6 40 16 28 4 37 0 0.00 M M 7.3 32 330 M M 0 43 330
7 24 13 19 -5 46 0 0.00 M M 6.9 17 20 M M 4 12 20 20
8 25 6 16 -8 49 0 0.02 M M 14.8 35 340 M M 5 12 44 350
9 36 3 20 -4 45 0 T M M 4.4 17 300 M M 3 24 310
10 42 10 26 2 39 0 T M M 12.4 26 340 M M 6 36 320
11 10 1 6 -18 59 0 T M M 12.4 24 360 M M 7 18 30 350
12 1 -18 -8 -32 73 0 T M M 17.8 37 340 M M 9 18 46 340
13 -7 -21 -14 -38 79 0 0.00 M M 17.5 35 330 M M 3 47 340
14 -2 -23 -12 -36 77 0 T M M 5.4 18 360 M M 3 8 23 350
15 4 -14 -5 -29 70 0 0.00 M M 12.2 29 340 M M 2 35 340
16 25 -14 6 -18 59 0 0.00 M M 3.9 9 20 M M 4 11 200
17 27 9 18 -6 47 0 0.02 M M 2.7 13 130 M M 8 18 16 140
18 19 -3 8 -16 57 0 0.01 M M 19.0 38 330 M M 4 1289 47 330
19 15 -11 2 -22 63 0 0.00 M M 3.7 13 10 M M 0 16 10
20 28 -6 11 -13 54 0 0.00 M M 12.4 21 150 M M 0 26 160
21 55 23 39 15 26 0 0.00 M M 4.8 20 340 M M 4 26 350
22 41 17 29 5 36 0 0.00 M M 5.6 13 110 M M 0 1 15 110
23 48 17 33 9 32 0 0.00 M M 6.4 17 140 M M 4 12 20 140
24 53 25 39 15 26 0 0.00 M M 5.3 13 10 M M 5 17 20
25 50 25 38 14 27 0 0.00 M M 4.8 9 330 M M 0 15 70
26 50 27 39 15 26 0 0.00 M M 6.9 16 360 M M 2 21 350
27 51 24 38 14 27 0 0.00 M M 6.4 14 160 M M 0 18 170
28 62 30 46 22 19 0 0.00 M M 6.8 20 350 M M 0 25 360
29 64 32 48 24 17 0 0.00 M M 10.4 29 330 M M 0 37 330
30 65 33 49 25 16 0 0.00 M M 5.8 14 180 M M 0 17 170
31 65 32 49 25 16 0 0.00 M M 6.0 16 350 M M 0 18 20
================================================================================
SM 1080 327 1304 0 0.05 M 261.9 M 97
================================================================================
AV 34.8 10.5 8.4 FASTST M M 3 MAX(MPH)
MISC ----> 38 330 # 47 340
================================================================================
NOTES:
# LAST OF SEVERAL OCCURRENCES
COLUMN 17 PEAK WIND IN M.P.H.
PRELIMINARY LOCAL CLIMATOLOGICAL DATA (WS FORM: F-6) , PAGE 2
STATION: RAPID CITY AIRPORT SD
MONTH: JANUARY
YEAR: 2024
LATITUDE: 44 2 N
LONGITUDE: 103 4 W
[TEMPERATURE DATA] [PRECIPITATION DATA] SYMBOLS USED IN COLUMN 16
AVERAGE MONTHLY: 22.7 TOTAL FOR MONTH: 0.05 1 = FOG OR MIST
DPTR FM NORMAL: -1.6 DPTR FM NORMAL: -0.26 2 = FOG REDUCING VISIBILITY
HIGHEST: 65 ON 31,30 GRTST 24HR 0.04 ON 10-10 TO 1/4 MILE OR LESS
LOWEST: -23 ON 14 3 = THUNDER
SNOW, ICE PELLETS, HAIL 4 = ICE PELLETS
TOTAL MONTH: M 5 = HAIL
GRTST 24HR M ON M 6 = FREEZING RAIN OR DRIZZLE
GRTST DEPTH: M ON M 7 = DUSTSTORM OR SANDSTORM:
VSBY 1/2 MILE OR LESS
8 = SMOKE OR HAZE
[NO. OF DAYS WITH] [WEATHER - DAYS WITH] 9 = BLOWING SNOW
X = TORNADO
MAX 32 OR BELOW: 14 0.01 INCH OR MORE: 3
MAX 90 OR ABOVE: 0 0.10 INCH OR MORE: 0
MIN 32 OR BELOW: 30 0.50 INCH OR MORE: 0
MIN 0 OR BELOW: 8 1.00 INCH OR MORE: 0
[HDD (BASE 65) ]
TOTAL THIS MO. 1304 CLEAR (SCALE 0-3) 17
DPTR FM NORMAL 44 PTCLDY (SCALE 4-7) 12
TOTAL FM JUL 1 3748 CLOUDY (SCALE 8-10) 2
DPTR FM NORMAL -431
[CDD (BASE 65) ]
TOTAL THIS MO. 0
DPTR FM NORMAL 0 [PRESSURE DATA]
TOTAL FM JAN 1 0 HIGHEST SLP 30.69 ON 19
DPTR FM NORMAL 0 LOWEST SLP 29.36 ON 10
[REMARKS]
#FINAL-01-24#