000
CXUS54 KFWD 010830
CF6RBD
PRELIMINARY LOCAL CLIMATOLOGICAL DATA (WS FORM: F-6)
STATION: DALLAS EXECUTIVE
MONTH: DECEMBER
YEAR: 2021
LATITUDE: 32 40 N
LONGITUDE: 96 52 W
TEMPERATURE IN F: :PCPN: SNOW: WIND :SUNSHINE: SKY :PK WND
================================================================================
1 2 3 4 5 6A 6B 7 8 9 10 11 12 13 14 15 16 17 18
12Z AVG MX 2MIN
DY MAX MIN AVG DEP HDD CDD WTR SNW DPTH SPD SPD DIR MIN PSBL S-S WX SPD DR
================================================================================
1 74 51 63 11 2 0 0.00 M M 6.8 17 210 M M 0 25 210
2 79 45 62 10 3 0 0.00 M M 5.0 13 180 M M 0 8 17 190
3 76 58 67 15 0 2 0.01 M M 9.0 23 160 M M 5 1 32 170
4 75 60 68 16 0 3 0.02 M M 6.2 18 210 M M 6 138 28 220
5 77 57 67 16 0 2 0.00 M M 9.6 25 190 M M 6 36 220
6 69 42 56 5 9 0 0.00 M M 14.0 30 10 M M 2 42 20
7 60 31 46 -5 19 0 0.00 M M 6.4 14 160 M M 0 19 150
8 61 43 52 2 13 0 0.00 M M 7.3 17 170 M M 5 12 24 170
9 80 57 69 19 0 4 0.00 M M 12.5 20 210 M M 2 1 29 200
10 82 67 75 25 0 10 0.00 M M 12.1 20 200 M M 6 1 32 200
11 72 33 53 3 12 0 0.00 M M 12.0 33 330 M M 1 47 320
12 59 30 45 -5 20 0 0.00 M M 8.9 16 190 M M 0 21 180
13 66 39 53 4 12 0 T M M 9.8 17 140 M M 3 1 22 140
14 72 55 64 15 1 0 T M M 9.0 20 190 M M 8 12 25 190
15 79 67 73 24 0 8 T M M 18.6 33 180 M M 7 47 180
16 79 60 70 21 0 5 0.07 M M 8.0 18 180 M M 5 8 30 190
17 78 61 70 22 0 5 T M M 11.6 25 180 M M 7 36 190
18 70 39 55 7 10 0 0.06 M M 16.3 25 330 M M 3 13 35 30
19 48 33 41 -7 24 0 0.00 M M 7.1 22 360 M M 3 28 20
20 51 38 45 -3 20 0 0.09 M M 4.6 10 110 M M 6 1 13 90
21 62 32 47 -1 18 0 0.00 M M 5.3 14 160 M M 0 1 18 170
22 66 38 52 4 13 0 0.00 M M 7.0 15 140 M M 0 19 150
23 74 52 63 15 2 0 0.00 M M 14.8 24 180 M M 2 40 180
24 79 61 70 22 0 5 0.00 M M 18.4 29 180 M M 1 40 180
25 81 62 72 25 0 7 0.00 M M 8.1 22 190 M M 1 30 210
26 78 58 68 21 0 3 0.00 M M 12.9 24 170 M M 4 128 34 180
27 77 63 70 23 0 5 0.00 M M 10.0 20 200 M M 5 31 190
28 80 57 69 22 0 4 T M M 10.8 26 170 M M 4 35 190
29 75 57 66 19 0 1 0.03 M M 6.2 15 310 M M 3 18 20 180
30 76 51 64 17 1 0 0.00 M M 5.8 13 280 M M 1 18 230
31 72 60 66 19 0 1 T M M 8.6 17 200 M M 5 18 30 200
================================================================================
SM 2227 1557 179 65 0.28 M 302.7 M 101
================================================================================
AV 71.8 50.2 9.8 FASTST M M 3 MAX(MPH)
MISC ----> # 33 330 # 47 320
================================================================================
NOTES:
# LAST OF SEVERAL OCCURRENCES
COLUMN 17 PEAK WIND IN M.P.H.
PRELIMINARY LOCAL CLIMATOLOGICAL DATA (WS FORM: F-6) , PAGE 2
STATION: DALLAS EXECUTIVE
MONTH: DECEMBER
YEAR: 2021
LATITUDE: 32 40 N
LONGITUDE: 96 52 W
[TEMPERATURE DATA] [PRECIPITATION DATA] SYMBOLS USED IN COLUMN 16
AVERAGE MONTHLY: 61.0 TOTAL FOR MONTH: 0.28 1 = FOG OR MIST
DPTR FM NORMAL: 11.9 DPTR FM NORMAL: -2.80 2 = FOG REDUCING VISIBILITY
HIGHEST: 82 ON 10 GRTST 24HR 0.09 ON 20-20 TO 1/4 MILE OR LESS
LOWEST: 30 ON 12 3 = THUNDER
SNOW, ICE PELLETS, HAIL 4 = ICE PELLETS
TOTAL MONTH: M 5 = HAIL
GRTST 24HR M ON M 6 = FREEZING RAIN OR DRIZZLE
GRTST DEPTH: M ON M 7 = DUSTSTORM OR SANDSTORM:
VSBY 1/2 MILE OR LESS
8 = SMOKE OR HAZE
[NO. OF DAYS WITH] [WEATHER - DAYS WITH] 9 = BLOWING SNOW
X = TORNADO
MAX 32 OR BELOW: 0 0.01 INCH OR MORE: 6
MAX 90 OR ABOVE: 0 0.10 INCH OR MORE: 0
MIN 32 OR BELOW: 3 0.50 INCH OR MORE: 0
MIN 0 OR BELOW: 0 1.00 INCH OR MORE: 0
[HDD (BASE 65) ]
TOTAL THIS MO. 179 CLEAR (SCALE 0-3) 16
DPTR FM NORMAL -321 PTCLDY (SCALE 4-7) 15
TOTAL FM JUL 1 451 CLOUDY (SCALE 8-10) 0
DPTR FM NORMAL -383
[CDD (BASE 65) ]
TOTAL THIS MO. 65
DPTR FM NORMAL 59 [PRESSURE DATA]
TOTAL FM JAN 1 2797 HIGHEST SLP 30.41 ON 19
DPTR FM NORMAL -38 LOWEST SLP 29.55 ON 28
[REMARKS]
#FINAL-12-21#