000
CXUS56 KSTO 080533
CF6RDD
PRELIMINARY LOCAL CLIMATOLOGICAL DATA (WS FORM: F-6)
STATION: REDDING CA AIRPORT AND CITY
MONTH: NOVEMBER
YEAR: 2022
LATITUDE: 40 30 N
LONGITUDE: 122 18 W
TEMPERATURE IN F: :PCPN: SNOW: WIND :SUNSHINE: SKY :PK WND
================================================================================
1 2 3 4 5 6A 6B 7 8 9 10 11 12 13 14 15 16 17 18
12Z AVG MX 2MIN
DY MAX MIN AVG DEP HDD CDD WTR SNW DPTH SPD SPD DIR MIN PSBL S-S WX SPD DR
================================================================================
1 58 47 53 -5 12 0 0.44 M M 5.8 28 170 M M 5 18 35 150
2 55 39 47 -11 18 0 0.17 M M 3.0 15 140 M M 4 18 17 140
3 61 41 51 -6 14 0 0.00 0.0 M 7.3 21 360 M M 2 28 10
4 62 38 50 -7 15 0 0.00 0.0 M 2.4 12 170 M M 3 15 170
5 52 46 49 -8 16 0 0.31 M M 3.3 7 30 M M 9 1 10 60
6 58 43 51 -5 14 0 0.25 M M 11.6 39 170 M M 9 123 52 180
7 54 37 46 -10 19 0 0.02 M M 9.6 25 180 M M 7 32 160
8 48 40 44 -12 21 0 1.24 M M 4.6 17 170 M M 10 1 25 140
9 54 38 46 -9 19 0 T M M 1.0 6 10 M M 7 7 210
10 60 34 47 -8 18 0 0.00 0.0 M 6.5 15 10 M M 0 21 10
11 57 34 46 -8 19 0 0.01 M M 1.7 9 160 M M 3 11 160
12 57 38 48 -6 17 0 0.03 M M 2.4 8 60 M M 2 1 11 330
13 63 42 53 -1 12 0 0.00 0.0 M 9.7 18 10 M M 0 22 30
14 65 33 49 -4 16 0 0.00 0.0 M 3.8 12 10 M M 0 15 10
15 70 35 53 0 12 0 0.00 M M 10.8 27 10 M M 0 32 20
16 73 40 57 4 8 0 0.00 0.0 M 8.7 21 20 M M 0 25 20
17 66 34 50 -2 15 0 0.00 0.0 M 0.7 8 20 M M 0 9 320
18 62 43 53 1 12 0 0.00 0.0 M 16.1 37 10 M M 0 45 10
19 67 35 51 -1 14 0 0.00 0.0 M 6.1 14 350 M M 0 21 310
20 64 29 47 -4 18 0 0.00 0.0 M 1.5 6 10 M M 0 7 260
21 67 30 49 -2 16 0 0.00 0.0 M 1.9 10 10 M M 0 12 20
22 60 32 46 -5 19 0 0.00 0.0 M 1.0 7 20 M M 0 7 110
23 74 35 55 5 10 0 0.00 0.0 M 9.7 21 360 M M 0 27 340
24 78 44 61 11 4 0 0.00 0.0 M 7.7 17 20 M M 0 22 20
25 68 38 53 3 12 0 0.00 0.0 M 1.6 8 30 M M 0 8 9 210
26 69 47 58 8 7 0 0.00 0.0 M 8.9 28 10 M M 2 8 34 10
27 64 35 50 1 15 0 0.00 0.0 M 2.2 10 350 M M 0 8 14 350
28 61 33 47 -2 18 0 0.00 0.0 M 3.8 13 160 M M 0 16 150
29 58 31 45 -4 20 0 0.00 0.0 M 5.4 15 10 M M 0 20 10
30 53 32 43 -5 22 0 T M M 5.2 29 170 M M 4 39 170
================================================================================
SM 1858 1123 452 0 2.47 0.0 164.0 M 67
================================================================================
AV 61.9 37.4 5.5 FASTST M M 2 MAX(MPH)
MISC ----> 39 170 52 180
================================================================================
NOTES:
# LAST OF SEVERAL OCCURRENCES
COLUMN 17 PEAK WIND IN M.P.H.
PRELIMINARY LOCAL CLIMATOLOGICAL DATA (WS FORM: F-6) , PAGE 2
STATION: REDDING CA AIRPORT AND CITY
MONTH: NOVEMBER
YEAR: 2022
LATITUDE: 40 30 N
LONGITUDE: 122 18 W
[TEMPERATURE DATA] [PRECIPITATION DATA] SYMBOLS USED IN COLUMN 16
AVERAGE MONTHLY: 49.7 TOTAL FOR MONTH: 2.47 1 = FOG OR MIST
DPTR FM NORMAL: -3.2 DPTR FM NORMAL: -1.06 2 = FOG REDUCING VISIBILITY
HIGHEST: 78 ON 24 GRTST 24HR 1.24 ON 8- 8 TO 1/4 MILE OR LESS
LOWEST: 29 ON 20 3 = THUNDER
SNOW, ICE PELLETS, HAIL 4 = ICE PELLETS
TOTAL MONTH: 0.0 INCH 5 = HAIL
GRTST 24HR 0.0 6 = FREEZING RAIN OR DRIZZLE
GRTST DEPTH: M ON M 7 = DUSTSTORM OR SANDSTORM:
VSBY 1/2 MILE OR LESS
8 = SMOKE OR HAZE
[NO. OF DAYS WITH] [WEATHER - DAYS WITH] 9 = BLOWING SNOW
X = TORNADO
MAX 32 OR BELOW: 0 0.01 INCH OR MORE: 8
MAX 90 OR ABOVE: 0 0.10 INCH OR MORE: 5
MIN 32 OR BELOW: 5 0.50 INCH OR MORE: 1
MIN 0 OR BELOW: 0 1.00 INCH OR MORE: 1
[HDD (BASE 65) ]
TOTAL THIS MO. 452 CLEAR (SCALE 0-3) 21
DPTR FM NORMAL 88 PTCLDY (SCALE 4-7) 6
TOTAL FM JUL 1 495 CLOUDY (SCALE 8-10) 3
DPTR FM NORMAL 33
[CDD (BASE 65) ]
TOTAL THIS MO. 0
DPTR FM NORMAL -2 [PRESSURE DATA]
TOTAL FM JAN 1 2497 HIGHEST SLP 30.40 ON 16
DPTR FM NORMAL 467 LOWEST SLP 29.50 ON 6
[REMARKS]
#FINAL-11-22#