000
CXUS56 KSTO 011400
CF6RDD
PRELIMINARY LOCAL CLIMATOLOGICAL DATA (WS FORM: F-6)
STATION: REDDING CA AIRPORT AND CITY
MONTH: NOVEMBER
YEAR: 2023
LATITUDE: 40 30 N
LONGITUDE: 122 18 W
TEMPERATURE IN F: :PCPN: SNOW: WIND :SUNSHINE: SKY :PK WND
================================================================================
1 2 3 4 5 6A 6B 7 8 9 10 11 12 13 14 15 16 17 18
12Z AVG MX 2MIN
DY MAX MIN AVG DEP HDD CDD WTR SNW DPTH SPD SPD DIR MIN PSBL S-S WX SPD DR
================================================================================
1 78 39 59 1 6 0 0.00 0.0 M 0.5 5 120 M M 0 M M
2 67 45 56 -2 9 0 T 0.0 M 1.3 6 310 M M 3 8 M M
3 82 47 65 8 0 0 0.00 0.0 M 2.3 7 360 M M 0 M M
4 70 56 63 6 2 0 0.00 0.0 M 1.6 10 90 M M 2 11 80
5 71 50 61 4 4 0 T M M 7.7 23 170 M M 7 29 170
6 69 52 61 5 4 0 0.20 0.0 M 10.0 29 180 M M 8 13 37 180
7 68 42 55 -1 10 0 0.00 0.0 M 4.6 13 330 M M 0 17 330
8 70 42 56 0 9 0 0.00 0.0 M 7.6 16 20 M M 0 20 10
9 65 34 50 -5 15 0 0.00 0.0 M 1.3 7 170 M M 0 8 10 130
10 70 45 58 3 7 0 0.00 0.0 M 2.1 7 310 M M 5 10 300
11 72 41 57 3 8 0 0.00 0.0 M 1.0 7 40 M M 0 8 350
12 67 41 54 0 11 0 0.00 0.0 M 2.7 9 180 M M 0 11 190
13 70 45 58 4 7 0 0.00 0.0 M 2.1 8 120 M M 1 11 120
14 61 44 53 0 12 0 T 0.0 M 2.4 10 10 M M 6 18 13 360
15 73 45 59 6 6 0 0.07 M M 5.1 16 170 M M 8 20 180
16 69 50 60 7 5 0 0.13 M M 3.0 10 350 M M 7 1 16 50
17 73 45 59 7 6 0 0.13 M M 2.7 17 200 M M 5 1 23 190
18 61 46 54 2 11 0 1.53 M M 10.6 38 170 M M 8 13 45 160
19 62 38 50 -2 15 0 0.00 0.0 M 4.9 15 350 M M 0 20 340
20 71 52 62 11 3 0 0.00 0.0 M 12.7 22 350 M M 0 30 340
21 71 39 55 4 10 0 0.00 0.0 M 1.3 10 160 M M 0 13 360
22 68 35 52 1 13 0 0.00 0.0 M 0.5 8 150 M M 2 9 320
23 68 44 56 6 9 0 0.00 0.0 M 14.2 28 40 M M 0 34 40
24 61 48 55 5 10 0 0.00 0.0 M 19.2 31 10 M M 0 39 10
25 63 37 50 0 15 0 0.00 0.0 M 7.9 21 10 M M 0 25 10
26 66 29 48 -2 17 0 0.00 0.0 M 2.0 13 30 M M 0 17 30
27 61 28 45 -4 20 0 0.00 0.0 M 1.3 7 160 M M 0 8 9 110
28 64 28 46 -3 19 0 0.00 0.0 M 1.0 8 40 M M 1 8 9 160
29 62 36 49 0 16 0 T M M 2.4 14 10 M M 6 8 14 360
30 56 35 46 -2 19 0 0.00 0.0 M 2.2 9 90 M M 4 14 150
================================================================================
SM 2029 1258 298 0 2.06 0.0 138.2 M 73
================================================================================
AV 67.6 41.9 4.6 FASTST M M 2 MAX(MPH)
MISC ----> 38 170 45 160
================================================================================
NOTES:
# LAST OF SEVERAL OCCURRENCES
COLUMN 17 PEAK WIND IN M.P.H.
PRELIMINARY LOCAL CLIMATOLOGICAL DATA (WS FORM: F-6) , PAGE 2
STATION: REDDING CA AIRPORT AND CITY
MONTH: NOVEMBER
YEAR: 2023
LATITUDE: 40 30 N
LONGITUDE: 122 18 W
[TEMPERATURE DATA] [PRECIPITATION DATA] SYMBOLS USED IN COLUMN 16
AVERAGE MONTHLY: 54.8 TOTAL FOR MONTH: 2.06 1 = FOG OR MIST
DPTR FM NORMAL: 1.9 DPTR FM NORMAL: -1.47 2 = FOG REDUCING VISIBILITY
HIGHEST: 82 ON 3 GRTST 24HR 1.66 ON 17-18 TO 1/4 MILE OR LESS
LOWEST: 28 ON 28,27 3 = THUNDER
SNOW, ICE PELLETS, HAIL 4 = ICE PELLETS
TOTAL MONTH: 0.0 INCH 5 = HAIL
GRTST 24HR 0.0 6 = FREEZING RAIN OR DRIZZLE
GRTST DEPTH: M ON M 7 = DUSTSTORM OR SANDSTORM:
VSBY 1/2 MILE OR LESS
8 = SMOKE OR HAZE
[NO. OF DAYS WITH] [WEATHER - DAYS WITH] 9 = BLOWING SNOW
X = TORNADO
MAX 32 OR BELOW: 0 0.01 INCH OR MORE: 5
MAX 90 OR ABOVE: 0 0.10 INCH OR MORE: 4
MIN 32 OR BELOW: 3 0.50 INCH OR MORE: 1
MIN 0 OR BELOW: 0 1.00 INCH OR MORE: 1
[HDD (BASE 65) ]
TOTAL THIS MO. 298 CLEAR (SCALE 0-3) 20
DPTR FM NORMAL -66 PTCLDY (SCALE 4-7) 9
TOTAL FM JUL 1 387 CLOUDY (SCALE 8-10) 1
DPTR FM NORMAL -75
[CDD (BASE 65) ]
TOTAL THIS MO. 0
DPTR FM NORMAL -2 [PRESSURE DATA]
TOTAL FM JAN 1 2325 HIGHEST SLP 30.42 ON 21
DPTR FM NORMAL 295 LOWEST SLP 29.67 ON 6
[REMARKS]
#FINAL-11-23#