000
CXUS56 KPDT 011910
CF6RDM
PRELIMINARY LOCAL CLIMATOLOGICAL DATA (WS FORM: F-6)
STATION: REDMOND OR
MONTH: OCTOBER
YEAR: 2020
LATITUDE: 44 16 N
LONGITUDE: 121 9 W
TEMPERATURE IN F: :PCPN: SNOW: WIND :SUNSHINE: SKY :PK WND
================================================================================
1 2 3 4 5 6A 6B 7 8 9 10 11 12 13 14 15 16 17 18
12Z AVG MX 2MIN
DY MAX MIN AVG DEP HDD CDD WTR SNW DPTH SPD SPD DIR MIN PSBL S-S WX SPD DR
================================================================================
1 91 40 66 14 0 1 0.00 M M 5.0 15 330 M M 0 17 330
2 90 39 65 13 0 0 0.00 M M 4.7 16 330 M M 0 20 340
3 86 40 63 11 2 0 0.00 M M 5.1 13 340 M M 0 8 17 340
4 82 35 59 8 6 0 0.00 M M 4.2 15 290 M M 0 19 300
5 84 41 63 12 2 0 0.00 M M 4.8 13 350 M M 0 16 330
6 88 35 62 11 3 0 0.00 M M 4.9 10 330 M M 0 15 340
7 86 38 62 12 3 0 0.00 M M 4.8 14 330 M M 0 8 16 350
8 79 37 58 8 7 0 0.00 M M 4.7 16 330 M M 0 8 22 330
9 81 39 60 10 5 0 0.00 M M 5.5 15 320 M M 0 8 19 320
10 63 43 53 4 12 0 0.13 M M 13.4 32 280 M M 6 8 42 290
11 62 35 49 0 16 0 T M M 9.0 23 210 M M 5 30 200
12 65 43 54 5 11 0 0.00 M M 9.0 20 310 M M 1 25 300
13 71 47 59 11 6 0 T M M 12.9 33 290 M M 6 41 290
14 61 35 48 0 17 0 0.00 M M 7.7 18 310 M M 1 24 310
15 64 27 46 -2 19 0 0.00 M M 4.3 9 350 M M 0 14 90
16 80 30 55 8 10 0 0.00 M M 8.0 24 290 M M 0 30 280
17 72 43 58 11 7 0 0.00 M M 6.2 15 310 M M 0 18 310
18 71 40 56 9 9 0 0.00 M M 8.0 28 300 M M 2 36 300
19 73 40 57 11 8 0 0.00 M M 6.4 20 320 M M 0 24 320
20 67 37 52 6 13 0 0.00 M M 5.5 23 300 M M 3 27 310
21 57 24 41 -5 24 0 0.00 M M 9.4 25 290 M M 2 36 290
22 51 19 35 -10 30 0 0.00 M M 4.3 12 340 M M 1 16 20
23 65 19 42 -3 23 0 0.00 M M 5.9 14 10 M M 2 19 150
24 56 27 42 -3 23 0 0.00 M M 13.9 25 320 M M 6 33 320
25 35 12 24 -20 41 0 0.00 M M 11.1 18 340 M M 1 24 310
26 57 9 33 -11 32 0 0.00 M M 4.0 12 340 M M 2 14 320
27 73 15 44 0 21 0 0.00 M M 3.4 8 170 M M 0 11 30
28 76 31 54 10 11 0 0.00 M M 4.7 10 150 M M 0 13 150
29 79 25 52 9 13 0 0.00 M M 4.5 10 160 M M 0 12 170
30 63 30 47 4 18 0 0.00 M M 9.7 23 310 M M 3 31 300
31 57 19 38 -4 27 0 0.00 M M 4.5 9 330 M M 0 M M
================================================================================
SM 2185 994 419 1 0.13 M 209.5 M 41
================================================================================
AV 70.5 32.1 6.8 FASTST M M 1 MAX(MPH)
MISC ----> 33 290 42 290
================================================================================
NOTES:
# LAST OF SEVERAL OCCURRENCES
COLUMN 17 PEAK WIND IN M.P.H.
PRELIMINARY LOCAL CLIMATOLOGICAL DATA (WS FORM: F-6) , PAGE 2
STATION: REDMOND OR
MONTH: OCTOBER
YEAR: 2020
LATITUDE: 44 16 N
LONGITUDE: 121 9 W
[TEMPERATURE DATA] [PRECIPITATION DATA] SYMBOLS USED IN COLUMN 16
AVERAGE MONTHLY: 51.3 TOTAL FOR MONTH: 0.13 1 = FOG OR MIST
DPTR FM NORMAL: 3.9 DPTR FM NORMAL: -0.51 2 = FOG REDUCING VISIBILITY
HIGHEST: 91 ON 1 GRTST 24HR 0.13 ON 10-10 TO 1/4 MILE OR LESS
LOWEST: 9 ON 26 3 = THUNDER
SNOW, ICE PELLETS, HAIL 4 = ICE PELLETS
TOTAL MONTH: M 5 = HAIL
GRTST 24HR M ON M 6 = FREEZING RAIN OR DRIZZLE
GRTST DEPTH: M ON M 7 = DUSTSTORM OR SANDSTORM:
VSBY 1/2 MILE OR LESS
8 = SMOKE OR HAZE
[NO. OF DAYS WITH] [WEATHER - DAYS WITH] 9 = BLOWING SNOW
X = TORNADO
MAX 32 OR BELOW: 0 0.01 INCH OR MORE: 1
MAX 90 OR ABOVE: 2 0.10 INCH OR MORE: 1
MIN 32 OR BELOW: 13 0.50 INCH OR MORE: 0
MIN 0 OR BELOW: 0 1.00 INCH OR MORE: 0
[HDD (BASE 65) ]
TOTAL THIS MO. 419 CLEAR (SCALE 0-3) 26
DPTR FM NORMAL -127 PTCLDY (SCALE 4-7) 5
TOTAL FM JUL 1 611 CLOUDY (SCALE 8-10) 0
DPTR FM NORMAL -335
[CDD (BASE 65) ]
TOTAL THIS MO. 1
DPTR FM NORMAL 1 [PRESSURE DATA]
TOTAL FM JAN 1 401 HIGHEST SLP M ON M
DPTR FM NORMAL 179 LOWEST SLP 29.63 ON 10
[REMARKS]
#FINAL-10-20#