000
CXUS52 KRAH 010945
CF6RDU
PRELIMINARY LOCAL CLIMATOLOGICAL DATA (WS FORM: F-6)
STATION: RALEIGH-DURHAM INTL AIRPORT NC
MONTH: FEBRUARY
YEAR: 2021
LATITUDE: 35 52 N
LONGITUDE: 78 47 W
TEMPERATURE IN F: :PCPN: SNOW: WIND :SUNSHINE: SKY :PK WND
================================================================================
1 2 3 4 5 6A 6B 7 8 9 10 11 12 13 14 15 16 17 18
12Z AVG MX 2MIN
DY MAX MIN AVG DEP HDD CDD WTR SNW DPTH SPD SPD DIR MIN PSBL S-S WX SPD DR
================================================================================
1 43 33 38 -4 27 0 T T 0 5.7 13 20 M M 10 14 20 10
2 45 33 39 -3 26 0 T T 0 9.4 18 300 M M 7 1 31 280
3 50 31 41 -1 24 0 0.00 0.0 0 8.0 18 300 M M 4 27 300
4 53 23 38 -5 27 0 T 0.0 0 5.1 13 200 M M 6 17 200
5 49 39 44 1 21 0 0.16 0.0 0 8.2 18 220 M M 10 1 23 210
6 55 27 41 -2 24 0 0.31 0.0 0 2.1 17 150 M M 6 1 22 150
7 49 29 39 -4 26 0 0.66 0.0 0 4.2 15 360 M M 7 1 25 10
8 53 25 39 -4 26 0 0.00 0.0 0 4.0 10 170 M M 2 14 120
9 65 38 52 9 13 0 T 0.0 0 2.1 10 240 M M 6 13 230
10 50 40 45 1 20 0 0.00 0.0 M 6.8 15 60 M M 9 20 80
11 49 37 43 -1 22 0 0.83 0.0 0 6.2 17 50 M M 10 13 21 50
12 37 32 35 -9 30 0 0.05 0.0 M 9.7 17 40 M M 10 16 23 50
13 35 32 34 -10 31 0 0.77 0.0 0 7.7 14 20 M M 10 16 21 30
14 37 33 35 -9 30 0 0.41 0.0 0 8.1 14 50 M M 10 12 19 50
15 43 35 39 -5 26 0 0.63 0.0 0 6.3 13 120 M M 10 123 17 130
16 60 34 47 2 18 0 0.01 0.0 0 9.4 25 230 M M 7 12 33 230
17 47 28 38 -7 27 0 0.00 0.0 0 7.5 15 80 M M 4 21 30
18 40 32 36 -9 29 0 0.78 0.0 0 9.1 18 60 M M 10 126 24 30
19 44 32 38 -7 27 0 0.42 0.0 0 4.6 13 20 M M 8 1 19 30
20 45 28 37 -8 28 0 0.00 0.0 0 4.5 18 300 M M 1 30 290
21 46 22 34 -12 31 0 0.00 0.0 0 6.4 14 70 M M 2 20 90
22 59 33 46 0 19 0 0.41 0.0 M 7.1 24 190 M M 7 12 32 200
23 65 31 48 2 17 0 0.00 0.0 M 7.0 23 230 M M 2 12 29 240
24 72 34 53 7 12 0 0.00 0.0 M 7.4 23 230 M M 3 30 220
25 67 41 54 8 11 0 0.00 0.0 M 6.1 15 30 M M 1 20 40
26 50 41 46 -1 19 0 0.58 0.0 0 9.2 18 90 M M 9 1 28 90
27 58 40 49 2 16 0 0.15 0.0 0 4.6 12 240 M M 10 12 14 280
28 77 48 63 16 2 0 0.00 0.0 0 4.1 16 210 M M 8 12 24 210
================================================================================
SM 1443 931 629 0 6.17 T 180.6 M 189
================================================================================
AV 51.5 33.3 6.4 FASTST M M 7 MAX(MPH)
MISC ----> 25 230 33 230
================================================================================
NOTES:
# LAST OF SEVERAL OCCURRENCES
COLUMN 17 PEAK WIND IN M.P.H.
PRELIMINARY LOCAL CLIMATOLOGICAL DATA (WS FORM: F-6) , PAGE 2
STATION: RALEIGH-DURHAM INTL AIRPORT NC
MONTH: FEBRUARY
YEAR: 2021
LATITUDE: 35 52 N
LONGITUDE: 78 47 W
[TEMPERATURE DATA] [PRECIPITATION DATA] SYMBOLS USED IN COLUMN 16
AVERAGE MONTHLY: 42.4 TOTAL FOR MONTH: 6.17 1 = FOG OR MIST
DPTR FM NORMAL: -2.1 DPTR FM NORMAL: 2.94 2 = FOG REDUCING VISIBILITY
HIGHEST: 77 ON 28 GRTST 24HR 0.97 ON 6- 7 TO 1/4 MILE OR LESS
LOWEST: 22 ON 21 3 = THUNDER
SNOW, ICE PELLETS, HAIL 4 = ICE PELLETS
TOTAL MONTH: T 5 = HAIL
GRTST 24HR T ON 1- 1 6 = FREEZING RAIN OR DRIZZLE
GRTST DEPTH: 0 7 = DUSTSTORM OR SANDSTORM:
VSBY 1/2 MILE OR LESS
8 = SMOKE OR HAZE
[NO. OF DAYS WITH] [WEATHER - DAYS WITH] 9 = BLOWING SNOW
X = TORNADO
MAX 32 OR BELOW: 0 0.01 INCH OR MORE: 14
MAX 90 OR ABOVE: 0 0.10 INCH OR MORE: 12
MIN 32 OR BELOW: 13 0.50 INCH OR MORE: 6
MIN 0 OR BELOW: 0 1.00 INCH OR MORE: 0
[HDD (BASE 65) ]
TOTAL THIS MO. 629 CLEAR (SCALE 0-3) 6
DPTR FM NORMAL 54 PTCLDY (SCALE 4-7) 11
TOTAL FM JUL 1 2407 CLOUDY (SCALE 8-10) 11
DPTR FM NORMAL -166
[CDD (BASE 65) ]
TOTAL THIS MO. 0
DPTR FM NORMAL -1 [PRESSURE DATA]
TOTAL FM JAN 1 0 HIGHEST SLP 30.62 ON 21
DPTR FM NORMAL 0 LOWEST SLP 29.65 ON 2
[REMARKS]
#FINAL-02-21#