000
CXUS51 KAKQ 042016
CF6RIC
PRELIMINARY LOCAL CLIMATOLOGICAL DATA (WS FORM: F-6)
STATION: RICHMOND VA
MONTH: OCTOBER
YEAR: 2023
LATITUDE: 37 30 N
LONGITUDE: 77 20 W
TEMPERATURE IN F: :PCPN: SNOW: WIND :SUNSHINE: SKY :PK WND
================================================================================
1 2 3 4 5 6A 6B 7 8 9 10 11 12 13 14 15 16 17 18
12Z AVG MX 2MIN
DY MAX MIN AVG DEP HDD CDD WTR SNW DPTH SPD SPD DIR MIN PSBL S-S WX SPD DR
================================================================================
1 82 59 71 5 0 6 0.00 0.0 0 5.8 18 10 M M 2 25 20
2 85 59 72 7 0 7 0.00 0.0 0 4.9 12 40 M M 1 17 40
3 84 60 72 7 0 7 0.00 0.0 0 2.7 9 40 M M 3 1 12 30
4 82 57 70 6 0 5 0.00 0.0 0 2.8 10 120 M M 1 1 14 110
5 82 57 70 6 0 5 0.00 0.0 0 4.4 14 100 M M 5 12 19 120
6 82 64 73 9 0 8 0.00 0.0 0 1.4 8 320 M M 8 12 12 330
7 72 52 62 -1 3 0 0.05 0.0 0 9.2 21 360 M M 5 1 24 360
8 65 46 56 -7 9 0 0.00 0.0 0 9.2 22 310 M M 3 29 300
9 70 40 55 -7 10 0 0.02 0.0 0 8.2 18 220 M M 4 23 220
10 74 46 60 -2 5 0 0.00 0.0 0 4.9 20 230 M M 3 1 22 220
11 73 50 62 0 3 0 0.00 0.0 0 3.8 12 250 M M 7 15 230
12 77 52 65 4 0 0 0.00 0.0 0 2.3 8 100 M M 4 1 11 70
13 77 51 64 3 1 0 0.00 0.0 0 3.2 9 30 M M 1 13 50
14 65 55 60 -1 5 0 0.48 0.0 0 3.9 17 290 M M 10 12 22 270
15 65 48 57 -3 8 0 0.04 0.0 0 10.9 23 340 M M 6 29 330
16 65 45 55 -5 10 0 0.00 0.0 0 7.6 18 310 M M 6 22 310
17 66 46 56 -4 9 0 0.00 0.0 0 6.5 14 30 M M 7 18 30
18 68 52 60 1 5 0 0.00 0.0 0 3.3 17 350 M M 6 22 350
19 72 48 60 1 5 0 0.00 0.0 0 7.5 20 180 M M 3 24 170
20 73 51 62 4 3 0 0.62 0.0 0 7.6 22 190 M M 7 13 27 180
21 72 53 63 5 2 0 T 0.0 0 11.7 23 270 M M 5 30 270
22 72 46 59 1 6 0 0.00 0.0 0 10.1 22 290 M M 2 28 280
23 66 41 54 -3 11 0 0.00 0.0 0 4.7 16 10 M M 0 21 10
24 71 39 55 -2 10 0 0.00 0.0 0 2.5 10 200 M M 0 13 210
25 77 47 62 5 3 0 0.00 0.0 0 5.8 14 190 M M 2 17 200
26 81 51 66 10 0 1 0.00 0.0 0 6.4 13 240 M M 5 1 16 230
27 83 54 69 13 0 4 0.00 0.0 0 5.7 14 260 M M 6 1 18 240
28 86 59 73 17 0 8 0.00 0.0 0 3.7 10 180 M M 2 13 200
29 86 63 75 20 0 10 0.00 0.0 0 5.9 17 170 M M 4 22 190
30 86 53 70 15 0 5 0.03 0.0 0 11.6 28 10 M M 4 34 10
31 53 44 49 -5 16 0 0.07 0.0 0 7.0 21 10 M M 10 1 25 10
================================================================================
SM 2312 1588 124 66 1.31 0.0 185.2 M 132
================================================================================
AV 74.6 51.2 6.0 FASTST M M 4 MAX(MPH)
MISC ----> 28 10 34 10
================================================================================
NOTES:
# LAST OF SEVERAL OCCURRENCES
COLUMN 17 PEAK WIND IN M.P.H.
PRELIMINARY LOCAL CLIMATOLOGICAL DATA (WS FORM: F-6) , PAGE 2
STATION: RICHMOND VA
MONTH: OCTOBER
YEAR: 2023
LATITUDE: 37 30 N
LONGITUDE: 77 20 W
[TEMPERATURE DATA] [PRECIPITATION DATA] SYMBOLS USED IN COLUMN 16
AVERAGE MONTHLY: 62.9 TOTAL FOR MONTH: 1.31 1 = FOG OR MIST
DPTR FM NORMAL: 2.9 DPTR FM NORMAL: -2.08 2 = FOG REDUCING VISIBILITY
HIGHEST: 86 ON 30,29 GRTST 24HR 0.62 ON 20-20 TO 1/4 MILE OR LESS
LOWEST: 39 ON 24 3 = THUNDER
SNOW, ICE PELLETS, HAIL 4 = ICE PELLETS
TOTAL MONTH: 0.0 INCH 5 = HAIL
GRTST 24HR 0.0 6 = FREEZING RAIN OR DRIZZLE
GRTST DEPTH: 0 7 = DUSTSTORM OR SANDSTORM:
VSBY 1/2 MILE OR LESS
8 = SMOKE OR HAZE
[NO. OF DAYS WITH] [WEATHER - DAYS WITH] 9 = BLOWING SNOW
X = TORNADO
MAX 32 OR BELOW: 0 0.01 INCH OR MORE: 7
MAX 90 OR ABOVE: 0 0.10 INCH OR MORE: 2
MIN 32 OR BELOW: 0 0.50 INCH OR MORE: 1
MIN 0 OR BELOW: 0 1.00 INCH OR MORE: 0
[HDD (BASE 65) ]
TOTAL THIS MO. 124 CLEAR (SCALE 0-3) 12
DPTR FM NORMAL -73 PTCLDY (SCALE 4-7) 16
TOTAL FM JUL 1 128 CLOUDY (SCALE 8-10) 3
DPTR FM NORMAL -92
[CDD (BASE 65) ]
TOTAL THIS MO. 66
DPTR FM NORMAL 26 [PRESSURE DATA]
TOTAL FM JAN 1 1629 HIGHEST SLP 30.44 ON 24
DPTR FM NORMAL 73 LOWEST SLP 29.47 ON 21
[REMARKS]
#FINAL-10-23#