000
CXUS55 KGJT 011010
CF6RIL
PRELIMINARY LOCAL CLIMATOLOGICAL DATA (WS FORM: F-6)
STATION: RIFLE CO
MONTH: DECEMBER
YEAR: 2022
LATITUDE: 39 31 N
LONGITUDE: 107 43 W
TEMPERATURE IN F: :PCPN: SNOW: WIND :SUNSHINE: SKY :PK WND
================================================================================
1 2 3 4 5 6A 6B 7 8 9 10 11 12 13 14 15 16 17 18
12Z AVG MX 2MIN
DY MAX MIN AVG DEP HDD CDD WTR SNW DPTH SPD SPD DIR MIN PSBL S-S WX SPD DR
================================================================================
1 52 11 32 2 33 0 0.00 M M 4.6 31 210 M M 2 42 210
2 52 17 35 6 30 0 0.03 M M 13.8 37 330 M M 7 59 330
3 35 16 26 -3 39 0 0.00 M M 3.0 9 100 M M 6 12 80
4 47 30 39 10 26 0 0.00 M M 1.2 7 110 M M 8 9 110
5 48 31 40 12 25 0 0.01 M M 5.7 26 320 M M 8 37 320
6 38 25 32 4 33 0 0.26 M M 1.5 26 320 M M 7 12 33 320
7 37 21 29 1 36 0 0.43 M M 2.4 14 280 M M 8 12 18 280
8 37 12 25 -2 40 0 0.08 M M 6.7 22 250 M M 6 12 31 250
9 31 9 20 -7 45 0 0.00 M M 3.2 8 140 M M 1 9 140
10 34 8 21 -6 44 0 0.00 M M 2.2 7 150 M M 0 8 140
11 43 16 30 4 35 0 0.00 M M 2.6 9 130 M M 0 10 140
12 44 23 34 8 31 0 0.08 M M 7.2 29 260 M M 7 12 36 270
13 29 19 24 -2 41 0 0.10 M M 4.7 17 260 M M 8 18 24 250
14 31 20 26 0 39 0 0.02 M M 0.8 8 160 M M 10 1 9 170
15 29 10 20 -5 45 0 T M M 4.7 18 290 M M 10 1 24 300
16 24 -1 12 -13 53 0 0.00 M M 2.4 10 140 M M 1 11 160
17 23 -4 10 -15 55 0 0.00 M M 2.1 7 130 M M 0 8 110
18 27 -1 13 -12 52 0 0.00 M M 1.9 7 190 M M 0 9 210
19 30 0 15 -9 50 0 0.00 M M 1.9 8 110 M M 0 9 110
20 27 4 16 -8 49 0 0.04 M M 2.2 7 230 M M 5 1 10 140
21 35 16 26 2 39 0 T M M 8.0 28 260 M M 5 1 40 240
22 33 12 23 -1 42 0 T M M 6.4 24 340 M M 4 1 37 360
23 35 14 25 1 40 0 0.00 M M 1.7 8 130 M M 5 9 140
24 36 25 31 7 34 0 0.00 M M 2.2 7 220 M M 10 8 260
25 39 19 29 5 36 0 0.00 M M 3.2 12 210 M M 3 15 210
26 40 19 30 6 35 0 0.00 M M 1.8 8 170 M M 3 10 150
27 34 17 26 2 39 0 0.33 M M 1.9 7 170 M M 4 12 11 170
28 36 31 34 10 31 0 0.22 M M 6.6 17 250 M M 10 12 24 250
29 32 13 23 -1 42 0 T M M 4.1 15 280 M M 6 18 18 270
30 30 16 23 -1 42 0 0.26 M M 1.1 6 270 M M 10 1 8 130
31 38 26 32 8 33 0 0.07 M M 2.9 9 110 M M 10 1 10 60
================================================================================
SM 1106 474 1214 0 1.93 M 114.7 M 164
================================================================================
AV 35.7 15.3 3.7 FASTST M M 5 MAX(MPH)
MISC ----> 37 330 59 330
================================================================================
NOTES:
# LAST OF SEVERAL OCCURRENCES
COLUMN 17 PEAK WIND IN M.P.H.
PRELIMINARY LOCAL CLIMATOLOGICAL DATA (WS FORM: F-6) , PAGE 2
STATION: RIFLE CO
MONTH: DECEMBER
YEAR: 2022
LATITUDE: 39 31 N
LONGITUDE: 107 43 W
[TEMPERATURE DATA] [PRECIPITATION DATA] SYMBOLS USED IN COLUMN 16
AVERAGE MONTHLY: 25.5 TOTAL FOR MONTH: 1.93 1 = FOG OR MIST
DPTR FM NORMAL: -0.1 DPTR FM NORMAL: 1.36 2 = FOG REDUCING VISIBILITY
HIGHEST: 52 ON 2, 1 GRTST 24HR 0.54 ON 27-28 TO 1/4 MILE OR LESS
LOWEST: -4 ON 17 3 = THUNDER
SNOW, ICE PELLETS, HAIL 4 = ICE PELLETS
TOTAL MONTH: M 5 = HAIL
GRTST 24HR M ON M 6 = FREEZING RAIN OR DRIZZLE
GRTST DEPTH: M ON M 7 = DUSTSTORM OR SANDSTORM:
VSBY 1/2 MILE OR LESS
8 = SMOKE OR HAZE
[NO. OF DAYS WITH] [WEATHER - DAYS WITH] 9 = BLOWING SNOW
X = TORNADO
MAX 32 OR BELOW: 11 0.01 INCH OR MORE: 13
MAX 90 OR ABOVE: 0 0.10 INCH OR MORE: 6
MIN 32 OR BELOW: 31 0.50 INCH OR MORE: 0
MIN 0 OR BELOW: 4 1.00 INCH OR MORE: 0
[HDD (BASE 65) ]
TOTAL THIS MO. 1214 CLEAR (SCALE 0-3) 10
DPTR FM NORMAL -6 PTCLDY (SCALE 4-7) 14
TOTAL FM JUL 1 2679 CLOUDY (SCALE 8-10) 7
DPTR FM NORMAL 9
[CDD (BASE 65) ]
TOTAL THIS MO. 0
DPTR FM NORMAL 0 [PRESSURE DATA]
TOTAL FM JAN 1 855 HIGHEST SLP 30.69 ON 20
DPTR FM NORMAL 224 LOWEST SLP 29.50 ON 12
[REMARKS]
#FINAL-12-22#