000
CXUS55 KGJT 011612
CLMRIL
CLIMATE REPORT
NATIONAL WEATHER SERVICE GRAND JUNCTION CO
912 AM MST THU FEB 01 2024
...................................
...THE RIFLE CO CLIMATE SUMMARY FOR THE MONTH OF JANUARY 2024...
CLIMATE NORMAL PERIOD 1991 TO 2020
CLIMATE RECORD PERIOD 9999 TO 9999
WEATHER OBSERVED NORMAL DEPART LAST YEAR`S
VALUE DATE(S) VALUE FROM VALUE DATE(S)
NORMAL
................................................................
TEMPERATURE (F)
HIGHEST 56 01/29 MM MM 45 01/11
01/30
01/31
LOWEST 0 01/12 MM MM -8 01/31
01/16
AVG. MAXIMUM 40.1 36.8 3.3 34.9
AVG. MINIMUM 19.2 13.4 5.8 17.1
MEAN 29.6 25.1 4.5 26.0
DAYS MAX >= 90 0 0.0 0.0 0
DAYS MAX <= 32 6 7.9 -1.9 9
DAYS MIN <= 32 31 30.7 0.3 30
DAYS MIN <= 0 2 3.2 -1.2 1
PRECIPITATION (INCHES)
TOTALS 0.48 0.70 -0.22 1.90
DAILY AVG. 0.02 0.02 -0.00 0.06
DAYS >= .01 5 7.2 -2.2 13
DAYS >= .10 2 2.4 -0.4 10
DAYS >= .50 0 0.1 -0.1 0
DAYS >= 1.00 0 0.0 0.0 0
GREATEST
24 HR. TOTAL 0.25 01/14 TO 01/14 0.43
SNOWFALL (INCHES)
TOTALS MM MM MM MM
SINCE 7/1 MM MM MM MM
SNOWDEPTH AVG. MM MM
DAYS >= 1.0 MM MM MM MM
GREATEST
SNOW DEPTH MM MM MM
24 HR TOTAL MM MM
DEGREE DAYS
HEATING TOTAL 1090 1237 -147 1203
SINCE 7/1 3476 3907 -431 3882
COOLING TOTAL 0 0 0 0
SINCE 1/1 0 0 0 0
................................................................
WIND (MPH)
AVERAGE WIND SPEED 4.3
HIGHEST WIND SPEED/DIRECTION 35/250 DATE 01/13
HIGHEST GUST SPEED/DIRECTION 49/260 DATE 01/13
SKY COVER
POSSIBLE SUNSHINE (PERCENT) MM
AVERAGE SKY COVER 0.51
NUMBER OF DAYS FAIR 11
NUMBER OF DAYS PC 9
NUMBER OF DAYS CLOUDY 11
AVERAGE RH (PERCENT) 65
WEATHER CONDITIONS. NUMBER OF DAYS WITH
THUNDERSTORM 0 MIXED PRECIP 0
HEAVY RAIN 0 RAIN 0
LIGHT RAIN 3 FREEZING RAIN 0
LT FREEZING RAIN 0 HAIL 0
HEAVY SNOW 1 SNOW 4
LIGHT SNOW 12 SLEET 0
FOG 8 FOG W/VIS <= 1/4 MILE 1
HAZE 0
- INDICATES NEGATIVE NUMBERS.
R INDICATES RECORD WAS SET OR TIED.
MM INDICATES DATA IS MISSING.
T INDICATES TRACE AMOUNT.
$$