000
CXUS55 KRIW 020433
CF6RIW
PRELIMINARY LOCAL CLIMATOLOGICAL DATA (WS FORM: F-6)
STATION: RIVERTON WY
MONTH: OCTOBER
YEAR: 2020
LATITUDE: 43 2 N
LONGITUDE: 108 27 W
TEMPERATURE IN F: :PCPN: SNOW: WIND :SUNSHINE: SKY :PK WND
================================================================================
1 2 3 4 5 6A 6B 7 8 9 10 11 12 13 14 15 16 17 18
12Z AVG MX 2MIN
DY MAX MIN AVG DEP HDD CDD WTR SNW DPTH SPD SPD DIR MIN PSBL S-S WX SPD DR
================================================================================
1 66 32 49 -2 16 0 0.00 0.0 0 3.8 10 360 M M 0 13 330
2 73 38 56 5 9 0 0.00 0.0 0 5.7 20 20 M M 0 26 50
3 68 35 52 2 13 0 0.00 0.0 0 5.6 12 60 M M 0 15 110
4 78 36 57 7 8 0 0.00 0.0 0 8.9 29 310 M M 0 38 310
5 72 48 60 10 5 0 0.00 0.0 0 9.1 24 280 M M 0 30 280
6 82 47 65 16 0 0 0.00 0.0 0 10.3 22 280 M M 0 26 280
7 77 44 61 12 4 0 0.00 0.0 0 6.2 18 290 M M 0 23 300
8 80 38 59 11 6 0 0.00 0.0 0 8.2 17 290 M M 0 22 300
9 74 45 60 12 5 0 0.00 0.0 0 6.1 15 310 M M 0 18 310
10 78 42 60 12 5 0 0.00 0.0 0 11.1 28 240 M M 0 40 240
11 64 32 48 1 17 0 T 0.0 0 20.7 46 290 M M 2 59 300
12 66 31 49 2 16 0 0.00 0.0 0 13.8 36 280 M M 0 46 280
13 68 34 51 5 14 0 0.00 0.0 0 7.3 25 250 M M 0 35 260
14 62 33 48 2 17 0 0.00 0.0 0 17.5 43 320 M M 1 8 59 310
15 45 27 36 -10 29 0 0.00 0.0 0 7.6 17 40 M M 1 25 50
16 65 20 43 -2 22 0 0.00 0.0 0 13.0 43 280 M M 1 59 290
17 63 27 45 0 20 0 0.00 0.0 0 11.5 24 70 M M 2 32 80
18 49 27 38 -6 27 0 0.00 0.0 0 4.8 16 60 M M 5 21 60
19 66 29 48 4 17 0 0.00 0.0 0 7.2 20 330 M M 2 25 320
20 55 32 44 0 21 0 0.00 0.0 0 8.0 14 40 M M 1 19 40
21 67 25 46 3 19 0 T T 0 9.7 24 290 M M 1 32 300
22 35 18 27 -16 38 0 0.06 1.1 T 16.7 32 360 M M 10 1 44 10
23 34 10 22 -20 43 0 0.00 0.0 1 3.1 10 280 M M 3 11 160
24 39 9 24 -18 41 0 0.12 2.2 T 11.5 33 10 M M 5 1 44 20
25 15 -8 4 -37 61 0 0.05 0.5 2 8.6 17 20 M M 6 18 22 10
26 17 -9 4 -37 61 0 0.00 0.0 2 3.6 10 230 M M 2 12 10 230
27 34 3 19 -21 46 0 0.00 0.0 1 3.2 8 270 M M 0 10 210
28 50 21 36 -4 29 0 0.00 0.0 1 3.0 9 240 M M 0 10 240
29 64 26 45 5 20 0 0.00 0.0 0 8.1 21 300 M M 0 31 310
30 61 31 46 7 19 0 0.00 0.0 0 7.7 18 270 M M 0 23 280
31 54 28 41 2 24 0 0.00 0.0 0 7.3 21 300 M M 0 27 300
================================================================================
SM 1821 851 672 0 0.23 3.8 268.9 M 42
================================================================================
AV 58.7 27.5 8.7 FASTST M M 1 MAX(MPH)
MISC ----> 46 290 # 59 300
================================================================================
NOTES:
# LAST OF SEVERAL OCCURRENCES
COLUMN 17 PEAK WIND IN M.P.H.
PRELIMINARY LOCAL CLIMATOLOGICAL DATA (WS FORM: F-6) , PAGE 2
STATION: RIVERTON WY
MONTH: OCTOBER
YEAR: 2020
LATITUDE: 43 2 N
LONGITUDE: 108 27 W
[TEMPERATURE DATA] [PRECIPITATION DATA] SYMBOLS USED IN COLUMN 16
AVERAGE MONTHLY: 43.1 TOTAL FOR MONTH: 0.23 1 = FOG OR MIST
DPTR FM NORMAL: -2.0 DPTR FM NORMAL: -0.66 2 = FOG REDUCING VISIBILITY
HIGHEST: 82 ON 6 GRTST 24HR 0.17 ON 24-25 TO 1/4 MILE OR LESS
LOWEST: -9 ON 26 3 = THUNDER
SNOW, ICE PELLETS, HAIL 4 = ICE PELLETS
TOTAL MONTH: 3.8 INCHES 5 = HAIL
GRTST 24HR 2.2 ON 24-24 6 = FREEZING RAIN OR DRIZZLE
GRTST DEPTH: 2 ON 26,25 7 = DUSTSTORM OR SANDSTORM:
VSBY 1/2 MILE OR LESS
8 = SMOKE OR HAZE
[NO. OF DAYS WITH] [WEATHER - DAYS WITH] 9 = BLOWING SNOW
X = TORNADO
MAX 32 OR BELOW: 2 0.01 INCH OR MORE: 3
MAX 90 OR ABOVE: 0 0.10 INCH OR MORE: 1
MIN 32 OR BELOW: 20 0.50 INCH OR MORE: 0
MIN 0 OR BELOW: 2 1.00 INCH OR MORE: 0
[HDD (BASE 65) ]
TOTAL THIS MO. 672 CLEAR (SCALE 0-3) 27
DPTR FM NORMAL 56 PTCLDY (SCALE 4-7) 3
TOTAL FM JUL 1 893 CLOUDY (SCALE 8-10) 1
DPTR FM NORMAL 14
[CDD (BASE 65) ]
TOTAL THIS MO. 0
DPTR FM NORMAL 0 [PRESSURE DATA]
TOTAL FM JAN 1 644 HIGHEST SLP 30.60 ON 25
DPTR FM NORMAL 150 LOWEST SLP 29.42 ON 11
[REMARKS]
#FINAL-10-20#