000
CXUS52 KFFC 011110
CF6RMG
PRELIMINARY LOCAL CLIMATOLOGICAL DATA (WS FORM: F-6)
STATION: ROME
MONTH: APRIL
YEAR: 2020
LATITUDE: 34 20 N
LONGITUDE: 85 10 W
TEMPERATURE IN F: :PCPN: SNOW: WIND :SUNSHINE: SKY :PK WND
================================================================================
1 2 3 4 5 6A 6B 7 8 9 10 11 12 13 14 15 16 17 18
12Z AVG MX 2MIN
DY MAX MIN AVG DEP HDD CDD WTR SNW DPTH SPD SPD DIR MIN PSBL S-S WX SPD DR
================================================================================
1 62 40 51 -5 14 0 0.00 0.0 0 8.5 21 360 M M 1 27 10
2 69 36 53 -4 12 0 0.00 0.0 0 3.3 15 20 M M 0 18 340
3 79 40 60 3 5 0 0.00 0.0 0 2.6 9 310 M M 0 16 360
4 80 52 66 9 0 1 0.00 0.0 0 2.1 10 340 M M 3 13 30
5 83 52 68 11 0 3 0.00 0.0 0 2.3 9 180 M M 1 13 270
6 85 50 68 11 0 3 0.00 0.0 0 1.5 13 240 M M 1 18 240
7 76 59 68 10 0 3 0.00 0.0 0 3.3 18 220 M M 1 25 220
8 82 61 72 14 0 7 0.68 0.0 0 3.6 21 280 M M 6 13 28 290
9 76 60 68 10 0 3 0.45 0.0 0 7.4 24 20 M M 1 13 32 20
10 63 42 53 -5 12 0 0.00 0.0 0 8.9 22 360 M M 1 31 360
11 73 34 54 -5 11 0 0.00 0.0 0 1.8 12 170 M M 0 16 200
12 72 47 60 1 5 0 2.54 M 0 6.2 28 300 M M 6 13 39 180
13 70 52 61 2 4 0 0.17 0.0 0 9.3 24 260 M M 7 13 33 270
14 67 44 56 -3 9 0 0.00 0.0 0 9.7 22 360 M M 2 28 10
15 62 40 51 -9 14 0 0.00 0.0 0 8.8 23 360 M M 1 29 20
16 68 34 51 -9 14 0 0.00 0.0 0 3.5 15 30 M M 0 20 30
17 76 37 57 -3 8 0 0.00 0.0 0 5.1 18 170 M M 0 23 170
18 68 46 57 -3 8 0 0.27 0.0 0 6.5 21 300 M M 3 13 27 320
19 62 43 53 -8 12 0 0.85 M 0 4.2 13 150 M M 6 13 18 140
20 75 50 63 2 2 0 0.29 0.0 0 6.7 20 20 M M 5 13 24 350
21 78 48 63 2 2 0 0.00 0.0 0 7.1 20 280 M M 2 29 320
22 71 42 57 -4 8 0 0.10 M 0 2.8 9 20 M M 3 1 12 350
23 65 54 60 -2 5 0 1.05 0.0 0 7.4 24 150 M M 10 1 32 140
24 73 53 63 1 2 0 0.00 0.0 0 4.8 14 340 M M 7 18 320
25 81 52 67 5 0 2 0.01 0.0 0 8.0 21 240 M M 4 13 33 270
26 63 48 56 -6 9 0 0.00 0.0 0 10.3 23 310 M M 8 34 320
27 74 38 56 -7 9 0 0.00 0.0 0 3.2 18 350 M M 0 23 340
28 81 47 64 1 1 0 0.00 M 0 3.5 16 180 M M 2 20 180
29 71 57 64 1 1 0 0.31 0.0 0 6.4 20 270 M M 7 1 29 280
30 67 48 58 -6 7 0 0.00 0.0 0 4.7 17 330 M M 7 12 21 340
================================================================================
SM 2172 1406 174 22 6.72 0.0 163.5 M 95
================================================================================
AV 72.4 46.9 5.4 FASTST M M 3 MAX(MPH)
MISC ----> # 28 300 # 39 180
================================================================================
NOTES:
# LAST OF SEVERAL OCCURRENCES
COLUMN 17 PEAK WIND IN M.P.H.
PRELIMINARY LOCAL CLIMATOLOGICAL DATA (WS FORM: F-6) , PAGE 2
STATION: ROME
MONTH: APRIL
YEAR: 2020
LATITUDE: 34 20 N
LONGITUDE: 85 10 W
[TEMPERATURE DATA] [PRECIPITATION DATA] SYMBOLS USED IN COLUMN 16
AVERAGE MONTHLY: 59.6 TOTAL FOR MONTH: 6.72 1 = FOG OR MIST
DPTR FM NORMAL: -0.2 DPTR FM NORMAL: 2.67 2 = FOG REDUCING VISIBILITY
HIGHEST: 85 ON 6 GRTST 24HR 2.54 ON 12-12 TO 1/4 MILE OR LESS
LOWEST: 34 ON 16,11 3 = THUNDER
SNOW, ICE PELLETS, HAIL 4 = ICE PELLETS
TOTAL MONTH: 0.0 INCH 5 = HAIL
GRTST 24HR 0.0 6 = FREEZING RAIN OR DRIZZLE
GRTST DEPTH: 0 7 = DUSTSTORM OR SANDSTORM:
VSBY 1/2 MILE OR LESS
8 = SMOKE OR HAZE
[NO. OF DAYS WITH] [WEATHER - DAYS WITH] 9 = BLOWING SNOW
X = TORNADO
MAX 32 OR BELOW: 0 0.01 INCH OR MORE: 11
MAX 90 OR ABOVE: 0 0.10 INCH OR MORE: 10
MIN 32 OR BELOW: 0 0.50 INCH OR MORE: 4
MIN 0 OR BELOW: 0 1.00 INCH OR MORE: 2
[HDD (BASE 65) ]
TOTAL THIS MO. 174 CLEAR (SCALE 0-3) 18
DPTR FM NORMAL -12 PTCLDY (SCALE 4-7) 11
TOTAL FM JUL 1 2432 CLOUDY (SCALE 8-10) 1
DPTR FM NORMAL -781
[CDD (BASE 65) ]
TOTAL THIS MO. 22
DPTR FM NORMAL -7 [PRESSURE DATA]
TOTAL FM JAN 1 54 HIGHEST SLP 30.32 ON 16
DPTR FM NORMAL 21 LOWEST SLP 29.53 ON 20
[REMARKS]
#FINAL-04-20#