000
CXUS51 KRNK 010626
CLSRNK
CLIMATE REPORT
NATIONAL WEATHER SERVICE BLACKSBURG, VA
126 AM EST TUE DEC 01 2020
...................................
...THE BLACKSBURG VA CLIMATE SUMMARY FOR THE SEASON, FROM
9/1/2020 TO 11/30/2020...
CLIMATE NORMAL PERIOD: 1981 TO 2010
CLIMATE RECORD PERIOD: 1893 TO 2020
WEATHER OBSERVED NORMAL DEPART LAST YEAR`S
VALUE DATE(S) VALUE FROM VALUE
NORMAL
..............................................................
TEMPERATURE (F)
RECORD
HIGH 96 09/02/1953
LOW 0 11/25/1970
HIGHEST 85 09/02 94
09/03
LOWEST 23 11/19 12
AVG. MAXIMUM 66.6 65.4 1.2 68.4
AVG. MINIMUM 44.1 40.4 3.7 44.2
MEAN 55.4 52.9 2.5 56.3
DAYS MAX >= 90 0 0.3 -0.3 8
DAYS MAX <= 32 0 0.4 -0.4 0
DAYS MIN <= 32 20 25.2 -5.2 23
DAYS MIN <= 0 0 0.0 0.0 0
PRECIPITATION (INCHES)
RECORD
MAXIMUM 17.83 1977
MINIMUM 2.63 1953
TOTALS 13.66 8.75 4.91 11.12
DAYS >= .01 27 26.6 0.4 25
DAYS >= .10 16 16.5 -0.5 14
DAYS >= .50 9 6.4 2.6 10
DAYS >= 1.00 5 1.9 3.1 3
GREATEST
24 HR. TOTAL 3.03 1.88
SNOWFALL (INCHES)
TOTALS T T
DAYS >= TRACE 3 3
DAYS >= 1.0 0 0
GREATEST
24 HR TOTAL MM 0.0
DEGREE DAYS
HEATING TOTAL 936 1162 -226 1020
COOLING TOTAL 78 62 16 251
..............................................................
WIND (MPH)
AVERAGE WIND SPEED 3.0
RESULTANT WIND SPEED/DIRECTION 0/310
HIGHEST WIND SPEED/DIRECTION 24/310 DATE 11/01
HIGHEST GUST SPEED/DIRECTION 41/310 DATE 11/01
SKY COVER
AVERAGE SKY COVER 0.43
AVERAGE RH (PERCENT) 77
WEATHER CONDITIONS. NUMBER OF DAYS WITH
THUNDERSTORM 3 MIXED PRECIP 0
HEAVY RAIN 9 RAIN 17
LIGHT RAIN 41 FREEZING RAIN 0
LT FREEZING RAIN 0 HAIL 0
HEAVY SNOW 0 SNOW 0
LIGHT SNOW 3 SLEET 0
FOG 41 FOG W/VIS <= 1/4 MILE 16
HAZE 0
- INDICATES NEGATIVE NUMBERS.
R INDICATES RECORD WAS SET OR TIED.
MM INDICATES DATA IS MISSING.
T INDICATES TRACE AMOUNT.
$$