000
CXUS55 KREV 011900
CF6RNO
PRELIMINARY LOCAL CLIMATOLOGICAL DATA (WS FORM: F-6)
STATION: RENO-TAHOE INTL AIRPORT NV
MONTH: MARCH
YEAR: 2022
LATITUDE: 39 30 N
LONGITUDE: 119 47 W
TEMPERATURE IN F: :PCPN: SNOW: WIND :SUNSHINE: SKY :PK WND
================================================================================
1 2 3 4 5 6A 6B 7 8 9 10 11 12 13 14 15 16 17 18
12Z AVG MX 2MIN
DY MAX MIN AVG DEP HDD CDD WTR SNW DPTH SPD SPD DIR MIN PSBL S-S WX SPD DR
================================================================================
1 72 34 53 9 12 0 0.00 0.0 0 4.5 21 290 M M 5 26 290
2 73 36 55 11 10 0 0.00 0.0 0 3.6 18 270 M M 6 25 280
3 66 37 52 8 13 0 0.00 0.0 0 5.2 18 290 M M 7 24 300
4 57 32 45 1 20 0 T T 0 10.0 33 170 M M 7 18 40 280
5 39 29 34 -11 31 0 T T 0 9.6 24 350 M M 8 33 270
6 47 25 36 -9 29 0 0.00 0.0 0 5.5 17 360 M M 2 23 360
7 49 23 36 -9 29 0 0.00 0.0 0 3.5 13 30 M M 2 18 50
8 57 25 41 -4 24 0 0.00 0.0 0 6.2 20 350 M M 5 25 350
9 57 31 44 -2 21 0 0.02 0.0 0 8.6 29 330 M M 7 37 270
10 44 25 35 -11 30 0 0.00 0.0 0 7.2 16 10 M M 3 20 10
11 60 23 42 -4 23 0 0.00 0.0 0 3.3 12 90 M M 1 15 100
12 66 28 47 1 18 0 0.00 0.0 0 10.3 37 170 M M 2 47 170
13 55 39 47 1 18 0 T 0.0 0 12.6 35 220 M M 6 44 220
14 66 32 49 3 16 0 0.00 0.0 0 3.2 22 280 M M 7 27 280
15 60 44 52 5 13 0 0.01 0.0 0 8.2 23 250 M M 8 30 250
16 60 34 47 0 18 0 0.00 0.0 0 6.0 18 360 M M 3 24 360
17 59 33 46 -1 19 0 0.00 0.0 0 5.9 22 270 M M 6 28 280
18 68 31 50 3 15 0 0.00 0.0 0 3.7 15 270 M M 5 21 280
19 54 40 47 0 18 0 T 0.0 0 10.2 28 290 M M 8 34 290
20 56 33 45 -2 20 0 0.00 0.0 0 6.4 20 340 M M 5 24 340
21 66 31 49 1 16 0 0.00 0.0 0 4.1 20 40 M M 5 29 50
22 69 39 54 6 11 0 0.00 0.0 0 4.5 14 80 M M 1 20 80
23 77 40 59 11 6 0 0.00 0.0 0 5.7 20 280 M M 1 25 270
24 80 41 61 13 4 0 0.00 0.0 0 4.0 20 280 M M 4 31 280
25 81 42 62 14 3 0 0.00 0.0 0 4.3 21 290 M M 4 29 280
26 79 46 63 15 2 0 0.00 0.0 0 5.8 25 170 M M 7 32 210
27 74 49 62 14 3 0 0.00 0.0 0 8.4 25 220 M M 7 33 250
28 59 47 53 5 12 0 T 0.0 0 8.2 26 330 M M 8 32 330
29 65 45 55 6 10 0 T 0.0 0 8.0 23 360 M M 6 29 350
30 67 40 54 5 11 0 0.00 0.0 0 7.5 24 290 M M 7 28 290
31 63 38 51 2 14 0 0.00 0.0 0 4.2 20 30 M M 6 23 30
================================================================================
SM 1945 1092 489 0 0.03 T 198.4 M 159
================================================================================
AV 62.7 35.2 6.4 FASTST M M 5 MAX(MPH)
MISC ----> 37 170 47 170
================================================================================
NOTES:
# LAST OF SEVERAL OCCURRENCES
COLUMN 17 PEAK WIND IN M.P.H.
PRELIMINARY LOCAL CLIMATOLOGICAL DATA (WS FORM: F-6) , PAGE 2
STATION: RENO-TAHOE INTL AIRPORT NV
MONTH: MARCH
YEAR: 2022
LATITUDE: 39 30 N
LONGITUDE: 119 47 W
[TEMPERATURE DATA] [PRECIPITATION DATA] SYMBOLS USED IN COLUMN 16
AVERAGE MONTHLY: 49.0 TOTAL FOR MONTH: 0.03 1 = FOG OR MIST
DPTR FM NORMAL: 2.4 DPTR FM NORMAL: -0.77 2 = FOG REDUCING VISIBILITY
HIGHEST: 81 ON 25 GRTST 24HR 0.02 ON 9- 9 TO 1/4 MILE OR LESS
LOWEST: 23 ON 11, 7 3 = THUNDER
SNOW, ICE PELLETS, HAIL 4 = ICE PELLETS
TOTAL MONTH: T 5 = HAIL
GRTST 24HR T ON 4- 4 6 = FREEZING RAIN OR DRIZZLE
GRTST DEPTH: 0 7 = DUSTSTORM OR SANDSTORM:
VSBY 1/2 MILE OR LESS
8 = SMOKE OR HAZE
[NO. OF DAYS WITH] [WEATHER - DAYS WITH] 9 = BLOWING SNOW
X = TORNADO
MAX 32 OR BELOW: 0 0.01 INCH OR MORE: 2
MAX 90 OR ABOVE: 0 0.10 INCH OR MORE: 0
MIN 32 OR BELOW: 12 0.50 INCH OR MORE: 0
MIN 0 OR BELOW: 0 1.00 INCH OR MORE: 0
[HDD (BASE 65) ]
TOTAL THIS MO. 489 CLEAR (SCALE 0-3) 8
DPTR FM NORMAL -82 PTCLDY (SCALE 4-7) 22
TOTAL FM JUL 1 3835 CLOUDY (SCALE 8-10) 1
DPTR FM NORMAL -193
[CDD (BASE 65) ]
TOTAL THIS MO. 0
DPTR FM NORMAL 0 [PRESSURE DATA]
TOTAL FM JAN 1 0 HIGHEST SLP 30.48 ON 7
DPTR FM NORMAL 0 LOWEST SLP 29.49 ON 27
[REMARKS]
#FINAL-03-22#