000
CXUS54 KFWD 072148
CF6RPH
PRELIMINARY LOCAL CLIMATOLOGICAL DATA (WS FORM: F-6)
STATION: GRAHAM
MONTH: JUNE
YEAR: 2022
LATITUDE: 33 6 N
LONGITUDE: 98 30 W
TEMPERATURE IN F: :PCPN: SNOW: WIND :SUNSHINE: SKY :PK WND
================================================================================
1 2 3 4 5 6A 6B 7 8 9 10 11 12 13 14 15 16 17 18
12Z AVG MX 2MIN
DY MAX MIN AVG DEP HDD CDD WTR SNW DPTH SPD SPD DIR MIN PSBL S-S WX SPD DR
================================================================================
1 90 75 83 7 0 18 T M M 7.0 13 80 M M 5 22 80
2 79 65 72 -4 0 7 0.01 M M 4.0 12 130 M M 5 1 23 300
3 76 65 71 -5 0 6 0.05 M M 3.4 10 330 M M 5 1 M M
4 88 64 76 -1 0 11 0.00 M M 4.5 8 150 M M 3 1 M M
5 96 72 84 7 0 19 0.00 M M 9.9 15 140 M M 0 24 170
6 98 76 87 10 0 22 0.00 M M 8.0 15 160 M M 0 25 160
7 97 75 86 9 0 21 0.00 M M 8.1 10 150 M M 0 20 140
8 87 71 79 1 0 14 0.00 M M 8.1 23 350 M M 2 36 350
9 94 67 81 3 0 16 0.00 M M 4.4 8 110 M M 4 M M
10 101 70 86 8 0 21 T M M 5.1 24 340 M M 2 32 340
11 106 77 92 14 0 27 0.00 M M 6.5 12 230 M M 0 18 230
12 107 79 93 15 0 28 0.00 M M 8.4 15 200 M M 0 8 22 190
13 102 80 91 12 0 26 0.00 M M 9.6 14 200 M M 0 25 210
14 99 79 89 10 0 24 0.00 M M 12.0 18 150 M M 0 33 160
15 101 78 90 11 0 25 0.00 M M 12.3 15 190 M M 1 30 170
16 101 78 90 11 0 25 0.00 M M 6.6 10 200 M M 2 17 170
17 100 71 86 6 0 21 0.00 M M 5.4 12 90 M M 1 8 30 M
18 96 74 85 5 0 20 0.11 M M 4.8 9 80 M M 2 23 80
19 99 73 86 6 0 21 0.00 M M 6.1 12 110 M M 1 18 99
20 102 75 89 9 0 24 0.00 M M 8.1 13 150 M M 0 20 180
21 100 77 89 9 0 24 0.00 M M 6.6 12 90 M M 1 17 100
22 100 71 86 6 0 21 0.00 M M 4.3 8 120 M M 2 M M
23 99 75 87 6 0 22 0.00 M M 3.5 7 130 M M 2 M M
24 104 80 92 11 0 27 0.00 M M 7.3 13 120 M M 0 22 130
25 102 77 90 9 0 25 0.00 M M 6.4 10 200 M M 0 20 99
26 99 70 85 4 0 20 0.01 M M 5.7 12 40 M M 4 47 M
27 89 69 79 -2 0 14 0.00 M M 6.7 9 60 M M 4 M M
28 83 67 75 -7 0 10 T M M 4.7 14 10 M M 4 20 10
29 92 61 77 -5 0 12 0.00 M M 3.6 8 70 M M 0 M M
30 98 65 82 0 0 17 0.00 M M 4.2 9 100 M M 1 M M
================================================================================
SM 2885 2176 0 588 0.18 M 195.1 M 51
================================================================================
AV 96.2 72.5 6.5 FASTST M M 2 MAX(MPH)
MISC ----> 24 340 47 9999
================================================================================
NOTES:
# LAST OF SEVERAL OCCURRENCES
COLUMN 17 PEAK WIND IN M.P.H.
PRELIMINARY LOCAL CLIMATOLOGICAL DATA (WS FORM: F-6) , PAGE 2
STATION: GRAHAM
MONTH: JUNE
YEAR: 2022
LATITUDE: 33 6 N
LONGITUDE: 98 30 W
[TEMPERATURE DATA] [PRECIPITATION DATA] SYMBOLS USED IN COLUMN 16
AVERAGE MONTHLY: 84.4 TOTAL FOR MONTH: 0.18 1 = FOG OR MIST
DPTR FM NORMAL: 5.3 DPTR FM NORMAL: -3.90 2 = FOG REDUCING VISIBILITY
HIGHEST: 107 ON 12 GRTST 24HR 0.11 ON 18-18 TO 1/4 MILE OR LESS
LOWEST: 61 ON 29 3 = THUNDER
SNOW, ICE PELLETS, HAIL 4 = ICE PELLETS
TOTAL MONTH: M 5 = HAIL
GRTST 24HR M ON M 6 = FREEZING RAIN OR DRIZZLE
GRTST DEPTH: M ON M 7 = DUSTSTORM OR SANDSTORM:
VSBY 1/2 MILE OR LESS
8 = SMOKE OR HAZE
[NO. OF DAYS WITH] [WEATHER - DAYS WITH] 9 = BLOWING SNOW
X = TORNADO
MAX 32 OR BELOW: 0 0.01 INCH OR MORE: 4
MAX 90 OR ABOVE: 24 0.10 INCH OR MORE: 1
MIN 32 OR BELOW: 0 0.50 INCH OR MORE: 0
MIN 0 OR BELOW: 0 1.00 INCH OR MORE: 0
[HDD (BASE 65) ]
TOTAL THIS MO. 0 CLEAR (SCALE 0-3) 23
DPTR FM NORMAL -1 PTCLDY (SCALE 4-7) 7
TOTAL FM JUL 1 2350 CLOUDY (SCALE 8-10) 0
DPTR FM NORMAL -560
[CDD (BASE 65) ]
TOTAL THIS MO. 588
DPTR FM NORMAL 164 [PRESSURE DATA]
TOTAL FM JAN 1 1152 HIGHEST SLP M ON M
DPTR FM NORMAL 420 LOWEST SLP M ON M
[REMARKS]
#FINAL-06-22#