000
CXUS54 KFWD 010830
CF6RPH
PRELIMINARY LOCAL CLIMATOLOGICAL DATA (WS FORM: F-6)
STATION: GRAHAM
MONTH: DECEMBER
YEAR: 2021
LATITUDE: 33 6 N
LONGITUDE: 98 30 W
TEMPERATURE IN F: :PCPN: SNOW: WIND :SUNSHINE: SKY :PK WND
================================================================================
1 2 3 4 5 6A 6B 7 8 9 10 11 12 13 14 15 16 17 18
12Z AVG MX 2MIN
DY MAX MIN AVG DEP HDD CDD WTR SNW DPTH SPD SPD DIR MIN PSBL S-S WX SPD DR
================================================================================
1 74 44 59 12 6 0 0.00 M M 3.2 7 240 M M 0 M M
2 76 37 57 11 8 0 0.00 M M 2.8 7 140 M M 1 M M
3 80 56 68 22 0 3 0.00 M M 5.5 10 220 M M 2 17 150
4 67 42 55 9 10 0 0.00 M M 5.0 9 280 M M 2 M M
5 78 39 59 13 6 0 0.00 M M 5.6 15 210 M M 3 22 210
6 63 31 47 2 18 0 0.00 M M 13.1 24 360 M M 1 33 360
7 58 24 41 -4 24 0 0.00 M M 4.1 10 140 M M 0 17 140
8 63 31 47 2 18 0 0.00 M M 4.2 10 140 M M 1 16 140
9 82 56 69 25 0 4 0.00 M M 6.2 13 230 M M 3 18 230
10 86 54 70 26 0 5 0.00 M M 12.2 25 240 M M 4 8 39 250
11 53 29 41 -3 24 0 0.00 M M 6.9 22 350 M M 1 31 M
12 66 24 45 1 20 0 0.00 M M 6.5 14 180 M M 0 18 180
13 73 40 57 13 8 0 0.00 M M 6.7 13 170 M M 0 18 160
14 76 52 64 21 1 0 0.00 M M 8.3 14 180 M M 0 20 190
15 81 65 73 30 0 8 0.00 M M 12.5 21 170 M M 4 38 M
16 68 49 59 16 6 0 0.00 M M 5.7 12 360 M M 3 8 22 300
17 77 53 65 22 0 0 T M M 6.5 15 190 M M 8 8 23 200
18 61 34 48 5 17 0 0.01 M M 13.6 22 350 M M 5 31 M
19 47 27 37 -6 28 0 0.00 M M 2.5 8 350 M M 3 M M
20 58 39 49 6 16 0 T M M 3.9 8 110 M M 3 M M
21 66 28 47 5 18 0 0.00 M M 3.5 12 120 M M 0 1 M M
22 60 32 46 4 19 0 0.00 M M 2.5 8 130 M M 1 1 M M
23 85 33 59 17 6 0 0.00 M M 5.6 12 180 M M 0 128 22 180
24 90 60 75 33 0 10 0.00 M M 11.2 21 190 M M 1 30 200
25 80 48 64 22 1 0 0.00 M M 3.6 10 260 M M 3 M M
26 92 49 71 29 0 6 0.00 M M 6.8 17 210 M M 1 8 31 M
27 76 57 67 25 0 2 0.00 M M 3.5 9 350 M M 5 M M
28 76 46 61 19 4 0 0.00 M M 8.6 18 280 M M 2 29 280
29 78 42 60 18 5 0 T M M 5.0 16 260 M M 3 26 260
30 71 36 54 12 11 0 0.00 M M 3.9 9 170 M M 3 M M
31 70 49 60 18 5 0 T M M 2.2 7 120 M M 8 M M
================================================================================
SM 2231 1306 279 38 0.01 M 191.3 M 71
================================================================================
AV 72.0 42.1 6.2 FASTST M M 2 MAX(MPH)
MISC ----> 25 240 39 250
================================================================================
NOTES:
# LAST OF SEVERAL OCCURRENCES
COLUMN 17 PEAK WIND IN M.P.H.
PRELIMINARY LOCAL CLIMATOLOGICAL DATA (WS FORM: F-6) , PAGE 2
STATION: GRAHAM
MONTH: DECEMBER
YEAR: 2021
LATITUDE: 33 6 N
LONGITUDE: 98 30 W
[TEMPERATURE DATA] [PRECIPITATION DATA] SYMBOLS USED IN COLUMN 16
AVERAGE MONTHLY: 57.0 TOTAL FOR MONTH: 0.01 1 = FOG OR MIST
DPTR FM NORMAL: 13.4 DPTR FM NORMAL: -1.78 2 = FOG REDUCING VISIBILITY
HIGHEST: 92 ON 26 GRTST 24HR 0.01 ON 18-18 TO 1/4 MILE OR LESS
LOWEST: 24 ON 12, 7 3 = THUNDER
SNOW, ICE PELLETS, HAIL 4 = ICE PELLETS
TOTAL MONTH: M 5 = HAIL
GRTST 24HR M ON M 6 = FREEZING RAIN OR DRIZZLE
GRTST DEPTH: M ON M 7 = DUSTSTORM OR SANDSTORM:
VSBY 1/2 MILE OR LESS
8 = SMOKE OR HAZE
[NO. OF DAYS WITH] [WEATHER - DAYS WITH] 9 = BLOWING SNOW
X = TORNADO
MAX 32 OR BELOW: 0 0.01 INCH OR MORE: 1
MAX 90 OR ABOVE: 2 0.10 INCH OR MORE: 0
MIN 32 OR BELOW: 8 0.50 INCH OR MORE: 0
MIN 0 OR BELOW: 0 1.00 INCH OR MORE: 0
[HDD (BASE 65) ]
TOTAL THIS MO. 279 CLEAR (SCALE 0-3) 21
DPTR FM NORMAL -387 PTCLDY (SCALE 4-7) 9
TOTAL FM JUL 1 618 CLOUDY (SCALE 8-10) 1
DPTR FM NORMAL -555
[CDD (BASE 65) ]
TOTAL THIS MO. 38
DPTR FM NORMAL 37 [PRESSURE DATA]
TOTAL FM JAN 1 109 HIGHEST SLP M ON M
DPTR FM NORMAL -2191 LOWEST SLP M ON M
[REMARKS]
#FINAL-12-21#