000
CXUS53 KGRB 310716
CF6RRL
PRELIMINARY LOCAL CLIMATOLOGICAL DATA (WS FORM: F-6)
STATION: MERRILL MUNICIPAL AI
MONTH: MARCH
YEAR: 2023
LATITUDE: 45 10 N
LONGITUDE: 89 42 W
TEMPERATURE IN F: :PCPN: SNOW: WIND :SUNSHINE: SKY :PK WND
================================================================================
1 2 3 4 5 6A 6B 7 8 9 10 11 12 13 14 15 16 17 18
12Z AVG MX 2MIN
DY MAX MIN AVG DEP HDD CDD WTR SNW DPTH SPD SPD DIR MIN PSBL S-S WX SPD DR
================================================================================
1 33 26 30 M 35 0 M M M 4.7 12 90 M M 10 1 18 30
2 32 12 22 M 43 0 M M M 3.6 15 360 M M 3 1 20 360
3 36 5 21 M 44 0 M M M 0.7 6 150 M M 5 12 M M
4 40 9 25 M 40 0 M M M 3.0 10 290 M M 5 12 16 290
5 44 9 27 M 38 0 M M M 3.7 14 110 M M 6 12 21 110
6 34 31 33 M 32 0 M M M 7.6 12 80 M M 10 20 50
7 41 17 29 M 36 0 M M M 3.5 9 130 M M 2 12 M M
8 40 22 31 M 34 0 M M M 5.4 12 130 M M 5 20 130
9 36 26 31 M 34 0 M M M 6.8 14 100 M M 10 21 100
10 33 24 29 M 36 0 M M M 8.2 12 20 M M 10 20 30
11 30 22 26 M 39 0 M M M 6.9 13 100 M M 10 17 100
12 32 23 28 M 37 0 M M M 5.8 10 50 M M 10 17 70
13 28 1 15 M 50 0 M M M 8.4 16 20 M M 6 22 330
14 31 -13 9 M 56 0 M M M 1.4 6 240 M M 0 M M
15 45 6 26 M 39 0 M M M 5.5 12 220 M M 3 17 210
16 42 31 37 M 28 0 M M M 3.3 14 340 M M 10 20 340
17 31 8 20 M 45 0 M M M 15.4 22 340 M M 10 8 28 340
18 24 6 15 M 50 0 M M M 11.3 21 340 M M 6 8 30 340
19 33 8 21 M 44 0 M M M 9.4 17 240 M M 0 22 240
20 40 9 25 M 40 0 M M M 1.9 7 50 M M 2 M M
21 37 22 30 M 35 0 M M M 9.0 12 130 M M 8 18 90
22 40 28 34 M 31 0 M M M 7.9 17 260 M M 9 1 24 260
23 41 21 31 M 34 0 M M M 4.8 10 20 M M 3 17 340
24 42 10 26 M 39 0 M M M 2.7 8 150 M M 1 1 M M
25 43 24 34 M 31 0 M M M 5.6 13 360 M M 0 20 350
26 44 16 30 M 35 0 M M M 3.4 8 10 M M 1 M M
27 42 13 28 M 37 0 M M M 3.5 9 270 M M 1 17 310
28 35 21 28 M 37 0 M M M 7.4 16 260 M M 4 21 260
29 28 14 21 M 44 0 M M M 9.3 16 300 M M 2 23 310
30 37 1 19 M 46 0 M M M 4.1 12 140 M M 5 1 21 140
================================================================================
SM 1094 452 1169 0 M M 174.2 M 157
================================================================================
AV 36.5 15.1 5.8 FASTST M M 5 MAX(MPH)
MISC ----> 22 340 30 340
================================================================================
NOTES:
# LAST OF SEVERAL OCCURRENCES
COLUMN 17 PEAK WIND IN M.P.H.
PRELIMINARY LOCAL CLIMATOLOGICAL DATA (WS FORM: F-6) , PAGE 2
STATION: MERRILL MUNICIPAL AI
MONTH: MARCH
YEAR: 2023
LATITUDE: 45 10 N
LONGITUDE: 89 42 W
[TEMPERATURE DATA] [PRECIPITATION DATA] SYMBOLS USED IN COLUMN 16
AVERAGE MONTHLY: 25.8 TOTAL FOR MONTH: M 1 = FOG OR MIST
DPTR FM NORMAL: 0.0 DPTR FM NORMAL: M 2 = FOG REDUCING VISIBILITY
HIGHEST: 45 ON 15 GRTST 24HR M ON M TO 1/4 MILE OR LESS
LOWEST: -13 ON 14 3 = THUNDER
SNOW, ICE PELLETS, HAIL 4 = ICE PELLETS
TOTAL MONTH: M 5 = HAIL
GRTST 24HR M ON M 6 = FREEZING RAIN OR DRIZZLE
GRTST DEPTH: M ON M 7 = DUSTSTORM OR SANDSTORM:
VSBY 1/2 MILE OR LESS
8 = SMOKE OR HAZE
[NO. OF DAYS WITH] [WEATHER - DAYS WITH] 9 = BLOWING SNOW
X = TORNADO
MAX 32 OR BELOW: 8 0.01 INCH OR MORE: 0
MAX 90 OR ABOVE: 0 0.10 INCH OR MORE: 0
MIN 32 OR BELOW: 30 0.50 INCH OR MORE: 0
MIN 0 OR BELOW: 1 1.00 INCH OR MORE: 0
[HDD (BASE 65) ]
TOTAL THIS MO. 1169 CLEAR (SCALE 0-3) 10
DPTR FM NORMAL M PTCLDY (SCALE 4-7) 11
TOTAL FM JUL 1 7105 CLOUDY (SCALE 8-10) 9
DPTR FM NORMAL 6725
[CDD (BASE 65) ]
TOTAL THIS MO. 0
DPTR FM NORMAL M [PRESSURE DATA]
TOTAL FM JAN 1 0 HIGHEST SLP M ON M
DPTR FM NORMAL 0 LOWEST SLP M ON M
[REMARKS]