000
CXUS54 KLZK 011230
CF6RUE
PRELIMINARY LOCAL CLIMATOLOGICAL DATA (WS FORM: F-6)
STATION: RUSSELLVILLE
MONTH: MARCH
YEAR: 2023
LATITUDE: 35 15 N
LONGITUDE: 93 6 W
TEMPERATURE IN F: :PCPN: SNOW: WIND :SUNSHINE: SKY :PK WND
================================================================================
1 2 3 4 5 6A 6B 7 8 9 10 11 12 13 14 15 16 17 18
12Z AVG MX 2MIN
DY MAX MIN AVG DEP HDD CDD WTR SNW DPTH SPD SPD DIR MIN PSBL S-S WX SPD DR
================================================================================
1 74 47 61 13 4 0 0.18 M M 1.8 8 20 M M 4 18 11 180
2 62 49 56 8 9 0 2.91 M M 7.5 28 60 M M 10 13 34 60
3 59 47 53 4 12 0 0.70 M M 11.0 25 280 M M 10 13 32 290
4 64 44 54 5 11 0 0.00 M M 1.8 8 170 M M 5 11 110
5 76 39 58 9 7 0 0.00 M M 3.9 13 180 M M 0 22 180
6 82 45 64 14 1 0 0.00 M M 2.2 13 250 M M 0 17 220
7 71 46 59 9 6 0 0.00 M M 5.2 12 90 M M 1 20 100
8 54 48 51 1 14 0 0.03 M M 5.2 13 70 M M 9 17 100
9 53 47 50 0 15 0 0.38 M M 3.4 12 330 M M 10 13 16 330
10 63 36 50 -1 15 0 0.00 M M 3.0 9 290 M M 0 1 13 330
11 48 42 45 -6 20 0 0.07 M M 5.0 14 100 M M 8 13 20 110
12 58 47 53 2 12 0 0.00 M M 5.8 15 10 M M 7 19 10
13 56 36 46 -6 19 0 0.00 M M 6.4 15 270 M M 1 21 270
14 52 30 41 -11 24 0 0.00 M M 3.0 10 50 M M 0 14 60
15 59 30 45 -7 20 0 0.00 M M 4.3 13 110 M M 0 18 110
16 62 45 54 1 11 0 0.81 M M 6.0 25 280 M M 8 138 31 260
17 54 33 44 -9 21 0 0.00 M M 10.0 20 330 M M 2 27 320
18 49 28 39 -14 26 0 0.00 M M 8.7 23 290 M M 0 31 280
19 47 26 37 -17 28 0 0.00 M M 3.8 13 280 M M 0 16 280
20 58 22 40 -14 25 0 0.00 M M 4.3 13 190 M M 3 8 20 200
21 50 42 46 -8 19 0 0.45 M M 4.3 10 100 M M 10 1 15 100
22 80 48 64 10 1 0 0.00 M M 3.5 17 210 M M 7 1 24 180
23 82 64 73 18 0 8 0.00 M M 5.0 17 180 M M 7 23 190
24 74 52 63 8 2 0 2.88 M M 8.0 30 350 M M 9 13 37 350
25 69 48 59 4 6 0 0.00 M M 3.3 14 280 M M 3 19 270
26 78 41 60 4 5 0 0.00 M M 3.5 18 10 M M 0 1 26 10
27 70 44 57 1 8 0 0.00 M M 4.0 10 60 M M 1 13 360
28 66 40 53 -3 12 0 0.00 M M 3.4 15 10 M M 1 21 10
29 67 35 51 -5 14 0 0.00 M M 2.9 9 110 M M 3 13 110
30 75 49 62 5 3 0 0.32 M M 4.3 12 170 M M 9 138 19 160
31 81 59 70 13 0 5 0.20 M M 8.8 24 270 M M 6 13 33 280
================================================================================
SM 1993 1309 370 13 8.93 M 153.3 M 134
================================================================================
AV 64.3 42.2 4.9 FASTST M M 4 MAX(MPH)
MISC ----> 30 350 37 350
================================================================================
NOTES:
# LAST OF SEVERAL OCCURRENCES
COLUMN 17 PEAK WIND IN M.P.H.
PRELIMINARY LOCAL CLIMATOLOGICAL DATA (WS FORM: F-6) , PAGE 2
STATION: RUSSELLVILLE
MONTH: MARCH
YEAR: 2023
LATITUDE: 35 15 N
LONGITUDE: 93 6 W
[TEMPERATURE DATA] [PRECIPITATION DATA] SYMBOLS USED IN COLUMN 16
AVERAGE MONTHLY: 53.3 TOTAL FOR MONTH: 8.93 1 = FOG OR MIST
DPTR FM NORMAL: 0.8 DPTR FM NORMAL: 4.56 2 = FOG REDUCING VISIBILITY
HIGHEST: 82 ON 23, 6 GRTST 24HR 3.63 ON 2- 3 TO 1/4 MILE OR LESS
LOWEST: 22 ON 20 3 = THUNDER
SNOW, ICE PELLETS, HAIL 4 = ICE PELLETS
TOTAL MONTH: M 5 = HAIL
GRTST 24HR M ON M 6 = FREEZING RAIN OR DRIZZLE
GRTST DEPTH: M ON M 7 = DUSTSTORM OR SANDSTORM:
VSBY 1/2 MILE OR LESS
8 = SMOKE OR HAZE
[NO. OF DAYS WITH] [WEATHER - DAYS WITH] 9 = BLOWING SNOW
X = TORNADO
MAX 32 OR BELOW: 0 0.01 INCH OR MORE: 11
MAX 90 OR ABOVE: 0 0.10 INCH OR MORE: 9
MIN 32 OR BELOW: 5 0.50 INCH OR MORE: 4
MIN 0 OR BELOW: 0 1.00 INCH OR MORE: 2
[HDD (BASE 65) ]
TOTAL THIS MO. 370 CLEAR (SCALE 0-3) 16
DPTR FM NORMAL -28 PTCLDY (SCALE 4-7) 6
TOTAL FM JUL 1 2733 CLOUDY (SCALE 8-10) 9
DPTR FM NORMAL -349
[CDD (BASE 65) ]
TOTAL THIS MO. 13
DPTR FM NORMAL 1 [PRESSURE DATA]
TOTAL FM JAN 1 14 HIGHEST SLP 30.55 ON 19
DPTR FM NORMAL 0 LOWEST SLP 29.18 ON 3
[REMARKS]
#FINAL-03-23#