000
CXUS54 KLZK 011230
CF6RUE
PRELIMINARY LOCAL CLIMATOLOGICAL DATA (WS FORM: F-6)
STATION: RUSSELLVILLE
MONTH: SEPTEMBER
YEAR: 2022
LATITUDE: 35 15 N
LONGITUDE: 93 6 W
TEMPERATURE IN F: :PCPN: SNOW: WIND :SUNSHINE: SKY :PK WND
================================================================================
1 2 3 4 5 6A 6B 7 8 9 10 11 12 13 14 15 16 17 18
12Z AVG MX 2MIN
DY MAX MIN AVG DEP HDD CDD WTR SNW DPTH SPD SPD DIR MIN PSBL S-S WX SPD DR
================================================================================
1 88 71 80 2 0 15 0.00 M M 2.0 9 110 M M 6 13 100
2 85 71 78 0 0 13 1.27 M M 1.5 16 170 M M 7 13 24 170
3 87 70 79 1 0 14 0.03 M M 2.9 10 10 M M 6 13 14 360
4 89 67 78 0 0 13 0.48 M M 2.0 16 260 M M 3 13 24 260
5 85 70 78 1 0 13 0.28 M M 1.7 13 220 M M 3 13 20 210
6 90 67 79 2 0 14 0.00 M M 1.7 17 60 M M 2 13 21 60
7 89 69 79 2 0 14 0.00 M M 2.6 14 30 M M 3 1 19 30
8 88 64 76 0 0 11 0.00 M M 1.4 8 90 M M 2 1 10 80
9 86 62 74 -2 0 9 0.00 M M 1.6 8 190 M M 0 1 11 190
10 87 66 77 1 0 12 0.00 M M 2.3 10 70 M M 4 13 70
11 81 57 69 -6 0 4 0.00 M M 5.0 13 340 M M 5 1 19 330
12 82 53 68 -7 0 3 0.00 M M 2.2 13 300 M M 0 17 260
13 88 52 70 -5 0 5 0.00 M M 0.6 8 250 M M 0 10 240
14 88 54 71 -3 0 6 0.00 M M 1.2 8 110 M M 0 14 130
15 88 57 73 -1 0 8 0.00 M M 1.5 8 80 M M 0 1 13 70
16 89 59 74 0 0 9 0.00 M M 2.0 10 50 M M 0 1 14 120
17 92 62 77 4 0 12 0.00 M M 2.0 9 190 M M 0 16 150
18 95 68 82 9 0 17 0.00 M M 2.7 8 210 M M 0 12 220
19 97 68 83 11 0 18 0.00 M M 1.3 9 250 M M 0 1 14 250
20 97 67 82 10 0 17 0.00 M M 2.3 10 260 M M 0 1 16 200
21 99 66 83 11 0 18 0.00 M M 1.5 13 330 M M 0 1 16 320
22 89 63 76 5 0 11 0.00 M M 5.0 20 60 M M 4 25 70
23 85 62 74 3 0 9 0.00 M M 4.2 10 70 M M 4 16 160
24 94 63 79 8 0 14 0.00 M M 2.2 16 330 M M 2 22 350
25 92 65 79 9 0 14 T M M 5.9 16 340 M M 1 13 20 20
26 86 51 69 -1 0 4 0.00 M M 4.1 18 320 M M 0 22 280
27 84 47 66 -3 0 1 0.00 M M 1.4 8 190 M M 0 12 210
28 83 51 67 -2 0 2 0.00 M M 4.0 10 80 M M 0 8 17 100
29 77 47 62 -7 3 0 0.00 M M 4.6 14 60 M M 0 18 60
30 83 42 63 -5 2 0 0.00 M M 1.2 10 40 M M 0 14 80
================================================================================
SM 2643 1831 5 300 2.06 M 74.6 M 52
================================================================================
AV 88.1 61.0 2.5 FASTST M M 2 MAX(MPH)
MISC ----> 20 60 25 70
================================================================================
NOTES:
# LAST OF SEVERAL OCCURRENCES
COLUMN 17 PEAK WIND IN M.P.H.
PRELIMINARY LOCAL CLIMATOLOGICAL DATA (WS FORM: F-6) , PAGE 2
STATION: RUSSELLVILLE
MONTH: SEPTEMBER
YEAR: 2022
LATITUDE: 35 15 N
LONGITUDE: 93 6 W
[TEMPERATURE DATA] [PRECIPITATION DATA] SYMBOLS USED IN COLUMN 16
AVERAGE MONTHLY: 74.6 TOTAL FOR MONTH: 2.06 1 = FOG OR MIST
DPTR FM NORMAL: 1.0 DPTR FM NORMAL: -0.96 2 = FOG REDUCING VISIBILITY
HIGHEST: 99 ON 21 GRTST 24HR 1.30 ON 2- 3 TO 1/4 MILE OR LESS
LOWEST: 42 ON 30 3 = THUNDER
SNOW, ICE PELLETS, HAIL 4 = ICE PELLETS
TOTAL MONTH: M 5 = HAIL
GRTST 24HR M ON M 6 = FREEZING RAIN OR DRIZZLE
GRTST DEPTH: M ON M 7 = DUSTSTORM OR SANDSTORM:
VSBY 1/2 MILE OR LESS
8 = SMOKE OR HAZE
[NO. OF DAYS WITH] [WEATHER - DAYS WITH] 9 = BLOWING SNOW
X = TORNADO
MAX 32 OR BELOW: 0 0.01 INCH OR MORE: 4
MAX 90 OR ABOVE: 8 0.10 INCH OR MORE: 3
MIN 32 OR BELOW: 0 0.50 INCH OR MORE: 1
MIN 0 OR BELOW: 0 1.00 INCH OR MORE: 1
[HDD (BASE 65) ]
TOTAL THIS MO. 5 CLEAR (SCALE 0-3) 23
DPTR FM NORMAL -7 PTCLDY (SCALE 4-7) 7
TOTAL FM JUL 1 5 CLOUDY (SCALE 8-10) 0
DPTR FM NORMAL -5
[CDD (BASE 65) ]
TOTAL THIS MO. 300
DPTR FM NORMAL 29 [PRESSURE DATA]
TOTAL FM JAN 1 2159 HIGHEST SLP 30.36 ON 29
DPTR FM NORMAL 245 LOWEST SLP 29.78 ON 9
[REMARKS]
#FINAL-09-22#