000
CXUS54 KLZK 121349
CF6RUE
PRELIMINARY LOCAL CLIMATOLOGICAL DATA (WS FORM: F-6)
STATION: RUSSELLVILLE
MONTH: MARCH
YEAR: 2021
LATITUDE: 35 15 N
LONGITUDE: 93 6 W
TEMPERATURE IN F: :PCPN: SNOW: WIND :SUNSHINE: SKY :PK WND
================================================================================
1 2 3 4 5 6A 6B 7 8 9 10 11 12 13 14 15 16 17 18
12Z AVG MX 2MIN
DY MAX MIN AVG DEP HDD CDD WTR SNW DPTH SPD SPD DIR MIN PSBL S-S WX SPD DR
================================================================================
1 58 34 46 -2 19 0 0.00 M M 3.5 15 350 M M 0 20 30
2 55 30 43 -5 22 0 0.00 M M 1.8 8 260 M M 5 11 190
3 68 28 48 -1 17 0 0.00 M M 0.8 9 310 M M 0 13 270
4 72 31 52 3 13 0 0.00 M M 3.0 10 80 M M 0 15 180
5 58 41 50 1 15 0 0.00 M M 6.5 17 50 M M 7 24 90
6 60 28 44 -6 21 0 0.00 M M 2.0 8 190 M M 0 12 120
7 67 29 48 -2 17 0 0.00 M M 2.5 9 170 M M 0 14 110
8 69 33 51 1 14 0 0.00 M M 3.6 12 210 M M 0 17 140
9 70 44 57 7 8 0 0.00 M M 5.9 13 200 M M 5 21 160
10 70 61 66 15 0 1 0.00 M M 4.0 5 130 M M 1 M M
11 72 59 66 15 0 1 0.00 M M M M M M M M M M
12 75 57 66 15 0 1 0.03 M M 3.6 12 80 M M 10 1 18 100
13 64 52 58 6 7 0 0.06 M M 6.0 10 70 M M 9 1 18 70
14 67 48 58 6 7 0 0.80 M M 5.7 17 270 M M 10 12 23 100
15 75 44 60 8 5 0 0.00 M M 5.2 23 240 M M 4 12 34 240
16 75 41 58 5 7 0 0.00 M M 4.0 13 120 M M 0 18 110
17 75 50 63 10 2 0 0.41 M M 9.2 31 280 M M 6 13 41 280
18 50 42 46 -7 19 0 T M M 14.7 26 260 M M 10 34 260
19 66 46 56 2 9 0 0.00 M M 7.8 15 40 M M 3 22 40
20 62 32 47 -7 18 0 0.00 M M 2.4 12 100 M M 1 17 100
21 70 36 53 -1 12 0 0.00 M M 4.3 13 100 M M 0 1 18 90
22 68 42 55 1 10 0 T M M 5.0 9 110 M M 3 20 170
23 71 47 59 4 6 0 0.93 M M 7.0 17 190 M M 5 13 26 220
24 75 40 58 3 7 0 0.26 M M 3.5 13 310 M M 0 13 16 300
25 61 45 53 -2 12 0 1.17 M M 7.8 28 280 M M 7 13 37 270
26 72 39 56 0 9 0 0.00 M M 4.5 12 100 M M 1 12 19 80
27 79 49 64 8 1 0 0.00 M M 4.9 24 350 M M 3 31 360
28 67 40 54 -2 11 0 0.00 M M 8.7 22 330 M M 1 31 310
29 71 34 53 -3 12 0 0.00 M M 4.4 13 210 M M 0 17 180
30 61 49 55 -2 10 0 T M M 4.9 14 360 M M 8 8 19 20
31 65 38 52 -5 13 0 T M M 8.9 18 340 M M 5 26 330
================================================================================
SM 2088 1289 323 3 3.66 M 156.1 M 104
================================================================================
AV 67.4 41.6 5.2 FASTST M M 3 MAX(MPH)
MISC ----> 31 280 41 280
================================================================================
NOTES:
# LAST OF SEVERAL OCCURRENCES
COLUMN 17 PEAK WIND IN M.P.H.
PRELIMINARY LOCAL CLIMATOLOGICAL DATA (WS FORM: F-6) , PAGE 2
STATION: RUSSELLVILLE
MONTH: MARCH
YEAR: 2021
LATITUDE: 35 15 N
LONGITUDE: 93 6 W
[TEMPERATURE DATA] [PRECIPITATION DATA] SYMBOLS USED IN COLUMN 16
AVERAGE MONTHLY: 54.5 TOTAL FOR MONTH: 3.66 1 = FOG OR MIST
DPTR FM NORMAL: 2.0 DPTR FM NORMAL: -0.71 2 = FOG REDUCING VISIBILITY
HIGHEST: 79 ON 27 GRTST 24HR 1.43 ON 24-25 TO 1/4 MILE OR LESS
LOWEST: 28 ON 6, 3 3 = THUNDER
SNOW, ICE PELLETS, HAIL 4 = ICE PELLETS
TOTAL MONTH: M 5 = HAIL
GRTST 24HR M ON M 6 = FREEZING RAIN OR DRIZZLE
GRTST DEPTH: M ON M 7 = DUSTSTORM OR SANDSTORM:
VSBY 1/2 MILE OR LESS
8 = SMOKE OR HAZE
[NO. OF DAYS WITH] [WEATHER - DAYS WITH] 9 = BLOWING SNOW
X = TORNADO
MAX 32 OR BELOW: 0 0.01 INCH OR MORE: 7
MAX 90 OR ABOVE: 0 0.10 INCH OR MORE: 5
MIN 32 OR BELOW: 6 0.50 INCH OR MORE: 3
MIN 0 OR BELOW: 0 1.00 INCH OR MORE: 1
[HDD (BASE 65) ]
TOTAL THIS MO. 323 CLEAR (SCALE 0-3) 16
DPTR FM NORMAL -75 PTCLDY (SCALE 4-7) 10
TOTAL FM JUL 1 3150 CLOUDY (SCALE 8-10) 5
DPTR FM NORMAL 68
[CDD (BASE 65) ]
TOTAL THIS MO. 3
DPTR FM NORMAL -9 [PRESSURE DATA]
TOTAL FM JAN 1 3 HIGHEST SLP 30.48 ON 8
DPTR FM NORMAL -11 LOWEST SLP 29.47 ON 17
[REMARKS]
#FINAL-03-21#