000
CXUS54 KTSA 010850
CF6RVS
PRELIMINARY LOCAL CLIMATOLOGICAL DATA (WS FORM: F-6)
STATION: TULSA-RIVERSIDE OKLAHOMA
MONTH: SEPTEMBER
YEAR: 2023
LATITUDE: 36 2 N
LONGITUDE: 95 59 W
TEMPERATURE IN F: :PCPN: SNOW: WIND :SUNSHINE: SKY :PK WND
================================================================================
1 2 3 4 5 6A 6B 7 8 9 10 11 12 13 14 15 16 17 18
12Z AVG MX 2MIN
DY MAX MIN AVG DEP HDD CDD WTR SNW DPTH SPD SPD DIR MIN PSBL S-S WX SPD DR
================================================================================
1 93 68 81 2 0 16 0.00 0.0 M 4.8 12 110 M M 0 19 130
2 94 61 78 -1 0 13 0.00 0.0 M 3.0 13 170 M M 0 18 180
3 98 67 83 5 0 18 0.00 0.0 M 4.9 14 180 M M 0 21 120
4 100 70 85 7 0 20 0.00 0.0 M 10.3 22 190 M M 0 35 180
5 102 76 89 11 0 24 T 0.0 M 8.4 18 180 M M 1 3 27 190
6 92 66 79 1 0 14 0.00 0.0 M 6.3 15 10 M M 1 25 10
7 97 64 81 4 0 16 0.00 0.0 M 4.8 13 110 M M 0 18 120
8 95 70 83 6 0 18 0.00 0.0 M 9.0 17 150 M M 0 26 160
9 93 65 79 3 0 14 0.00 0.0 M 5.1 13 70 M M 0 23 70
10 89 60 75 -1 0 10 0.00 0.0 M 2.2 10 130 M M 0 16 100
11 79 65 72 -4 0 7 0.54 0.0 M 4.4 14 30 M M 5 19 30
12 78 62 70 -6 0 5 T 0.0 M 4.1 13 50 M M 6 16 60
13 80 60 70 -5 0 5 0.00 0.0 M 4.5 12 150 M M 3 20 120
14 83 61 72 -3 0 7 0.00 0.0 M 5.5 13 170 M M 2 19 140
15 82 60 71 -3 0 6 0.00 0.0 M 2.4 13 170 M M 2 18 160
16 82 62 72 -2 0 7 T 0.0 M 3.2 12 40 M M 8 16 40
17 87 58 73 -1 0 8 0.00 0.0 M 1.7 9 260 M M 1 16 240
18 92 59 76 3 0 11 0.00 0.0 M 4.0 15 180 M M 0 22 180
19 77 64 71 -2 0 6 T 0.0 M 6.3 16 180 M M 4 3 24 180
20 86 65 76 3 0 11 0.70 0.0 M 7.9 20 110 M M 6 3 26 120
21 87 70 79 7 0 14 0.00 0.0 M 7.1 17 170 M M 2 26 180
22 80 68 74 2 0 9 T 0.0 M 9.0 22 160 M M 5 3 32 150
23 92 68 80 9 0 15 1.50 0.0 M 10.1 25 30 M M 3 3 35 30
24 84 68 76 5 0 11 0.21 0.0 M 2.5 15 150 M M 5 3 24 140
25 90 63 77 6 0 12 0.00 0.0 M 2.2 9 30 M M 0 12 40
26 90 61 76 6 0 11 0.00 0.0 M 1.9 8 180 M M 0 12 220
27 91 60 76 6 0 11 0.00 0.0 M 3.3 12 190 M M 0 16 190
28 92 63 78 8 0 13 0.00 0.0 M 4.1 12 170 M M 0 1 18 180
29 92 66 79 10 0 14 0.00 0.0 M 5.8 16 140 M M 0 26 170
30 90 65 78 9 0 13 0.00 0.0 M 5.2 15 180 M M 0 22 130
================================================================================
SM 2667 1935 0 359 2.95 0.0 154.0 M 54
================================================================================
AV 88.9 64.5 5.1 FASTST M M 2 MAX(MPH)
MISC ----> 25 30 # 35 180
================================================================================
NOTES:
# LAST OF SEVERAL OCCURRENCES
COLUMN 17 PEAK WIND IN M.P.H.
PRELIMINARY LOCAL CLIMATOLOGICAL DATA (WS FORM: F-6) , PAGE 2
STATION: TULSA-RIVERSIDE OKLAHOMA
MONTH: SEPTEMBER
YEAR: 2023
LATITUDE: 36 2 N
LONGITUDE: 95 59 W
[TEMPERATURE DATA] [PRECIPITATION DATA] SYMBOLS USED IN COLUMN 16
AVERAGE MONTHLY: 76.7 TOTAL FOR MONTH: 2.95 1 = FOG OR MIST
DPTR FM NORMAL: 2.6 DPTR FM NORMAL: -0.72 2 = FOG REDUCING VISIBILITY
HIGHEST: 102 ON 5 GRTST 24HR 1.71 ON 23-24 TO 1/4 MILE OR LESS
LOWEST: 58 ON 17 3 = THUNDER
SNOW, ICE PELLETS, HAIL 4 = ICE PELLETS
TOTAL MONTH: 0.0 INCH 5 = HAIL
GRTST 24HR 0.0 6 = FREEZING RAIN OR DRIZZLE
GRTST DEPTH: M ON M 7 = DUSTSTORM OR SANDSTORM:
VSBY 1/2 MILE OR LESS
8 = SMOKE OR HAZE
[NO. OF DAYS WITH] [WEATHER - DAYS WITH] 9 = BLOWING SNOW
X = TORNADO
MAX 32 OR BELOW: 0 0.01 INCH OR MORE: 4
MAX 90 OR ABOVE: 17 0.10 INCH OR MORE: 4
MIN 32 OR BELOW: 0 0.50 INCH OR MORE: 3
MIN 0 OR BELOW: 0 1.00 INCH OR MORE: 1
[HDD (BASE 65) ]
TOTAL THIS MO. 0 CLEAR (SCALE 0-3) 23
DPTR FM NORMAL -14 PTCLDY (SCALE 4-7) 7
TOTAL FM JUL 1 0 CLOUDY (SCALE 8-10) 0
DPTR FM NORMAL -12
[CDD (BASE 65) ]
TOTAL THIS MO. 359
DPTR FM NORMAL 72 [PRESSURE DATA]
TOTAL FM JAN 1 2131 HIGHEST SLP 30.19 ON 10
DPTR FM NORMAL 68 LOWEST SLP 29.70 ON 4
[REMARKS]
#FINAL-09-23#