000
CXUS53 KMPX 010910
CF6RWF
PRELIMINARY LOCAL CLIMATOLOGICAL DATA (WS FORM: F-6)
STATION: REDWOOD FALLS MN
MONTH: JULY
YEAR: 2021
LATITUDE: 44 32 N
LONGITUDE: 95 5 W
TEMPERATURE IN F: :PCPN: SNOW: WIND :SUNSHINE: SKY :PK WND
================================================================================
1 2 3 4 5 6A 6B 7 8 9 10 11 12 13 14 15 16 17 18
12Z AVG MX 2MIN
DY MAX MIN AVG DEP HDD CDD WTR SNW DPTH SPD SPD DIR MIN PSBL S-S WX SPD DR
================================================================================
1 90 62 76 4 0 11 0.00 M M 6.1 13 320 M M 3 19 340
2 86 63 75 3 0 10 0.00 M M 6.3 10 140 M M 0 16 150
3 91 55 73 1 0 8 0.00 M M 8.0 17 220 M M 1 23 220
4 97 68 83 11 0 18 0.00 M M 13.2 25 220 M M 0 34 220
5 95 69 82 10 0 17 0.00 M M 4.6 12 230 M M 0 15 360
6 79 62 71 -2 0 6 0.11 M M 6.4 22 160 M M 6 13 29 170
7 75 57 66 -7 0 1 0.00 M M 6.7 15 340 M M 7 23 350
8 75 53 64 -9 1 0 0.00 M M 3.7 10 140 M M 4 12 15 160
9 76 61 69 -4 0 4 T M M 6.7 15 80 M M 8 3 22 60
10 77 63 70 -3 0 5 0.01 M M 6.5 20 140 M M 7 1 30 140
11 84 60 72 -1 0 7 0.00 M M 4.7 13 80 M M 1 18 19 70
12 83 56 70 -3 0 5 0.00 M M 5.7 15 160 M M 1 128 24 160
13 87 58 73 0 0 8 0.00 M M 6.9 25 160 M M 3 3 32 160
14 74 60 67 -6 0 2 0.02 M M 3.4 10 70 M M 5 1 15 30
15 81 59 70 -3 0 5 0.00 M M 3.3 12 130 M M 4 128 16 140
16 82 56 69 -4 0 4 0.00 M M 4.8 14 160 M M 0 18 20 130
17 85 58 72 -1 0 7 0.00 M M 5.7 14 140 M M 1 1 22 170
18 86 61 74 1 0 9 0.00 M M 5.3 13 170 M M 1 18 20 190
19 89 61 75 2 0 10 0.00 M M 5.6 13 280 M M 2 1 16 290
20 90 63 77 4 0 12 0.00 M M 4.8 12 310 M M 1 1 18 280
21 88 69 79 6 0 14 0.00 M M 8.5 17 150 M M 1 18 22 160
22 90 68 79 6 0 14 T M M 12.2 22 180 M M 2 3 30 180
23 91 70 81 8 0 16 0.01 M M 10.7 24 230 M M 1 38 38 230
24 91 68 80 7 0 15 0.02 M M 6.6 22 210 M M 1 1 32 210
25 91 60 76 4 0 11 0.00 M M 5.0 12 170 M M 0 16 170
26 91 68 80 8 0 15 T M M 12.3 29 210 M M 1 37 210
27 92 72 82 10 0 17 0.00 M M 5.3 13 160 M M 0 8 18 190
28 99 74 87 15 0 22 T M M 13.1 25 210 M M 1 13 35 210
29 86 69 78 6 0 13 0.00 M M 6.7 13 340 M M 5 8 21 350
30 73 60 67 -5 0 2 T M M 5.2 12 210 M M 3 18 16 210
31 86 58 72 0 0 7 0.00 M M 10.1 20 320 M M 0 18 32 310
================================================================================
SM 2660 1941 1 295 0.17 M 214.1 M 70
================================================================================
AV 85.8 62.6 6.9 FASTST M M 2 MAX(MPH)
MISC ----> 29 210 38 230
================================================================================
NOTES:
# LAST OF SEVERAL OCCURRENCES
COLUMN 17 PEAK WIND IN M.P.H.
PRELIMINARY LOCAL CLIMATOLOGICAL DATA (WS FORM: F-6) , PAGE 2
STATION: REDWOOD FALLS MN
MONTH: JULY
YEAR: 2021
LATITUDE: 44 32 N
LONGITUDE: 95 5 W
[TEMPERATURE DATA] [PRECIPITATION DATA] SYMBOLS USED IN COLUMN 16
AVERAGE MONTHLY: 74.2 TOTAL FOR MONTH: 0.17 1 = FOG OR MIST
DPTR FM NORMAL: 1.6 DPTR FM NORMAL: -3.20 2 = FOG REDUCING VISIBILITY
HIGHEST: 99 ON 28 GRTST 24HR 0.11 ON 6- 6 TO 1/4 MILE OR LESS
LOWEST: 53 ON 8 3 = THUNDER
SNOW, ICE PELLETS, HAIL 4 = ICE PELLETS
TOTAL MONTH: M 5 = HAIL
GRTST 24HR M ON M 6 = FREEZING RAIN OR DRIZZLE
GRTST DEPTH: M ON M 7 = DUSTSTORM OR SANDSTORM:
VSBY 1/2 MILE OR LESS
8 = SMOKE OR HAZE
[NO. OF DAYS WITH] [WEATHER - DAYS WITH] 9 = BLOWING SNOW
X = TORNADO
MAX 32 OR BELOW: 0 0.01 INCH OR MORE: 5
MAX 90 OR ABOVE: 12 0.10 INCH OR MORE: 1
MIN 32 OR BELOW: 0 0.50 INCH OR MORE: 0
MIN 0 OR BELOW: 0 1.00 INCH OR MORE: 0
[HDD (BASE 65) ]
TOTAL THIS MO. 1 CLEAR (SCALE 0-3) 22
DPTR FM NORMAL -6 PTCLDY (SCALE 4-7) 9
TOTAL FM JUL 1 1 CLOUDY (SCALE 8-10) 0
DPTR FM NORMAL 1
[CDD (BASE 65) ]
TOTAL THIS MO. 295
DPTR FM NORMAL 53 [PRESSURE DATA]
TOTAL FM JAN 1 662 HIGHEST SLP 30.22 ON 18
DPTR FM NORMAL 220 LOWEST SLP 29.73 ON 4
[REMARKS]
#FINAL-07-21#