000
CXUS53 KMPX 012108
CF6RWF
PRELIMINARY LOCAL CLIMATOLOGICAL DATA (WS FORM: F-6)
STATION: REDWOOD FALLS MN
MONTH: MARCH
YEAR: 2020
LATITUDE: 44 32 N
LONGITUDE: 95 5 W
TEMPERATURE IN F: :PCPN: SNOW: WIND :SUNSHINE: SKY :PK WND
================================================================================
1 2 3 4 5 6A 6B 7 8 9 10 11 12 13 14 15 16 17 18
12Z AVG MX 2MIN
DY MAX MIN AVG DEP HDD CDD WTR SNW DPTH SPD SPD DIR MIN PSBL S-S WX SPD DR
================================================================================
1 43 32 38 13 27 0 0.00 M M 13.8 23 300 M M 1 35 330
2 37 27 32 7 33 0 0.00 M M 11.0 20 290 M M 7 27 330
3 41 29 35 9 30 0 0.00 M M 13.6 25 290 M M 4 33 300
4 43 25 34 8 31 0 0.00 M M 7.9 21 150 M M 6 29 150
5 45 27 36 10 29 0 0.00 M M 19.8 35 320 M M 7 60 300
6 40 20 30 3 35 0 T M M 9.8 21 150 M M 0 27 160
7 59 33 46 19 19 0 0.00 M M 13.6 26 190 M M 0 34 200
8 62 31 47 19 18 0 0.00 M M 13.7 25 200 M M 1 37 320
9 31 20 26 -2 39 0 0.00 M M 12.6 22 310 M M 8 33 310
10 34 16 25 -4 40 0 0.00 M M 4.4 12 140 M M 6 1 15 320
11 49 28 39 10 26 0 0.03 M M 9.3 21 150 M M 7 12 29 160
12 44 30 37 7 28 0 0.00 M M 12.5 30 310 M M 7 1 45 330
13 37 24 31 1 34 0 0.02 M M 12.8 22 280 M M 0 29 320
14 33 23 28 -2 37 0 0.00 M M 5.4 10 50 M M 5 15 20
15 39 23 31 0 34 0 0.00 M M 8.1 18 160 M M 4 23 180
16 37 27 32 1 33 0 0.00 M M 10.3 18 310 M M 10 1 26 320
17 42 29 36 4 29 0 T M M 8.4 16 290 M M 7 22 280
18 44 35 40 8 25 0 0.00 M M 6.4 12 130 M M 10 1 16 130
19 40 21 31 -2 34 0 T M M 10.3 24 330 M M 10 12 42 330
20 31 14 23 -10 42 0 0.19 M M 11.3 24 320 M M 1 37 340
21 34 16 25 -9 40 0 0.00 M M 10.6 20 160 M M 7 28 180
22 44 32 38 4 27 0 0.00 M M 17.2 31 160 M M 9 1 40 160
23 42 29 36 1 29 0 0.05 M M 6.5 13 160 M M 7 18 16 170
24 49 36 43 8 22 0 T M M 13.7 24 160 M M 9 12 32 160
25 41 29 35 -1 30 0 0.00 M M 6.6 15 280 M M 9 12 19 310
26 47 27 37 1 28 0 0.10 M M 4.5 9 20 M M 5 1 13 320
27 57 34 46 9 19 0 T M M 5.1 12 20 M M 7 16 10
28 46 33 40 3 25 0 0.03 M M 12.0 24 360 M M 10 1 39 10
29 56 34 45 7 20 0 1.02 M M 15.3 26 340 M M 4 1 41 340
30 59 28 44 6 21 0 0.00 M M 5.8 13 80 M M 0 17 70
31 55 32 44 5 21 0 0.00 M M 8.9 15 110 M M 4 26 130
================================================================================
SM 1361 844 905 0 1.44 M 321.2 M 172
================================================================================
AV 43.9 27.2 10.4 FASTST M M 6 MAX(MPH)
MISC ----> 35 320 60 300
================================================================================
NOTES:
# LAST OF SEVERAL OCCURRENCES
COLUMN 17 PEAK WIND IN M.P.H.
PRELIMINARY LOCAL CLIMATOLOGICAL DATA (WS FORM: F-6) , PAGE 2
STATION: REDWOOD FALLS MN
MONTH: MARCH
YEAR: 2020
LATITUDE: 44 32 N
LONGITUDE: 95 5 W
[TEMPERATURE DATA] [PRECIPITATION DATA] SYMBOLS USED IN COLUMN 16
AVERAGE MONTHLY: 35.6 TOTAL FOR MONTH: 1.44 1 = FOG OR MIST
DPTR FM NORMAL: 4.0 DPTR FM NORMAL: -0.16 2 = FOG REDUCING VISIBILITY
HIGHEST: 62 ON 8 GRTST 24HR 1.02 ON 29-29 TO 1/4 MILE OR LESS
LOWEST: 14 ON 20 3 = THUNDER
SNOW, ICE PELLETS, HAIL 4 = ICE PELLETS
TOTAL MONTH: M 5 = HAIL
GRTST 24HR M ON M 6 = FREEZING RAIN OR DRIZZLE
GRTST DEPTH: M ON M 7 = DUSTSTORM OR SANDSTORM:
VSBY 1/2 MILE OR LESS
8 = SMOKE OR HAZE
[NO. OF DAYS WITH] [WEATHER - DAYS WITH] 9 = BLOWING SNOW
X = TORNADO
MAX 32 OR BELOW: 2 0.01 INCH OR MORE: 7
MAX 90 OR ABOVE: 0 0.10 INCH OR MORE: 3
MIN 32 OR BELOW: 25 0.50 INCH OR MORE: 1
MIN 0 OR BELOW: 0 1.00 INCH OR MORE: 1
[HDD (BASE 65) ]
TOTAL THIS MO. 905 CLEAR (SCALE 0-3) 7
DPTR FM NORMAL -132 PTCLDY (SCALE 4-7) 17
TOTAL FM JUL 1 6869 CLOUDY (SCALE 8-10) 7
DPTR FM NORMAL -188
[CDD (BASE 65) ]
TOTAL THIS MO. 0
DPTR FM NORMAL 0 [PRESSURE DATA]
TOTAL FM JAN 1 0 HIGHEST SLP 30.70 ON 15
DPTR FM NORMAL 0 LOWEST SLP 29.49 ON 3
[REMARKS]
THE PRECIPITATION DATA IS FROM THE 8 INCH DIAMETER RAIN
GAUGE AT THE REDWOOD FALLS COOP STATION WITH AN OBSERVATION TIME OF
7AM.
#FINAL-03-20#