000
CXUS55 KCYS 151134
CF6RWL
PRELIMINARY LOCAL CLIMATOLOGICAL DATA (WS FORM: F-6)...CORRECTED
STATION: RAWLINS WYOMING AIRPORT
MONTH: NOVEMBER
YEAR: 2021
LATITUDE: 41 47 N
LONGITUDE: 107 12 W
TEMPERATURE IN F: :PCPN: SNOW: WIND :SUNSHINE: SKY :PK WND
================================================================================
1 2 3 4 5 6A 6B 7 8 9 10 11 12 13 14 15 16 17 18
12Z AVG MX 2MIN
DY MAX MIN AVG DEP HDD CDD WTR SNW DPTH SPD SPD DIR MIN PSBL S-S WX SPD DR
================================================================================
1 38 26 32 -5 33 0 0.07 M M 2.6 7 150 M M 10 1 9 180
2 44 36 40 3 25 0 0.06 M M 5.6 17 270 M M 9 1 22 270
3 50 35 43 7 22 0 T M M 9.4 20 260 M M 5 28 210
4 59 33 46 10 19 0 0.00 M M 11.4 28 240 M M 0 38 220
5 57 35 46 10 19 0 0.00 M M 16.0 30 250 M M 0 43 240
6 61 38 50 15 15 0 0.00 M M 18.4 32 220 M M 0 51 210
7 61 33 47 12 18 0 0.00 M M 18.0 36 250 M M 1 51 200
8 52 30 41 7 24 0 T M M 6.3 21 300 M M 4 29 290
9 57 24 41 7 24 0 0.03 M M 14.2 33 210 M M 4 47 220
10 43 26 35 1 30 0 T M M 23.7 37 260 M M 1 49 270
11 43 22 33 0 32 0 0.00 M M 24.2 39 270 M M 2 55 270
12 51 20 36 3 29 0 0.00 M M 19.1 36 250 M M 2 46 250
13 56 39 48 16 17 0 0.00 M M 22.4 36 270 M M 2 48 260
14 50 38 44 12 21 0 0.00 M M 21.7 36 250 M M 0 50 240
15 61 45 53 21 12 0 0.00 M M 14.6 30 240 M M 0 43 250
16 52 23 38 7 27 0 0.00 M M 27.3 45 250 M M 2 62 250
17 32 12 22 -9 43 0 0.00 M M 8.7 22 280 M M 2 29 240
18 47 8 28 -2 37 0 0.00 M M 10.5 26 230 M M 0 37 230
19 51 36 44 14 21 0 0.00 M M 20.2 33 230 M M 6 46 230
20 45 26 36 7 29 0 T M M 14.6 29 250 M M 6 1 39 240
21 41 20 31 2 34 0 T M M 18.3 35 240 M M 0 47 240
22 53 31 42 14 23 0 0.00 M M 13.1 25 250 M M 0 36 250
23 51 32 42 14 23 0 T M M 19.7 36 240 M M 1 49 240
24 35 14 25 -3 40 0 T M M 12.1 29 260 M M 6 42 260
25 40 18 29 2 36 0 0.00 M M 13.5 37 250 M M 1 48 250
26 51 31 41 14 24 0 0.00 M M 15.5 32 240 M M 1 47 240
27 46 31 39 13 26 0 0.00 M M 11.8 28 250 M M 0 36 260
28 53 33 43 17 22 0 0.00 M M 22.6 37 240 M M 0 50 250
29 56 39 48 22 17 0 0.00 M M 16.8 35 240 M M 1 46 240
30 46 19 33 8 32 0 0.00 M M 16.0 33 240 M M 1 47 230
================================================================================
SM 1482 853 774 0 0.16 M 468.3 M 67
================================================================================
AV 49.4 28.4 15.6 FASTST M M 2 MAX(MPH)
MISC ----> 45 250 62 250
================================================================================
NOTES:
# LAST OF SEVERAL OCCURRENCES
COLUMN 17 PEAK WIND IN M.P.H.
PRELIMINARY LOCAL CLIMATOLOGICAL DATA (WS FORM: F-6) , PAGE 2
STATION: RAWLINS WYOMING AIRPORT
MONTH: NOVEMBER
YEAR: 2021
LATITUDE: 41 47 N
LONGITUDE: 107 12 W
[TEMPERATURE DATA] [PRECIPITATION DATA] SYMBOLS USED IN COLUMN 16
AVERAGE MONTHLY: 38.9 TOTAL FOR MONTH: 0.16 1 = FOG OR MIST
DPTR FM NORMAL: 7.6 DPTR FM NORMAL: -0.31 2 = FOG REDUCING VISIBILITY
HIGHEST: 61 ON 15, 7 GRTST 24HR 0.26 ON 31- 1 TO 1/4 MILE OR LESS
LOWEST: 8 ON 18 3 = THUNDER
SNOW, ICE PELLETS, HAIL 4 = ICE PELLETS
TOTAL MONTH: M 5 = HAIL
GRTST 24HR M ON M 6 = FREEZING RAIN OR DRIZZLE
GRTST DEPTH: M ON M 7 = DUSTSTORM OR SANDSTORM:
VSBY 1/2 MILE OR LESS
8 = SMOKE OR HAZE
[NO. OF DAYS WITH] [WEATHER - DAYS WITH] 9 = BLOWING SNOW
X = TORNADO
MAX 32 OR BELOW: 1 0.01 INCH OR MORE: 3
MAX 90 OR ABOVE: 0 0.10 INCH OR MORE: 0
MIN 32 OR BELOW: 18 0.50 INCH OR MORE: 0
MIN 0 OR BELOW: 0 1.00 INCH OR MORE: 0
[HDD (BASE 65) ]
TOTAL THIS MO. 774 CLEAR (SCALE 0-3) 22
DPTR FM NORMAL -237 PTCLDY (SCALE 4-7) 6
TOTAL FM JUL 1 1603 CLOUDY (SCALE 8-10) 2
DPTR FM NORMAL -410
[CDD (BASE 65) ]
TOTAL THIS MO. 0
DPTR FM NORMAL 0 [PRESSURE DATA]
TOTAL FM JAN 1 410 HIGHEST SLP 30.63 ON 25
DPTR FM NORMAL 185 LOWEST SLP 29.64 ON 16
[REMARKS]
MEAN TEMPERATURE 38.9 DEGREES WAS 2ND WARMEST FOR NOVEMBER
MONTHLY PRESIPITATION 0.16" TIED 1999 AND 2000 FOR 7TH WETTEST
#FINAL-11-21#