000
CXUS55 KPIH 012235 RRA
CF6RXE
PRELIMINARY LOCAL CLIMATOLOGICAL DATA (WS FORM: F-6)
STATION: REXBURG
MONTH: JULY
YEAR: 2022
LATITUDE: 43 49 N
LONGITUDE: 111 48 W
TEMPERATURE IN F: :PCPN: SNOW: WIND :SUNSHINE: SKY :PK WND
================================================================================
1 2 3 4 5 6A 6B 7 8 9 10 11 12 13 14 15 16 17 18
12Z AVG MX 2MIN
DY MAX MIN AVG DEP HDD CDD WTR SNW DPTH SPD SPD DIR MIN PSBL S-S WX SPD DR
================================================================================
1 90 52 71 7 0 6 0.00 M M 8.3 21 180 M M 0 32 180
2 91 51 71 6 0 6 0.04 M M 8.6 31 230 M M 1 3 44 210
3 87 58 73 8 0 8 0.00 M M 8.3 21 230 M M 0 29 220
4 86 59 73 8 0 8 0.00 M M 6.0 16 230 M M 1 29 230
5 87 52 70 4 0 5 0.00 M M 5.2 12 230 M M 0 20 220
6 92 54 73 7 0 8 0.00 M M 6.0 15 230 M M 0 21 220
7 93 58 76 10 0 11 0.00 M M 6.6 16 240 M M 0 22 240
8 94 55 75 8 0 10 0.00 M M 6.6 16 230 M M 0 23 210
9 96 55 76 9 0 11 0.00 M M 8.0 22 230 M M 0 28 230
10 89 53 71 4 0 6 0.00 M M 9.8 24 200 M M 0 40 200
11 88 53 71 3 0 6 0.00 M M 2.6 9 60 M M 0 8 13 290
12 93 52 73 5 0 8 0.00 M M 4.2 12 230 M M 0 16 210
13 96 54 75 7 0 10 T M M 7.2 30 210 M M 0 48 200
14 95 60 78 10 0 13 T M M 6.0 22 30 M M 0 33 20
15 90 58 74 6 0 9 0.00 M M 7.7 20 230 M M 0 31 240
16 95 58 77 8 0 12 0.00 M M 5.8 15 60 M M 0 19 60
17 96 57 77 8 0 12 T M M 4.1 14 280 M M 0 22 280
18 91 64 78 9 0 13 T M M 11.6 33 230 M M 1 49 220
19 88 46 67 -2 0 2 0.00 M M 6.5 15 170 M M 0 23 180
20 93 53 73 3 0 8 0.00 M M 6.6 14 180 M M 0 20 220
21 92 55 74 4 0 9 0.00 M M 3.8 15 200 M M 0 23 200
22 96 54 75 5 0 10 0.00 M M 7.9 20 210 M M 0 28 200
23 91 54 73 3 0 8 0.00 M M 5.5 13 200 M M 0 18 190
24 92 51 72 2 0 7 0.00 M M 7.9 21 190 M M 0 32 190
25 87 51 69 -1 0 4 0.00 M M 3.7 10 180 M M 0 17 210
26 92 52 72 2 0 7 0.00 M M 4.5 12 260 M M 0 19 220
27 93 55 74 4 0 9 0.00 M M 3.7 10 30 M M 0 18 60
28 95 61 78 8 0 13 0.00 M M 3.7 12 60 M M 1 16 60
29 95 58 77 7 0 12 0.00 M M 4.0 20 300 M M 0 32 300
30 94 57 76 6 0 11 0.00 M M 3.6 10 210 M M 0 15 210
31 96 55 76 6 0 11 0.00 M M 4.3 12 230 M M 0 20 180
================================================================================
SM 2853 1705 0 273 0.04 M 188.3 M 4
================================================================================
AV 92.0 55.0 6.1 FASTST M M 0 MAX(MPH)
MISC ----> 33 230 49 220
================================================================================
NOTES:
# LAST OF SEVERAL OCCURRENCES
COLUMN 17 PEAK WIND IN M.P.H.
PRELIMINARY LOCAL CLIMATOLOGICAL DATA (WS FORM: F-6) , PAGE 2
STATION: REXBURG
MONTH: JULY
YEAR: 2022
LATITUDE: 43 49 N
LONGITUDE: 111 48 W
[TEMPERATURE DATA] [PRECIPITATION DATA] SYMBOLS USED IN COLUMN 16
AVERAGE MONTHLY: 73.5 TOTAL FOR MONTH: 0.04 1 = FOG OR MIST
DPTR FM NORMAL: 5.3 DPTR FM NORMAL: -0.34 2 = FOG REDUCING VISIBILITY
HIGHEST: 96 ON 31,22 GRTST 24HR 0.04 ON 2- 2 TO 1/4 MILE OR LESS
LOWEST: 46 ON 19 3 = THUNDER
SNOW, ICE PELLETS, HAIL 4 = ICE PELLETS
TOTAL MONTH: M 5 = HAIL
GRTST 24HR M ON M 6 = FREEZING RAIN OR DRIZZLE
GRTST DEPTH: M ON M 7 = DUSTSTORM OR SANDSTORM:
VSBY 1/2 MILE OR LESS
8 = SMOKE OR HAZE
[NO. OF DAYS WITH] [WEATHER - DAYS WITH] 9 = BLOWING SNOW
X = TORNADO
MAX 32 OR BELOW: 0 0.01 INCH OR MORE: 1
MAX 90 OR ABOVE: 24 0.10 INCH OR MORE: 0
MIN 32 OR BELOW: 0 0.50 INCH OR MORE: 0
MIN 0 OR BELOW: 0 1.00 INCH OR MORE: 0
[HDD (BASE 65) ]
TOTAL THIS MO. 0 CLEAR (SCALE 0-3) 31
DPTR FM NORMAL -23 PTCLDY (SCALE 4-7) 0
TOTAL FM JUL 1 0 CLOUDY (SCALE 8-10) 0
DPTR FM NORMAL -19
[CDD (BASE 65) ]
TOTAL THIS MO. 273
DPTR FM NORMAL 151 [PRESSURE DATA]
TOTAL FM JAN 1 323 HIGHEST SLP 30.17 ON 11
DPTR FM NORMAL 175 LOWEST SLP 29.64 ON 3
[REMARKS]
#FINAL-07-22#