000
CXUS55 KPIH 020634
CF6RXE
PRELIMINARY LOCAL CLIMATOLOGICAL DATA (WS FORM: F-6)
STATION: REXBURG
MONTH: JULY
YEAR: 2021
LATITUDE: 43 49 N
LONGITUDE: 111 48 W
TEMPERATURE IN F: :PCPN: SNOW: WIND :SUNSHINE: SKY :PK WND
================================================================================
1 2 3 4 5 6A 6B 7 8 9 10 11 12 13 14 15 16 17 18
12Z AVG MX 2MIN
DY MAX MIN AVG DEP HDD CDD WTR SNW DPTH SPD SPD DIR MIN PSBL S-S WX SPD DR
================================================================================
1 90 57 74 10 0 9 0.00 M M 4.6 18 10 M M 0 3 29 360
2 90 57 74 9 0 9 0.00 M M 3.7 20 260 M M 0 3 29 250
3 93 56 75 10 0 10 0.00 M M 4.6 13 170 M M 0 19 160
4 92 60 76 11 0 11 0.03 M M 4.7 28 280 M M 0 3 46 310
5 86 62 74 8 0 9 0.01 M M 6.5 12 60 M M 4 3 19 160
6 92 55 74 8 0 9 0.00 M M 5.0 12 150 M M 0 16 150
7 97 56 77 11 0 12 T M M 4.9 24 290 M M 0 3 39 290
8 92 56 74 7 0 9 0.00 M M 8.1 17 200 M M 0 23 190
9 90 52 71 4 0 6 0.00 M M 7.7 18 200 M M 0 27 220
10 89 51 70 3 0 5 0.00 M M 3.9 9 60 M M 0 12 50
11 94 50 72 4 0 7 0.00 M M 5.1 14 200 M M 0 24 210
12 93 55 74 6 0 9 0.00 M M 4.5 12 230 M M 0 16 240
13 90 56 73 5 0 8 0.00 M M 5.8 16 200 M M 1 8 25 200
14 88 55 72 4 0 7 0.00 M M 3.8 9 190 M M 0 13 170
15 91 51 71 3 0 6 0.00 M M 5.3 20 160 M M 0 3 31 160
16 91 54 73 4 0 8 0.00 M M 7.2 24 180 M M 0 37 180
17 93 53 73 4 0 8 0.00 M M 5.9 18 220 M M 0 28 220
18 98 53 76 7 0 11 0.00 M M 3.3 9 20 M M 0 13 80
19 92 58 75 6 0 10 T M M 6.2 18 240 M M 2 27 270
20 91 64 78 8 0 13 M M M 5.4 20 160 M M 4 3 27 160
21 91 58 75 5 0 10 T M M 4.9 33 240 M M 1 47 240
22 91 63 77 7 0 12 0.01 M M 8.9 32 260 M M 2 44 260
23 89 55 72 2 0 7 0.00 M M 5.6 12 210 M M 0 17 200
24 89 52 71 1 0 6 0.00 M M 4.0 10 210 M M 0 17 210
25 91 50 71 1 0 6 0.00 M M 3.4 10 250 M M 0 17 220
26 95 52 74 4 0 9 0.00 M M 3.0 9 60 M M 0 8 13 50
27 92 54 73 3 0 8 0.00 M M 3.0 13 230 M M 0 17 240
28 83 65 74 4 0 9 0.02 M M 4.9 17 60 M M 2 3 25 90
29 91 59 75 5 0 10 0.00 M M 5.5 22 30 M M 1 32 20
30 91 57 74 4 0 9 0.01 M M 6.7 25 180 M M 2 3 38 180
31 82 64 73 3 0 8 0.34 M M 5.3 16 30 M M 6 1 23 50
================================================================================
SM 2817 1740 0 270 0.42 M 161.4 M 25
================================================================================
AV 90.9 56.1 5.2 FASTST M M 1 MAX(MPH)
MISC ----> 33 240 47 240
================================================================================
NOTES:
# LAST OF SEVERAL OCCURRENCES
COLUMN 17 PEAK WIND IN M.P.H.
20TH: ERRORS ON PRECIPITATION GAUGE DURING THUNDERSTORM EVENT FROM 1823 LST
TO 1953 LST. ETS FOUND FUNNEL CLOGGED WITH DEBRIS. ESTIMATED 0.11 INCHES
OF WATER EQUIVALENT CAPTURED IN THE FUNNEL ON THE 21ST.
31ST: GRASSHOPPER CLOGGED RAINFALL GAUGE AND 0.33 FELL THROUGH AFTER
IT WAS UNCLOGGED ON AUGUST 1ST. RAINFALL OF THAT AMOUNT ADDED
TO DAILY TOTAL ON JULY 31ST.
PRELIMINARY LOCAL CLIMATOLOGICAL DATA (WS FORM: F-6) , PAGE 2
STATION: REXBURG
MONTH: JULY
YEAR: 2021
LATITUDE: 43 49 N
LONGITUDE: 111 48 W
[TEMPERATURE DATA] [PRECIPITATION DATA] SYMBOLS USED IN COLUMN 16
AVERAGE MONTHLY: 73.5 TOTAL FOR MONTH: 0.42 1 = FOG OR MIST
DPTR FM NORMAL: 5.3 DPTR FM NORMAL: 0.04 2 = FOG REDUCING VISIBILITY
HIGHEST: 98 ON 18 GRTST 24HR 0.34 ON 31-31 TO 1/4 MILE OR LESS
LOWEST: 50 ON 25,11 3 = THUNDER
SNOW, ICE PELLETS, HAIL 4 = ICE PELLETS
TOTAL MONTH: M 5 = HAIL
GRTST 24HR M ON M 6 = FREEZING RAIN OR DRIZZLE
GRTST DEPTH: M ON M 7 = DUSTSTORM OR SANDSTORM:
VSBY 1/2 MILE OR LESS
8 = SMOKE OR HAZE
[NO. OF DAYS WITH] [WEATHER - DAYS WITH] 9 = BLOWING SNOW
X = TORNADO
MAX 32 OR BELOW: 0 0.01 INCH OR MORE: 6
MAX 90 OR ABOVE: 24 0.10 INCH OR MORE: 0
MIN 32 OR BELOW: 0 0.50 INCH OR MORE: 0
MIN 0 OR BELOW: 0 1.00 INCH OR MORE: 0
[HDD (BASE 65) ]
TOTAL THIS MO. 0 CLEAR (SCALE 0-3) 28
DPTR FM NORMAL -23 PTCLDY (SCALE 4-7) 3
TOTAL FM JUL 1 0 CLOUDY (SCALE 8-10) 0
DPTR FM NORMAL -19
[CDD (BASE 65) ]
TOTAL THIS MO. 270
DPTR FM NORMAL 148 [PRESSURE DATA]
TOTAL FM JAN 1 398 HIGHEST SLP 30.24 ON 31
DPTR FM NORMAL 250 LOWEST SLP 29.74 ON 7
[REMARKS]
#FINAL-07-21#