000
CXUS55 KPIH 011329
CF6RXE
PRELIMINARY LOCAL CLIMATOLOGICAL DATA (WS FORM: F-6)
STATION: REXBURG ID
MONTH: DECEMBER
YEAR: 2020
LATITUDE: 43 49 N
LONGITUDE: 111 48 W
TEMPERATURE IN F: :PCPN: SNOW: WIND :SUNSHINE: SKY :PK WND
================================================================================
1 2 3 4 5 6A 6B 7 8 9 10 11 12 13 14 15 16 17 18
12Z AVG MX 2MIN
DY MAX MIN AVG DEP HDD CDD WTR SNW DPTH SPD SPD DIR MIN PSBL S-S WX SPD DR
================================================================================
1 30 10 20 -4 45 0 0.00 M M 6.8 14 210 M M 3 17 220
2 32 5 19 -4 46 0 T M M 3.7 10 70 M M 2 128 13 70
3 28 3 16 -7 49 0 0.00 M M 3.0 6 60 M M 0 8 60
4 32 4 18 -4 47 0 0.00 M M 2.7 7 30 M M 0 9 20
5 38 7 23 1 42 0 0.00 M M 2.5 8 20 M M 0 11 70
6 37 8 23 1 42 0 0.00 M M 2.5 7 90 M M 0 10 80
7 35 4 20 -2 45 0 0.00 M M 2.5 8 170 M M 0 10 200
8 36 7 22 0 43 0 0.00 M M 3.4 6 40 M M 1 8 8 60
9 37 7 22 1 43 0 0.00 M M 3.1 8 200 M M 0 8 12 210
10 33 9 21 0 44 0 0.00 M M 3.3 9 200 M M 1 13 200
11 29 9 19 -2 46 0 0.05 M M 6.4 17 220 M M 9 18 27 230
12 23 1 12 -9 53 0 0.04 M M 3.7 12 220 M M 6 128 15 230
13 24 -3 11 -10 54 0 0.12 M M 4.2 8 50 M M 8 1 10 90
14 25 21 23 3 42 0 0.08 M M 2.5 12 200 M M 10 18 15 210
15 25 17 21 1 44 0 0.06 M M 2.8 10 230 M M 10 18 15 230
16 28 22 25 5 40 0 0.05 M M 2.9 8 240 M M 10 168 11 240
17 33 26 30 10 35 0 0.13 M M 3.5 9 240 M M 10 18 12 210
18 30 24 27 7 38 0 0.00 M M 8.0 17 220 M M 10 12 25 240
19 29 24 27 7 38 0 0.00 M M 3.6 14 230 M M 10 19 220
20 37 25 31 11 34 0 0.08 M M 5.8 21 210 M M 10 16 35 200
21 38 28 33 13 32 0 0.00 M M 2.6 8 30 M M 8 18 13 220
22 42 21 32 12 33 0 0.08 M M 9.1 38 210 M M 4 12 57 220
23 22 1 12 -8 53 0 0.00 M M 3.3 8 20 M M 1 8 12 330
24 25 1 13 -7 52 0 0.00 M M 3.5 7 40 M M 0 10 80
25 26 2 14 -6 51 0 0.00 M M 3.5 8 10 M M 2 10 100
26 30 21 26 6 39 0 0.25 M M 2.9 9 250 M M 10 12 14 210
27 28 5 17 -3 48 0 0.04 M M 6.3 16 200 M M 8 128 22 200
28 21 -4 9 -11 56 0 0.00 M M 2.8 8 40 M M 1 18 11 40
29 16 -8 4 -16 61 0 T M M 2.9 8 70 M M 7 18 10 40
30 17 9 13 -7 52 0 0.07 M M 1.3 6 50 M M 9 1 7 50
31 28 17 23 3 42 0 T M M 2.3 7 30 M M 10 1 9 280
================================================================================
SM 914 323 1389 0 1.05 M 117.4 M 160
================================================================================
AV 29.5 10.4 3.8 FASTST M M 5 MAX(MPH)
MISC ----> 38 210 57 220
================================================================================
NOTES:
# LAST OF SEVERAL OCCURRENCES
PRECIPITATION AMOUNTS ARE SUSPECT DURING FREEZING/FROZEN EVENTS
COLUMN 17 PEAK WIND IN M.P.H.
PRELIMINARY LOCAL CLIMATOLOGICAL DATA (WS FORM: F-6) , PAGE 2
STATION: REXBURG ID
MONTH: DECEMBER
YEAR: 2020
LATITUDE: 43 49 N
LONGITUDE: 111 48 W
[TEMPERATURE DATA] [PRECIPITATION DATA] SYMBOLS USED IN COLUMN 16
AVERAGE MONTHLY: 20.0 TOTAL FOR MONTH: 1.05 1 = FOG OR MIST
DPTR FM NORMAL: -0.8 DPTR FM NORMAL: -0.01 2 = FOG REDUCING VISIBILITY
HIGHEST: 42 ON 22 GRTST 24HR 0.29 ON 26-27 TO 1/4 MILE OR LESS
LOWEST: -8 ON 29 3 = THUNDER
SNOW, ICE PELLETS, HAIL 4 = ICE PELLETS
TOTAL MONTH: M 5 = HAIL
GRTST 24HR M ON M 6 = FREEZING RAIN OR DRIZZLE
GRTST DEPTH: M ON M 7 = DUSTSTORM OR SANDSTORM:
VSBY 1/2 MILE OR LESS
8 = SMOKE OR HAZE
[NO. OF DAYS WITH] [WEATHER - DAYS WITH] 9 = BLOWING SNOW
X = TORNADO
MAX 32 OR BELOW: 21 0.01 INCH OR MORE: 12
MAX 90 OR ABOVE: 0 0.10 INCH OR MORE: 3
MIN 32 OR BELOW: 31 0.50 INCH OR MORE: 0
MIN 0 OR BELOW: 3 1.00 INCH OR MORE: 0
[HDD (BASE 65) ]
TOTAL THIS MO. 1389 CLEAR (SCALE 0-3) 14
DPTR FM NORMAL 19 PTCLDY (SCALE 4-7) 5
TOTAL FM JUL 1 3156 CLOUDY (SCALE 8-10) 12
DPTR FM NORMAL -226
[CDD (BASE 65) ]
TOTAL THIS MO. 0
DPTR FM NORMAL 0 [PRESSURE DATA]
TOTAL FM JAN 1 349 HIGHEST SLP 30.86 ON 24
DPTR FM NORMAL 141 LOWEST SLP 29.65 ON 22
[REMARKS]
#FINAL-12-20#