000
CXUS55 KTWC 010855
CF6SAD
PRELIMINARY LOCAL CLIMATOLOGICAL DATA (WS FORM: F-6)
STATION: SAFFORD AZ AIRPORT
MONTH: JULY
YEAR: 2022
LATITUDE: 32 50 N
LONGITUDE: 109 38 W
TEMPERATURE IN F: :PCPN: SNOW: WIND :SUNSHINE: SKY :PK WND
================================================================================
1 2 3 4 5 6A 6B 7 8 9 10 11 12 13 14 15 16 17 18
12Z AVG MX 2MIN
DY MAX MIN AVG DEP HDD CDD WTR SNW DPTH SPD SPD DIR MIN PSBL S-S WX SPD DR
================================================================================
1 95 72 84 -2 0 19 0.00 M M 7.3 23 330 M M M 32 330
2 98 74 86 0 0 21 0.00 M M 6.9 17 290 M M M 25 260
3 96 73 85 -1 0 20 0.02 M M 8.3 20 200 M M M 3 24 90
4 93 77 85 -1 0 20 0.00 M M 6.5 18 250 M M 1 3 23 250
5 99 73 86 0 0 21 0.00 M M 8.8 23 290 M M 1 29 290
6 100 71 86 0 0 21 0.00 M M 8.0 17 270 M M 0 23 270
7 103 66 85 -1 0 20 0.00 M M 7.9 18 300 M M 0 25 310
8 105 71 88 2 0 23 0.10 M M 8.1 36 140 M M 1 3 48 140
9 103 72 88 2 0 23 0.08 M M 8.4 36 110 M M 1 13 50 120
10 101 68 85 -1 0 20 0.00 M M 6.7 16 270 M M 0 20 90
11 106 76 91 5 0 26 T M M 9.1 33 30 M M 0 3 46 20
12 102 80 91 5 0 26 0.00 M M 8.8 23 280 M M 0 3 33 300
13 104 74 89 3 0 24 T M M 8.2 22 110 M M 1 31 120
14 104 75 90 4 0 25 0.00 M M 8.5 28 290 M M 1 3 36 290
15 106 73 90 4 0 25 0.00 M M 7.8 21 200 M M 0 28 190
16 106 76 91 5 0 26 0.00 M M 7.1 24 280 M M 0 3 36 270
17 107 74 91 5 0 26 0.00 M M 7.6 22 310 M M 0 30 300
18 105 80 93 7 0 28 0.00 M M 13.3 24 270 M M 0 31 280
19 108 83 96 10 0 31 0.00 M M 14.5 29 340 M M 0 3 38 350
20 105 84 95 9 0 30 0.00 M M 14.7 28 320 M M 0 36 330
21 105 79 92 6 0 27 0.00 M M 9.4 20 360 M M 0 26 350
22 108 81 95 9 0 30 T M M 9.5 31 60 M M 1 3 43 350
23 102 76 89 3 0 24 T M M 8.4 24 150 M M 1 3 32 140
24 98 73 86 0 0 21 0.13 M M 6.5 21 150 M M 1 3 30 140
25 96 66 81 -5 0 16 1.82 M M 7.7 29 90 M M 2 13 40 160
26 92 67 80 -6 0 15 0.05 M M 8.1 22 220 M M 2 3 28 240
27 90 69 80 -6 0 15 0.00 M M 6.5 20 290 M M 1 26 280
28 93 69 81 -4 0 16 0.00 M M 7.9 20 280 M M 2 26 270
29 93 68 81 -4 0 16 0.46 M M 7.1 29 190 M M 2 13 37 190
30 98 69 84 -1 0 19 0.16 M M 7.6 24 250 M M 2 13 40 240
31 96 67 82 -3 0 17 0.06 M M 6.4 22 310 M M 1 1 30 300
================================================================================
SM 3117 2276 0 691 2.88 M 261.6 M 21
================================================================================
AV100.5 73.4 8.4 FASTST M M 1 MAX(MPH)
MISC ----> # 36 140 50 120
================================================================================
NOTES:
# LAST OF SEVERAL OCCURRENCES
COLUMN 17 PEAK WIND IN M.P.H.
PRELIMINARY LOCAL CLIMATOLOGICAL DATA (WS FORM: F-6) , PAGE 2
STATION: SAFFORD AZ AIRPORT
MONTH: JULY
YEAR: 2022
LATITUDE: 32 50 N
LONGITUDE: 109 38 W
[TEMPERATURE DATA] [PRECIPITATION DATA] SYMBOLS USED IN COLUMN 16
AVERAGE MONTHLY: 87.0 TOTAL FOR MONTH: 2.88 1 = FOG OR MIST
DPTR FM NORMAL: 1.1 DPTR FM NORMAL: 1.55 2 = FOG REDUCING VISIBILITY
HIGHEST: 108 ON 22,19 GRTST 24HR 1.87 ON 25-26 TO 1/4 MILE OR LESS
LOWEST: 66 ON 25, 7 3 = THUNDER
SNOW, ICE PELLETS, HAIL 4 = ICE PELLETS
TOTAL MONTH: M 5 = HAIL
GRTST 24HR M ON M 6 = FREEZING RAIN OR DRIZZLE
GRTST DEPTH: M ON M 7 = DUSTSTORM OR SANDSTORM:
VSBY 1/2 MILE OR LESS
8 = SMOKE OR HAZE
[NO. OF DAYS WITH] [WEATHER - DAYS WITH] 9 = BLOWING SNOW
X = TORNADO
MAX 32 OR BELOW: 0 0.01 INCH OR MORE: 9
MAX 90 OR ABOVE: 31 0.10 INCH OR MORE: 5
MIN 32 OR BELOW: 0 0.50 INCH OR MORE: 1
MIN 0 OR BELOW: 0 1.00 INCH OR MORE: 1
[HDD (BASE 65) ]
TOTAL THIS MO. 0 CLEAR (SCALE 0-3) 28
DPTR FM NORMAL 0 PTCLDY (SCALE 4-7) 0
TOTAL FM JUL 1 0 CLOUDY (SCALE 8-10) 3
DPTR FM NORMAL 0
[CDD (BASE 65) ]
TOTAL THIS MO. 691
DPTR FM NORMAL 42 [PRESSURE DATA]
TOTAL FM JAN 1 1680 HIGHEST SLP M ON M
DPTR FM NORMAL 125 LOWEST SLP 29.58 ON 22
[REMARKS]
#FINAL-07-22#