921
CXUS56 KSGX 011245
CF6SAN
PRELIMINARY LOCAL CLIMATOLOGICAL DATA (WS FORM: F-6)
STATION: SAN DIEGO INTL AIRPORT CA
MONTH: JUNE
YEAR: 2020
LATITUDE: 32 43 N
LONGITUDE: 117 10 W
TEMPERATURE IN F: :PCPN: SNOW: WIND :SUNSHINE: SKY :PK WND
================================================================================
1 2 3 4 5 6A 6B 7 8 9 10 11 12 13 14 15 16 17 18
12Z AVG MX 2MIN
DY MAX MIN AVG DEP HDD CDD WTR SNW DPTH SPD SPD DIR MIN PSBL S-S WX SPD DR
================================================================================
1 75 62 69 4 0 4 0.00 0.0 0 5.8 16 300 M M 7 22 300
2 75 63 69 4 0 4 0.00 0.0 0 4.9 12 210 M M 8 19 200
3 80 66 73 8 0 8 0.00 0.0 0 7.2 14 280 M M 7 22 190
4 70 63 67 2 0 2 0.00 0.0 0 6.6 13 200 M M 10 18 22 200
5 73 65 69 4 0 4 T 0.0 0 7.8 15 230 M M 10 26 210
6 71 64 68 3 0 3 0.06 0.0 0 6.5 14 280 M M 8 1 19 260
7 73 62 68 3 0 3 0.00 0.0 0 6.6 16 280 M M 5 20 300
8 82 58 70 5 0 5 0.00 0.0 0 6.6 20 310 M M 1 29 330
9 93 59 76 10 0 11 0.00 0.0 0 5.8 17 350 M M 2 22 330
10 89 62 76 10 0 11 0.00 0.0 0 3.5 13 280 M M 4 16 300
11 75 62 69 3 0 4 0.00 0.0 0 4.8 12 220 M M 3 21 190
12 71 63 67 1 0 2 0.00 0.0 0 5.5 15 270 M M 6 8 21 190
13 73 63 68 2 0 3 0.00 0.0 0 5.8 16 280 M M 4 20 270
14 72 64 68 2 0 3 0.00 0.0 0 6.5 12 230 M M 3 22 210
15 72 65 69 3 0 4 0.00 0.0 0 6.7 13 220 M M 7 23 200
16 71 64 68 2 0 3 0.00 0.0 0 7.4 13 220 M M 9 26 220
17 70 63 67 1 0 2 0.00 0.0 0 8.1 13 220 M M 7 24 170
18 70 63 67 0 0 2 0.00 0.0 0 7.4 13 230 M M 7 25 200
19 72 65 69 2 0 4 0.00 0.0 0 6.9 16 280 M M 9 22 240
20 71 64 68 1 0 3 0.00 0.0 0 7.2 15 280 M M 10 8 20 280
21 69 65 67 0 0 2 0.00 0.0 0 5.7 13 270 M M 9 17 270
22 71 65 68 1 0 3 0.00 0.0 0 5.9 13 270 M M 8 24 210
23 72 64 68 1 0 3 0.00 0.0 0 5.8 13 290 M M 9 18 290
24 68 64 66 -2 0 1 0.00 0.0 0 4.7 13 260 M M 10 16 250
25 70 63 67 -1 0 2 0.00 0.0 0 5.7 12 210 M M 8 20 210
26 74 64 69 1 0 4 0.00 0.0 0 5.7 13 290 M M 5 18 290
27 73 65 69 1 0 4 0.00 0.0 0 5.0 12 220 M M 8 18 20 220
28 72 63 68 0 0 3 T 0.0 0 7.3 12 260 M M 9 1 21 220
29 70 62 66 -2 0 1 0.08 0.0 0 5.8 14 230 M M 8 18 24 200
30 73 63 68 0 0 3 0.00 0.0 0 5.9 17 270 M M 8 22 280
================================================================================
SM 2210 1898 0 111 0.14 0.0 185.1 M 209
================================================================================
AV 73.7 63.3 6.2 FASTST M M 7 MAX(MPH)
MISC ----> # 20 310 # 29 330
================================================================================
NOTES:
# LAST OF SEVERAL OCCURRENCES
COLUMN 17 PEAK WIND IN M.P.H.
PRELIMINARY LOCAL CLIMATOLOGICAL DATA (WS FORM: F-6) , PAGE 2
STATION: SAN DIEGO INTL AIRPORT CA
MONTH: JUNE
YEAR: 2020
LATITUDE: 32 43 N
LONGITUDE: 117 10 W
[TEMPERATURE DATA] [PRECIPITATION DATA] SYMBOLS USED IN COLUMN 16
AVERAGE MONTHLY: 68.5 TOTAL FOR MONTH: 0.14 1 = FOG OR MIST
DPTR FM NORMAL: 2.1 DPTR FM NORMAL: 0.07 2 = FOG REDUCING VISIBILITY
HIGHEST: 93 ON 9 GRTST 24HR 0.08 ON 29-29 TO 1/4 MILE OR LESS
LOWEST: 58 ON 8 3 = THUNDER
SNOW, ICE PELLETS, HAIL 4 = ICE PELLETS
TOTAL MONTH: 0.0 INCH 5 = HAIL
GRTST 24HR 0.0 6 = FREEZING RAIN OR DRIZZLE
GRTST DEPTH: 0 7 = DUSTSTORM OR SANDSTORM:
VSBY 1/2 MILE OR LESS
8 = SMOKE OR HAZE
[NO. OF DAYS WITH] [WEATHER - DAYS WITH] 9 = BLOWING SNOW
X = TORNADO
MAX 32 OR BELOW: 0 0.01 INCH OR MORE: 2
MAX 90 OR ABOVE: 1 0.10 INCH OR MORE: 0
MIN 32 OR BELOW: 0 0.50 INCH OR MORE: 0
MIN 0 OR BELOW: 0 1.00 INCH OR MORE: 0
[HDD (BASE 65) ]
TOTAL THIS MO. 0 CLEAR (SCALE 0-3) 2
DPTR FM NORMAL -18 PTCLDY (SCALE 4-7) 19
TOTAL FM JUL 1 791 CLOUDY (SCALE 8-10) 9
DPTR FM NORMAL -434
[CDD (BASE 65) ]
TOTAL THIS MO. 111
DPTR FM NORMAL 51 [PRESSURE DATA]
TOTAL FM JAN 1 300 HIGHEST SLP 30.09 ON 12
DPTR FM NORMAL 191 LOWEST SLP 29.82 ON 28
[REMARKS]
#FINAL-06-20#