678
CXUS56 KLOX 011255
CF6SBA
PRELIMINARY LOCAL CLIMATOLOGICAL DATA (WS FORM: F-6)
STATION: SANTA BARBARA AIRPORT CA
MONTH: FEBRUARY
YEAR: 2021
LATITUDE: 34 25 N
LONGITUDE: 119 50 W
TEMPERATURE IN F: :PCPN: SNOW: WIND :SUNSHINE: SKY :PK WND
================================================================================
1 2 3 4 5 6A 6B 7 8 9 10 11 12 13 14 15 16 17 18
12Z AVG MX 2MIN
DY MAX MIN AVG DEP HDD CDD WTR SNW DPTH SPD SPD DIR MIN PSBL S-S WX SPD DR
================================================================================
1 66 45 56 3 9 0 0.00 M M 4.5 16 170 M M 1 46 150
2 67 40 54 1 11 0 0.00 M M 3.2 13 260 M M 0 16 260
3 69 44 57 4 8 0 0.00 M M 4.8 20 250 M M 1 23 250
4 63 37 50 -3 15 0 0.00 M M 3.0 10 250 M M 0 12 250
5 66 38 52 -1 13 0 0.00 M M 2.8 9 40 M M 0 11 220
6 68 38 53 0 12 0 0.00 M M 3.0 10 230 M M 0 13 240
7 60 38 49 -4 16 0 0.00 M M 3.6 10 140 M M 3 12 12 160
8 57 49 53 0 12 0 0.00 M M 4.3 9 210 M M 8 18 13 220
9 59 49 54 1 11 0 0.00 M M 3.8 14 270 M M 9 17 270
10 61 41 51 -2 14 0 0.00 M M 3.5 10 140 M M 0 1 13 140
11 59 42 51 -2 14 0 0.00 M M 3.5 16 150 M M 3 18 21 170
12 71 49 60 6 5 0 T M M 9.2 23 270 M M 3 30 270
13 68 47 58 4 7 0 0.00 M M 13.8 26 260 M M 1 37 270
14 71 43 57 3 8 0 0.00 M M 8.7 21 270 M M 0 27 270
15 67 47 57 3 8 0 0.00 M M 7.5 21 200 M M 0 30 200
16 72 47 60 6 5 0 0.00 M M 10.8 26 250 M M 0 35 250
17 73 43 58 4 7 0 0.00 M M 10.5 24 20 M M 0 29 10
18 66 40 53 -1 12 0 0.00 M M 4.5 14 270 M M 0 16 260
19 63 37 50 -4 15 0 0.00 M M 3.5 13 20 M M 0 18 30
20 70 45 58 4 7 0 0.00 M M 11.6 24 330 M M 0 34 320
21 68 38 53 -1 12 0 0.00 M M 4.4 23 10 M M 0 29 10
22 75 37 56 2 9 0 0.00 M M 3.6 16 260 M M 0 20 270
23 75 39 57 3 8 0 0.00 M M 3.6 16 260 M M 1 19 260
24 70 41 56 2 9 0 0.00 M M 3.5 8 110 M M 0 18 12 210
25 66 39 53 -1 12 0 0.00 M M 3.8 14 270 M M 0 8 18 240
26 69 36 53 -1 12 0 0.00 M M 5.8 17 10 M M 0 20 20
27 76 43 60 5 5 0 0.00 M M 8.8 29 340 M M 0 33 340
28 68 38 53 -2 12 0 0.00 M M 3.1 13 270 M M 0 14 250
================================================================================
SM 1883 1170 288 0 T M 156.7 M 30
================================================================================
AV 67.3 41.8 5.6 FASTST M M 1 MAX(MPH)
MISC ----> 29 340 46 150
================================================================================
NOTES:
# LAST OF SEVERAL OCCURRENCES
COLUMN 17 PEAK WIND IN M.P.H.
PRELIMINARY LOCAL CLIMATOLOGICAL DATA (WS FORM: F-6) , PAGE 2
STATION: SANTA BARBARA AIRPORT CA
MONTH: FEBRUARY
YEAR: 2021
LATITUDE: 34 25 N
LONGITUDE: 119 50 W
[TEMPERATURE DATA] [PRECIPITATION DATA] SYMBOLS USED IN COLUMN 16
AVERAGE MONTHLY: 54.5 TOTAL FOR MONTH: T 1 = FOG OR MIST
DPTR FM NORMAL: 0.8 DPTR FM NORMAL: -3.96 2 = FOG REDUCING VISIBILITY
HIGHEST: 76 ON 27 GRTST 24HR T ON 12-12 TO 1/4 MILE OR LESS
LOWEST: 36 ON 26 3 = THUNDER
SNOW, ICE PELLETS, HAIL 4 = ICE PELLETS
TOTAL MONTH: M 5 = HAIL
GRTST 24HR M ON M 6 = FREEZING RAIN OR DRIZZLE
GRTST DEPTH: M ON M 7 = DUSTSTORM OR SANDSTORM:
VSBY 1/2 MILE OR LESS
8 = SMOKE OR HAZE
[NO. OF DAYS WITH] [WEATHER - DAYS WITH] 9 = BLOWING SNOW
X = TORNADO
MAX 32 OR BELOW: 0 0.01 INCH OR MORE: 0
MAX 90 OR ABOVE: 0 0.10 INCH OR MORE: 0
MIN 32 OR BELOW: 0 0.50 INCH OR MORE: 0
MIN 0 OR BELOW: 0 1.00 INCH OR MORE: 0
[HDD (BASE 65) ]
TOTAL THIS MO. 288 CLEAR (SCALE 0-3) 25
DPTR FM NORMAL -29 PTCLDY (SCALE 4-7) 2
TOTAL FM JUL 1 1336 CLOUDY (SCALE 8-10) 1
DPTR FM NORMAL -265
[CDD (BASE 65) ]
TOTAL THIS MO. 0
DPTR FM NORMAL 0 [PRESSURE DATA]
TOTAL FM JAN 1 0 HIGHEST SLP 30.35 ON 18
DPTR FM NORMAL 0 LOWEST SLP 29.84 ON 13
[REMARKS]
#FINAL-02-21#